000
CXUS53 KGRR 011017
CF6MKG
PRELIMINARY LOCAL CLIMATOLOGICAL DATA (WS FORM: F-6)

                                          STATION:   MUSKEGON MI
                                          MONTH:     APRIL
                                          YEAR:      2016
                                          LATITUDE:   43 10 N
                                          LONGITUDE:  86 14 W

  TEMPERATURE IN F:       :PCPN:    SNOW:  WIND      :SUNSHINE: SKY     :PK WND
================================================================================
1   2   3   4   5  6A  6B    7    8   9   10  11  12  13   14  15   16   17  18
                                     12Z  AVG MX 2MIN
DY MAX MIN AVG DEP HDD CDD  WTR  SNW DPTH SPD SPD DIR MIN PSBL S-S WX    SPD DR
================================================================================

 1  46  34  40  -1  25   0 0.02  0.0    0  9.7 21 220   M    M   8        28 200
 2  36  27  32  -9  33   0 0.10  2.0    0 13.5 30 330   M    M   8 12     37 330
 3  55  27  41  -1  24   0 0.01    T    T 13.2 28 180   M    M   8        39 170
 4  37  25  31 -11  34   0    T    T    0 10.9 18 350   M    M   8        25 340
 5  41  17  29 -13  36   0 0.03    T    0  6.2 18 130   M    M   3        23 120
 6  45  36  41  -2  24   0 0.60  0.0    0 10.9 21 140   M    M  10 18     27 140
 7  40  31  36  -7  29   0    T    T    0 14.7 25 340   M    M   9        35 330
 8  39  27  33 -11  32   0 0.04  0.4    0  7.2 21 350   M    M   8 1      26 360
 9  36  25  31 -13  34   0 0.00  0.0    T 10.4 20 280   M    M   6        27  10
10  45  30  38  -6  27   0 0.28    T    0 13.1 22 140   M    M  10 168    29 140
11  46  37  42  -3  23   0    T  0.0    0 13.1 24 290   M    M   7 12     32 290
12  43  29  36  -9  29   0 0.00  0.0    0  8.5 20 280   M    M   3        23 300
13  49  33  41  -5  24   0    T  0.0    0  4.7 13 240   M    M   9        15 240
14  63  34  49   3  16   0 0.00  0.0    0  8.4 18 100   M    M   4        23 120
15  70  37  54   8  11   0 0.00  0.0    0  7.9 17 130   M    M   1        22  90
16  77  46  62  15   3   0 0.00  0.0    0  6.8 13 250   M    M   0        16 120
17  78  45  62  15   3   0 0.00  0.0    0  4.8 12 240   M    M   2        14 260
18  76  34  55   7  10   0 0.00  0.0    0  3.5 10  10   M    M   6        12 260
19  62  51  57   9   8   0 0.00  0.0    0 12.4 21  80   M    M   6        27  70
20  69  51  60  12   5   0    T  0.0    0 12.7 22 110   M    M  10        28 120
21  60  49  55   6  10   0 0.24  0.0    0  6.1 14 120   M    M  10 128    17 120
22  63  45  54   5  11   0 0.00  0.0    0  8.8 17  20   M    M   6 12     22  20
23  56  36  46  -4  19   0 0.00  0.0    0  5.9 13 280   M    M   4        15 280
24  66  40  53   3  12   0 0.03  0.0    0  8.3 20 180   M    M   6        24 180
25  77  52  65  15   0   0 0.22  0.0    0 11.6 20 180   M    M   8 13     25 190
26  63  42  53   2  12   0 0.00  0.0    0  9.0 17  70   M    M   9 18     22  60
27  61  34  48  -3  17   0 0.00  0.0    0 10.7 23  70   M    M   5        27  70
28  51  37  44  -7  21   0 0.49  0.0    0 12.9 23  80   M    M  10        32  70
29  55  38  47  -5  18   0    T  0.0    0  6.7 15  70   M    M   8        20  60
30  55  37  46  -6  19   0 0.34  0.0    0  9.6 17  50   M    M   7 1      22 100
================================================================================
SM 1660 1086       569   0  2.40     2.4 282.2          M      199
================================================================================
AV 55.3 36.2                               9.4 FASTST   M    M   7    MAX(MPH)
                                 MISC ---->  # 30 330               # 39  170
================================================================================
NOTES:
# LAST OF SEVERAL OCCURRENCES

COLUMN 17 PEAK WIND IN M.P.H.

PRELIMINARY LOCAL CLIMATOLOGICAL DATA (WS FORM: F-6) , PAGE 2

                                          STATION:  MUSKEGON MI
                                          MONTH:    APRIL
                                          YEAR:     2016
                                          LATITUDE:   43 10 N
                                          LONGITUDE:  86 14 W

[TEMPERATURE DATA]      [PRECIPITATION DATA]       SYMBOLS USED IN COLUMN 16

AVERAGE MONTHLY: 45.8   TOTAL FOR MONTH:   2.40    1 = FOG OR MIST
DPTR FM NORMAL:  -0.8   DPTR FM NORMAL:   -0.51    2 = FOG REDUCING VISIBILITY
HIGHEST:    78 ON 17    GRTST 24HR  1.24 ON 31- 1      TO 1/4 MILE OR LESS
LOWEST:     17 ON  5                               3 = THUNDER
                        SNOW, ICE PELLETS, HAIL    4 = ICE PELLETS
                        TOTAL MONTH:   2.4 INCHES  5 = HAIL
                        GRTST 24HR   2.0 ON  2- 2  6 = FREEZING RAIN OR DRIZZLE
                        GRTST DEPTH:   0           7 = DUSTSTORM OR SANDSTORM:
                                                       VSBY 1/2 MILE OR LESS
                                                   8 = SMOKE OR HAZE
[NO. OF DAYS WITH]      [WEATHER - DAYS WITH]      9 = BLOWING SNOW
                                                   X = TORNADO
MAX 32 OR BELOW:   0    0.01 INCH OR MORE:  12
MAX 90 OR ABOVE:   0    0.10 INCH OR MORE:   7
MIN 32 OR BELOW:   9    0.50 INCH OR MORE:   1
MIN  0 OR BELOW:   0    1.00 INCH OR MORE:   0

[HDD (BASE 65) ]
TOTAL THIS MO.   569    CLEAR  (SCALE 0-3)   5
DPTR FM NORMAL    13    PTCLDY (SCALE 4-7)  17
TOTAL FM JUL 1  5364    CLOUDY (SCALE 8-10)  8
DPTR FM NORMAL  -854

[CDD (BASE 65) ]
TOTAL THIS MO.     0
DPTR FM NORMAL    -4    [PRESSURE DATA]
TOTAL FM JAN 1     0    HIGHEST SLP 30.53 ON  5
DPTR FM NORMAL    -4    LOWEST  SLP 29.46 ON  2

[REMARKS]
#FINAL-04-16#
