016
CXUS53 KGRR 011017
CF6MKG
PRELIMINARY LOCAL CLIMATOLOGICAL DATA (WS FORM: F-6)

                                          STATION:   MUSKEGON
                                          MONTH:     OCTOBER
                                          YEAR:      2017
                                          LATITUDE:   43 10 N
                                          LONGITUDE:  86 14 W

  TEMPERATURE IN F:       :PCPN:    SNOW:  WIND      :SUNSHINE: SKY     :PK WND
================================================================================
1   2   3   4   5  6A  6B    7    8   9   10  11  12  13   14  15   16   17  18
                                     12Z  AVG MX 2MIN
DY MAX MIN AVG DEP HDD CDD  WTR  SNW DPTH SPD SPD DIR MIN PSBL S-S WX    SPD DR
================================================================================

 1  71  39  55  -1  10   0 0.00  0.0    0  7.6 16 130   M    M   5        20 140
 2  82  50  66  10   0   1 0.00  0.0    0 10.6 21 170   M    M   6        26 170
 3  77  57  67  12   0   2    T  0.0    0 13.2 24 180   M    M   7        33 190
 4  70  50  60   5   5   0 0.01  0.0    0  9.7 21 190   M    M   6 1      27 190
 5  67  43  55   1  10   0 0.31  0.0    0  3.7 14 240   M    M   5 12     16 240
 6  71  55  63   9   2   0 0.11  0.0    0  7.3 16 130   M    M  10 1      20 140
 7  77  63  70  16   0   5 0.67  0.0    0 17.1 39 220   M    M  10 18     45 210
 8  74  53  64  11   1   0    T  0.0    0  8.4 25 250   M    M   3        33 250
 9  73  48  61   8   4   0 0.00  0.0    0  4.3 10 360   M    M   0 1      14 230
10  64  53  59   6   6   0 0.28  0.0    0  9.3 15  50   M    M   9 1      20  50
11  62  50  56   4   9   0 0.63  0.0    0 14.9 26  60   M    M   8 1      34  60
12  60  50  55   3  10   0 0.00  0.0    0  7.5 14 120   M    M  10        17  90
13  65  57  61   9   4   0 0.24  0.0    0  7.6 21 200   M    M  10 1      25 210
14  65  58  62  11   3   0 0.93  0.0    0  9.9 18 160   M    M  10 13     24 160
15  67  47  57   6   8   0 0.48  0.0    0 15.0 28 220   M    M   9 13     38 200
16  59  45  52   2  13   0 0.05  0.0    0  6.9 15 280   M    M   7 13     20 250
17  66  57  62  12   3   0 0.00  0.0    0 15.1 23 210   M    M   3        31 220
18  66  58  62  12   3   0 0.00  0.0    0 16.2 25 200   M    M   1        33 200
19  63  46  55   5  10   0 0.00  0.0    0  9.3 22 210   M    M   4        29 220
20  73  44  59  10   6   0 0.00  0.0    0  8.4 21 200   M    M   4        26 200
21  75  58  67  18   0   2 0.00  0.0    0 13.2 23 180   M    M   6        32 190
22  74  53  64  15   1   0 0.68  0.0    0 12.3 23 180   M    M   9 1      31 190
23  54  49  52   4  13   0 2.80  0.0    0  8.6 16 330   M    M  10 1      21 330
24  52  43  48   0  17   0 1.53  0.0    0 11.4 25 290   M    M  10 1      36 290
25  50  31  41  -7  24   0    T  0.0    0  6.7 21 300   M    M   6        29 310
26  55  29  42  -5  23   0 0.00  0.0    0  8.5 21 120   M    M   5        26 130
27  55  42  49   2  16   0    T  0.0    0 13.7 24 230   M    M  10        29 250
28  45  39  42  -5  23   0 0.45  0.0    0  9.5 22 230   M    M  10 1      28 230
29  48  36  42  -4  23   0    T  0.0    0  5.2 13 230   M    M   8        15 230
30  48  40  44  -2  21   0 0.03    T    0 13.1 26 290   M    M   9 14     39 300
31  41  37  39  -7  26   0 0.05    T    0 12.1 25 260   M    M   9 1      36 300
================================================================================
SM 1969 1480       294  10  9.25    T    316.3          M      219
================================================================================
AV 63.5 47.7                              10.2 FASTST   M    M   7    MAX(MPH)
                                 MISC ---->  # 39 220               # 45  210
================================================================================
NOTES:
# LAST OF SEVERAL OCCURRENCES

COLUMN 17 PEAK WIND IN M.P.H.

PRELIMINARY LOCAL CLIMATOLOGICAL DATA (WS FORM: F-6) , PAGE 2

                                          STATION:  MUSKEGON
                                          MONTH:    OCTOBER
                                          YEAR:     2017
                                          LATITUDE:   43 10 N
                                          LONGITUDE:  86 14 W

[TEMPERATURE DATA]      [PRECIPITATION DATA]       SYMBOLS USED IN COLUMN 16

AVERAGE MONTHLY: 55.6   TOTAL FOR MONTH:   9.25    1 = FOG OR MIST
DPTR FM NORMAL:   4.9   DPTR FM NORMAL:    6.14    2 = FOG REDUCING VISIBILITY
HIGHEST:    82 ON  2    GRTST 24HR  2.80 ON 23-23      TO 1/4 MILE OR LESS
LOWEST:     29 ON 26                               3 = THUNDER
                        SNOW, ICE PELLETS, HAIL    4 = ICE PELLETS
                        TOTAL MONTH:    T          5 = HAIL
                        GRTST 24HR    T  ON 31-31  6 = FREEZING RAIN OR DRIZZLE
                        GRTST DEPTH:   0           7 = DUSTSTORM OR SANDSTORM:
                                                       VSBY 1/2 MILE OR LESS
                                                   8 = SMOKE OR HAZE
[NO. OF DAYS WITH]      [WEATHER - DAYS WITH]      9 = BLOWING SNOW
                                                   X = TORNADO
MAX 32 OR BELOW:   0    0.01 INCH OR MORE:  16
MAX 90 OR ABOVE:   0    0.10 INCH OR MORE:  12
MIN 32 OR BELOW:   2    0.50 INCH OR MORE:   6
MIN  0 OR BELOW:   0    1.00 INCH OR MORE:   2

[HDD (BASE 65) ]
TOTAL THIS MO.   294    CLEAR  (SCALE 0-3)   3
DPTR FM NORMAL  -156    PTCLDY (SCALE 4-7)  13
TOTAL FM JUL 1   399    CLOUDY (SCALE 8-10) 15
DPTR FM NORMAL  -224

[CDD (BASE 65) ]
TOTAL THIS MO.    10
DPTR FM NORMAL     5    [PRESSURE DATA]
TOTAL FM JAN 1   615    HIGHEST SLP 30.36 ON  1
DPTR FM NORMAL    49    LOWEST  SLP 29.45 ON 24

[REMARKS]
#FINAL-10-17#
