382
CXUS53 KGRR 011017
CF6MKG
PRELIMINARY LOCAL CLIMATOLOGICAL DATA (WS FORM: F-6)

                                          STATION:   MUSKEGON MI
                                          MONTH:     JANUARY
                                          YEAR:      2016
                                          LATITUDE:   43 10 N
                                          LONGITUDE:  86 14 W

  TEMPERATURE IN F:       :PCPN:    SNOW:  WIND      :SUNSHINE: SKY     :PK WND
================================================================================
1   2   3   4   5  6A  6B    7    8   9   10  11  12  13   14  15   16   17  18
                                     12Z  AVG MX 2MIN
DY MAX MIN AVG DEP HDD CDD  WTR  SNW DPTH SPD SPD DIR MIN PSBL S-S WX    SPD DR
================================================================================

 1  33  25  29   2  36   0    T    T    4 14.5 26 250   M    M  10        34 250
 2  37  30  34   7  31   0 0.00  0.0    4 16.0 30 220   M    M   7        38 230
 3  35  28  32   6  33   0    T    T    4 12.3 22 340   M    M  10        29 320
 4  31  12  22  -4  43   0 0.02  0.3    4  8.8 20  40   M    M   5 8      28  40
 5  33  10  22  -4  43   0    T    T    4 11.4 22 210   M    M   8 8      27 220
 6  38  23  31   5  34   0 0.00  0.0    4 10.5 21 190   M    M   9        26 190
 7  42  31  37  11  28   0 0.01  0.0    4  7.0 12 130   M    M  10        14 130
 8  41  35  38  12  27   0 0.21  0.0    3  7.9 15 120   M    M   9 1      17 120
 9  42  33  38  12  27   0 0.39  1.1    2  4.9 14 350   M    M  10 1      16 350
10  33  14  24  -2  41   0 0.32  4.4    3 18.0 25 290   M    M  10 19     34 280
11  18  13  16 -10  49   0 0.13  4.5    5 11.2 18 130   M    M  10 8      23 160
12  24  15  20  -6  45   0 0.31  6.1    9 15.0 25 290   M    M  10 129    35 300
13  27  13  20  -5  45   0 0.22  4.7   10 13.0 22 230   M    M   8        29 240
14  34  24  29   4  36   0 0.00  0.0   12  7.7 16 280   M    M   7 18     20 290
15  42  26  34   9  31   0 0.02  0.0   12 12.5 25 330   M    M   8 168    33 320
16  32  16  24  -1  41   0 0.01  0.2    6 14.0 23 290   M    M  10        31 290
17  16  10  13 -12  52   0 0.18  5.2    7 13.0 21 300   M    M  10        30 300
18  14  11  13 -12  52   0 0.12  3.0   11 13.4 22 290   M    M   8 89     26 290
19  21   2  12 -13  53   0 0.04  1.4   13  3.0 10 150   M    M   7 8      14 210
20  23  16  20  -5  45   0 0.17  5.0   12  6.0 14 160   M    M  10 18     18 160
21  28  21  25   0  40   0    T    T   14  3.7 12 250   M    M   8 18     16 240
22  31  20  26   1  39   0    T    T   14  4.8 12  20   M    M   9 18     15  70
23  32  12  22  -3  43   0 0.00  0.0   13  4.8 12 280   M    M   2        13 290
24  33  27  30   5  35   0    T    T    9 10.1 21 230   M    M   7 8      31 220
25  40  24  32   7  33   0 0.03  0.0    9  9.9 21 180   M    M   9 18     27 190
26  40  31  36  11  29   0 0.08  1.2    8 14.2 23 270   M    M  10 18     31 270
27  35  28  32   7  33   0    T    T    9 12.7 31 210   M    M  10 18     42 200
28  37  28  33   8  32   0 0.04    T    9 15.9 29 210   M    M  10 8      37 210
29  31  23  27   2  38   0    T  0.1    7  9.4 22 340   M    M   9        27 340
30  41  31  36  11  29   0 0.00  0.0    7 11.7 25 220   M    M   6 8      34 210
31  46  36  41  16  24   0 0.16  0.0    5  7.2 16 310   M    M   9 128    22 320
================================================================================
SM 1010  668      1167   0  2.46    37.2 324.5          M      265
================================================================================
AV 32.6 21.5                              10.5 FASTST   M    M   9    MAX(MPH)
                                 MISC ---->  # 31 210               # 42  200
================================================================================
NOTES:
# LAST OF SEVERAL OCCURRENCES

COLUMN 17 PEAK WIND IN M.P.H.

PRELIMINARY LOCAL CLIMATOLOGICAL DATA (WS FORM: F-6) , PAGE 2

                                          STATION:  MUSKEGON MI
                                          MONTH:    JANUARY
                                          YEAR:     2016
                                          LATITUDE:   43 10 N
                                          LONGITUDE:  86 14 W

[TEMPERATURE DATA]      [PRECIPITATION DATA]       SYMBOLS USED IN COLUMN 16

AVERAGE MONTHLY: 27.1   TOTAL FOR MONTH:   2.46    1 = FOG OR MIST
DPTR FM NORMAL:   1.7   DPTR FM NORMAL:    0.43    2 = FOG REDUCING VISIBILITY
HIGHEST:    46 ON 31    GRTST 24HR  0.41 ON  8- 9      TO 1/4 MILE OR LESS
LOWEST:      2 ON 19                               3 = THUNDER
                        SNOW, ICE PELLETS, HAIL    4 = ICE PELLETS
                        TOTAL MONTH:  37.2 INCHES  5 = HAIL
                        GRTST 24HR   6.1 ON   M    6 = FREEZING RAIN OR DRIZZLE
                        GRTST DEPTH:  14 ON 22,21  7 = DUSTSTORM OR SANDSTORM:
                                                       VSBY 1/2 MILE OR LESS
                                                   8 = SMOKE OR HAZE
[NO. OF DAYS WITH]      [WEATHER - DAYS WITH]      9 = BLOWING SNOW
                                                   X = TORNADO
MAX 32 OR BELOW:  13    0.01 INCH OR MORE:  18
MAX 90 OR ABOVE:   0    0.10 INCH OR MORE:  10
MIN 32 OR BELOW:  28    0.50 INCH OR MORE:   0
MIN  0 OR BELOW:   0    1.00 INCH OR MORE:   0

[HDD (BASE 65) ]
TOTAL THIS MO.  1167    CLEAR  (SCALE 0-3)   1
DPTR FM NORMAL   -59    PTCLDY (SCALE 4-7)  11
TOTAL FM JUL 1  3007    CLOUDY (SCALE 8-10) 19
DPTR FM NORMAL  -665

[CDD (BASE 65) ]
TOTAL THIS MO.     0
DPTR FM NORMAL     0    [PRESSURE DATA]
TOTAL FM JAN 1     0    HIGHEST SLP 30.62 ON  4
DPTR FM NORMAL     0    LOWEST  SLP 29.36 ON 15

[REMARKS]
#FINAL-01-16#
