000
CXUS53 KGRR 011017
CF6MKG
PRELIMINARY LOCAL CLIMATOLOGICAL DATA (WS FORM: F-6)

                                          STATION:   MUSKEGON MI
                                          MONTH:     JUNE
                                          YEAR:      2012
                                          LATITUDE:   43 10 N
                                          LONGITUDE:  86 14 W

  TEMPERATURE IN F:       :PCPN:    SNOW:  WIND      :SUNSHINE: SKY     :PK WND
================================================================================
1   2   3   4   5  6A  6B    7    8   9   10  11  12  13   14  15   16   17  18
                                     12Z  AVG MX 2MIN
DY MAX MIN AVG DEP HDD CDD  WTR  SNW DPTH SPD SPD DIR MIN PSBL S-S WX    SPD DR
================================================================================

 1  55  46  51 -11  14   0 0.51  0.0    0 11.0 20 340   M    M   8 1      24 330
 2  68  49  59  -3   6   0 0.04  0.0    0 11.2 23 350   M    M   6 1      30 250
 3  74  54  64   2   1   0 0.00  0.0    0  8.8 17 280   M    M   2        26 270
 4  75  55  65   2   0   0 0.00  0.0    0  7.9 17 320   M    M   2        21 280
 5  74  52  63   0   2   0 0.00  0.0    0  6.1 17  80   M    M   2        21  70
 6  78  49  64   0   1   0    T  0.0    0  4.6 14  20   M    M   2 1      20 300
 7  77  48  63  -1   2   0 0.00  0.0    0  4.3 16 290   M    M   1        20 280
 8  80  51  66   2   0   1 0.00  0.0    0  8.2 17 210   M    M   1        22 210
 9  84  67  76  12   0  11 0.00  0.0    0 13.7 21 240   M    M   1        29 250
10  89  72  81  16   0  16 0.00  0.0    0  9.2 18 210   M    M   1        24 200
11  85  68  77  12   0  12 0.00  0.0    0 11.5 22 130   M    M   3 8      26 130
12  71  51  61  -4   4   0 0.00  0.0    0 11.7 22 290   M    M   1        31 300
13  72  45  59  -7   6   0 0.00  0.0    0  6.3 14 290   M    M   0        16 300
14  84  51  68   2   0   3 0.00  0.0    0  7.4 18 120   M    M   0 8      24 130
15  89  59  74   8   0   9 0.00  0.0    0  7.3 14 220   M    M   0        20 170
16  92  66  79  12   0  14 0.55  0.0    0 10.8 26 250   M    M   2 138    35 210
17  78  65  72   5   0   7 0.61  0.0    0  7.4 36 240   M    M   3 13     49 250
18  88  66  77  10   0  12 1.15  0.0    0 17.2 31 300   M    M   3 13     40 200
19  88  72  80  12   0  15 0.00  0.0    0 16.7 28 200   M    M   1        37 190
20  87  76  82  14   0  17 0.00  0.0    0 18.4 26 200   M    M   1        36 190
21  80  62  71   3   0   6 0.06  0.0    0 10.2 24 200   M    M   4 1      36 200
22  79  58  69   1   0   4    T  0.0    0  4.4 13 280   M    M   2        15 260
23  80  56  68   0   0   3 0.00  0.0    0  2.3  9 250   M    M   1        21 180
24  81  60  71   2   0   6    T  0.0    0  5.8 15  10   M    M   4        20  10
25  77  54  66  -3   0   1 0.00  0.0    0  9.7 18 320   M    M   1        25  40
26  76  52  64  -5   1   0 0.00  0.0    0  4.8 15 230   M    M   0        24 210
27  84  53  69   0   0   4 0.00  0.0    0 10.8 23 210   M    M   0        31 180
28  89  70  80  10   0  15 0.00  0.0    0  6.2 18 210   M    M   1        24 210
29  87  63  75   5   0  10 0.00  0.0    0  5.6 32 270   M    M   0         M 330
30  84  68  76   6   0  11 0.00  0.0    0  6.2 15 230   M    M   0        28 220
================================================================================
SM 2405 1758        37 177  2.92     0.0 265.7          M       53
================================================================================
AV 80.2 58.6                               8.9 FASTST   M    M   2    MAX(MPH)
                                 MISC ---->  # 36 240               # 49  250
================================================================================
NOTES:
# LAST OF SEVERAL OCCURRENCES

COLUMN 17 PEAK WIND IN M.P.H.

PRELIMINARY LOCAL CLIMATOLOGICAL DATA (WS FORM: F-6) , PAGE 2

                                          STATION:  MUSKEGON MI
                                          MONTH:    JUNE
                                          YEAR:     2012
                                          LATITUDE:   43 10 N
                                          LONGITUDE:  86 14 W

[TEMPERATURE DATA]      [PRECIPITATION DATA]       SYMBOLS USED IN COLUMN 16

AVERAGE MONTHLY: 69.4   TOTAL FOR MONTH:   2.92    1 = FOG OR MIST
DPTR FM NORMAL:   3.1   DPTR FM NORMAL:    0.37    2 = FOG REDUCING VISIBILITY
HIGHEST:    92 ON 16    GRTST 24HR  1.16 ON 16-17      TO 1/4 MILE OR LESS
LOWEST:     45 ON 13                               3 = THUNDER
                        SNOW, ICE PELLETS, HAIL    4 = ICE PELLETS
                        TOTAL MONTH:   0.0 INCH    5 = HAIL
                        GRTST 24HR     0.0         6 = FREEZING RAIN OR DRIZZLE
                        GRTST DEPTH:   0           7 = DUSTSTORM OR SANDSTORM:
                                                       VSBY 1/2 MILE OR LESS
                                                   8 = SMOKE OR HAZE
[NO. OF DAYS WITH]      [WEATHER - DAYS WITH]      9 = BLOWING SNOW
                                                   X = TORNADO
MAX 32 OR BELOW:   0    0.01 INCH OR MORE:   6
MAX 90 OR ABOVE:   1    0.10 INCH OR MORE:   4
MIN 32 OR BELOW:   0    0.50 INCH OR MORE:   4
MIN  0 OR BELOW:   0    1.00 INCH OR MORE:   1

[HDD (BASE 65) ]
TOTAL THIS MO.    37    CLEAR  (SCALE 0-3)  25
DPTR FM NORMAL   -29    PTCLDY (SCALE 4-7)   5
TOTAL FM JUL 1  5225    CLOUDY (SCALE 8-10)  0
DPTR FM NORMAL -1335

[CDD (BASE 65) ]
TOTAL THIS MO.   177
DPTR FM NORMAL    72    [PRESSURE DATA]
TOTAL FM JAN 1   276    HIGHEST SLP 30.25 ON 13
DPTR FM NORMAL   142    LOWEST  SLP 29.63 ON  2

[REMARKS]
#FINAL-06-12#
