000
CXUS53 KGRR 011017
CF6MKG
PRELIMINARY LOCAL CLIMATOLOGICAL DATA (WS FORM: F-6)

                                          STATION:   MUSKEGON MI
                                          MONTH:     JULY
                                          YEAR:      2012
                                          LATITUDE:   43 10 N
                                          LONGITUDE:  86 14 W

  TEMPERATURE IN F:       :PCPN:    SNOW:  WIND      :SUNSHINE: SKY     :PK WND
================================================================================
1   2   3   4   5  6A  6B    7    8   9   10  11  12  13   14  15   16   17  18
                                     12Z  AVG MX 2MIN
DY MAX MIN AVG DEP HDD CDD  WTR  SNW DPTH SPD SPD DIR MIN PSBL S-S WX    SPD DR
================================================================================

 1  88  64  76   6   0  11 0.00  0.0    0  2.9 15 230   M    M   1        32 360
 2  92  62  77   7   0  12 0.00  0.0    0  3.2 13 240   M    M   0        15 230
 3  88  77  83  13   0  18 0.00  0.0    0  8.9 16 290   M    M   2 3      24 290
 4  92  79  86  15   0  21 0.00  0.0    0  7.3 17 250   M    M   1        25 260
 5  94  76  85  14   0  20 0.00  0.0    0  7.3 22  50   M    M   0        33  40
 6  99  74  87  16   0  22 0.00  0.0    0  3.8 14 240   M    M   0        16  80
 7  92  74  83  12   0  18 0.00  0.0    0  8.2 17  10   M    M   1        23  20
 8  88  67  78   7   0  13 0.00  0.0    0  9.3 36 360   M    M   1        47 330
 9  85  63  74   3   0   9 0.00  0.0    0  6.1 17 290   M    M   4        23 280
10  84  61  73   2   0   8 0.00  0.0    0  7.7 17 320   M    M   0        22 310
11  86  61  74   3   0   9 0.00  0.0    0  4.7 12 280   M    M   2         M  M
12  90  59  75   4   0  10 0.00  0.0    0  4.6 12 290   M    M   2        14 280
13  92  64  78   7   0  13 0.00  0.0    0  4.6 22 290   M    M   2        31 120
14  89  74  82  11   0  17 0.00  0.0    0  6.4 18 250   M    M   3        41 160
15  85  68  77   6   0  12 0.00  0.0    0  7.4 15 280   M    M   2 1      18 290
16  92  67  80   9   0  15 0.00  0.0    0  9.8 21 200   M    M   1 1      28 250
17  95  75  85  14   0  20 0.00  0.0    0 11.2 28 350   M    M   2        37 360
18  92  73  83  12   0  18 0.01  0.0    0  6.9 22 340   M    M   5 3      30 340
19  75  65  70  -1   0   5 1.17  0.0    0  6.9 20  60   M    M   9 18     24  70
20  85  61  73   2   0   8 0.00  0.0    0  7.3 25 360   M    M   2        36 340
21  82  62  72   1   0   7 0.00  0.0    0  7.2 18 220   M    M   1        23 240
22  87  73  80   9   0  15 0.00  0.0    0 10.4 18 220   M    M   2        25 100
23  91  76  84  13   0  19    T  0.0    0 11.6 22 190   M    M   2        29 190
24  88  69  79   8   0  14    T  0.0    0  7.4 15 270   M    M   3 8      20  20
25  88  65  77   6   0  12 0.23  0.0    0 13.0 25 190   M    M   3 3      33 190
26  86  69  78   7   0  13 0.73  0.0    0  6.0 17 280   M    M   5 13     22 280
27  83  67  75   4   0  10 0.04  0.0    0  6.0 17 270   M    M   4 1      22 280
28  83  58  71   0   0   6 0.00  0.0    0  6.7 20 290   M    M   2        24 300
29  84  53  69  -2   0   4 0.00  0.0    0  2.8 10 240   M    M   1        14 240
30  88  64  76   5   0  11    T  0.0    0  7.6 20 190   M    M   1 3      28 330
31  84  66  75   4   0  10 0.68  0.0    0  7.8 30  30   M    M   3 13     46  30
================================================================================
SM 2727 2086         0 400  2.86     0.0 221.0          M       67
================================================================================
AV 88.0 67.3                               7.1 FASTST   M    M   2    MAX(MPH)
                                 MISC ---->  # 36 360               # 47  330
================================================================================
NOTES:
# LAST OF SEVERAL OCCURRENCES

COLUMN 17 PEAK WIND IN M.P.H.

PRELIMINARY LOCAL CLIMATOLOGICAL DATA (WS FORM: F-6) , PAGE 2

                                          STATION:  MUSKEGON MI
                                          MONTH:    JULY
                                          YEAR:     2012
                                          LATITUDE:   43 10 N
                                          LONGITUDE:  86 14 W

[TEMPERATURE DATA]      [PRECIPITATION DATA]       SYMBOLS USED IN COLUMN 16

AVERAGE MONTHLY: 77.6   TOTAL FOR MONTH:   2.86    1 = FOG OR MIST
DPTR FM NORMAL:   6.5   DPTR FM NORMAL:    0.49    2 = FOG REDUCING VISIBILITY
HIGHEST:    99 ON  6    GRTST 24HR  1.17 ON 19-19      TO 1/4 MILE OR LESS
LOWEST:     53 ON 29                               3 = THUNDER
                        SNOW, ICE PELLETS, HAIL    4 = ICE PELLETS
                        TOTAL MONTH:   0.0 INCH    5 = HAIL
                        GRTST 24HR     0.0         6 = FREEZING RAIN OR DRIZZLE
                        GRTST DEPTH:   0           7 = DUSTSTORM OR SANDSTORM:
                                                       VSBY 1/2 MILE OR LESS
                                                   8 = SMOKE OR HAZE
[NO. OF DAYS WITH]      [WEATHER - DAYS WITH]      9 = BLOWING SNOW
                                                   X = TORNADO
MAX 32 OR BELOW:   0    0.01 INCH OR MORE:   6
MAX 90 OR ABOVE:  11    0.10 INCH OR MORE:   4
MIN 32 OR BELOW:   0    0.50 INCH OR MORE:   3
MIN  0 OR BELOW:   0    1.00 INCH OR MORE:   1

[HDD (BASE 65) ]
TOTAL THIS MO.     0    CLEAR  (SCALE 0-3)  25
DPTR FM NORMAL   -11    PTCLDY (SCALE 4-7)   5
TOTAL FM JUL 1     0    CLOUDY (SCALE 8-10)  1
DPTR FM NORMAL   -11

[CDD (BASE 65) ]
TOTAL THIS MO.   400
DPTR FM NORMAL   198    [PRESSURE DATA]
TOTAL FM JAN 1   676    HIGHEST SLP 30.18 ON 11
DPTR FM NORMAL   340    LOWEST  SLP 29.23 ON  7

[REMARKS]
#FINAL-07-12#
