000
CXUS53 KGRR 011017
CF6MKG
PRELIMINARY LOCAL CLIMATOLOGICAL DATA (WS FORM: F-6)

                                          STATION:   MUSKEGON MI
                                          MONTH:     MARCH
                                          YEAR:      2012
                                          LATITUDE:   43 10 N
                                          LONGITUDE:  86 14 W

  TEMPERATURE IN F:       :PCPN:    SNOW:  WIND      :SUNSHINE: SKY     :PK WND
================================================================================
1   2   3   4   5  6A  6B    7    8   9   10  11  12  13   14  15   16   17  18
                                     12Z  AVG MX 2MIN
DY MAX MIN AVG DEP HDD CDD  WTR  SNW DPTH SPD SPD DIR MIN PSBL S-S WX    SPD DR
================================================================================

 1  41  35  38   8  27   0    T    T    0  6.7 16 270   M    M  10 1      25 320
 2  41  34  38   8  27   0 0.40  0.6    0 11.4 33 280   M    M  10 18     47 280
 3  35  27  31   0  34   0 0.24  4.3    1 15.7 31 290   M    M  10 12     41 280
 4  31  21  26  -5  39   0 0.03  0.4    5  5.7 13 360   M    M  10        17 360
 5  30  19  25  -6  40   0    T    T    3  6.6 16 330   M    M   8        21 280
 6  61  30  46  14  19   0 0.00  0.0    2 17.9 32 200   M    M   2        47 190
 7  59  50  55  23  10   0 0.00  0.0    0 26.0 32 200   M    M   9        49 210
 8  55  31  43  11  22   0 0.42  0.0    0 14.5 31 240   M    M   7 1      41 190
 9  38  21  30  -2  35   0 0.01  0.3    T 13.6 25 320   M    M   6 1      35 300
10  49  24  37   4  28   0 0.00  0.0    0 17.0 32 200   M    M   2        45 190
11  59  42  51  18  14   0 0.00  0.0    0 12.6 23 200   M    M   0        31 200
12  62  47  55  21  10   0 0.77  0.0    0 12.2 29 240   M    M   6 13     35 240
13  56  40  48  14  17   0 0.00  0.0    0  9.4 18 270   M    M   1        29 240
14  77  37  57  23   8   0 0.00  0.0    0 11.5 23 190   M    M   1        32 200
15  65  49  57  23   8   0    T  0.0    0  6.6 17 210   M    M   5 18     23 220
16  72  45  59  24   6   0 0.00  0.0    0  4.2 13 210   M    M   5 128    15 220
17  77  58  68  33   0   3 0.00  0.0    0 11.3 23 190   M    M   0 18     31 180
18  73  56  65  29   0   0 0.00  0.0    0  6.3 17 210   M    M   1 18     22 210
19  76  57  67  31   0   2 0.00  0.0    0  7.6 18 210   M    M   1        23 180
20  82  63  73  37   0   8 0.00  0.0    0  9.9 23 180   M    M   0        30 190
21  82  63  73  36   0   8 0.00  0.0    0  7.2 21 200   M    M   0 3      28  20
22  81  61  71  34   0   6 0.00  0.0    0  5.1 14 110   M    M   3        28 330
23  66  58  62  25   3   0 0.84  0.0    0  6.4 15  80   M    M   9 18     18  60
24  66  53  60  22   5   0 0.00  0.0    0  6.2 15 300   M    M   8 1      18 300
25  65  39  52  14  13   0 0.00  0.0    0  7.5 20 350   M    M   3        29 340
26  49  31  40   2  25   0 0.00  0.0    0  9.6 20  20   M    M   0        26  40
27  65  36  51  12  14   0 0.00  0.0    0 17.3 31 200   M    M   5        45 200
28  57  43  50  11  15   0 0.00  0.0    0 13.5 29 220   M    M   6        39 210
29  49  35  42   2  23   0 0.00  0.0    0  8.1 17 100   M    M   3        22 100
30  39  34  37  -3  28   0 0.68  0.0    0 12.8 23  80   M    M   8 13     30 100
31  48  36  42   2  23   0 0.00  0.0    0  6.0 13  60   M    M   7        17  90
================================================================================
SM 1806 1275       493  27  3.39     5.6 326.4          M      146
================================================================================
AV 58.3 41.1                              10.5 FASTST   M    M   5    MAX(MPH)
                                 MISC ---->  # 33 280               # 49  210
================================================================================
NOTES:
# LAST OF SEVERAL OCCURRENCES

COLUMN 17 PEAK WIND IN M.P.H.

PRELIMINARY LOCAL CLIMATOLOGICAL DATA (WS FORM: F-6) , PAGE 2

                                          STATION:  MUSKEGON MI
                                          MONTH:    MARCH
                                          YEAR:     2012
                                          LATITUDE:   43 10 N
                                          LONGITUDE:  86 14 W

[TEMPERATURE DATA]      [PRECIPITATION DATA]       SYMBOLS USED IN COLUMN 16

AVERAGE MONTHLY: 49.7   TOTAL FOR MONTH:   3.39    1 = FOG OR MIST
DPTR FM NORMAL:  14.7   DPTR FM NORMAL:    1.14    2 = FOG REDUCING VISIBILITY
HIGHEST:    82 ON 20,21 GRTST 24HR  0.84 ON 22-23      TO 1/4 MILE OR LESS
LOWEST:     19 ON  5                               3 = THUNDER
                        SNOW, ICE PELLETS, HAIL    4 = ICE PELLETS
                        TOTAL MONTH:   5.6 INCHES  5 = HAIL
                        GRTST 24HR   4.3 ON   M    6 = FREEZING RAIN OR DRIZZLE
                        GRTST DEPTH:   5 ON  4     7 = DUSTSTORM OR SANDSTORM:
                                                       VSBY 1/2 MILE OR LESS
                                                   8 = SMOKE OR HAZE
[NO. OF DAYS WITH]      [WEATHER - DAYS WITH]      9 = BLOWING SNOW
                                                   X = TORNADO
MAX 32 OR BELOW:   2    0.01 INCH OR MORE:   8
MAX 90 OR ABOVE:   0    0.10 INCH OR MORE:   6
MIN 32 OR BELOW:   8    0.50 INCH OR MORE:   3
MIN  0 OR BELOW:   0    1.00 INCH OR MORE:   0

[HDD (BASE 65) ]
TOTAL THIS MO.   493    CLEAR  (SCALE 0-3)  14
DPTR FM NORMAL  -437    PTCLDY (SCALE 4-7)  10
TOTAL FM JUL 1  4507    CLOUDY (SCALE 8-10)  7
DPTR FM NORMAL -1155

[CDD (BASE 65) ]
TOTAL THIS MO.    27
DPTR FM NORMAL    27    [PRESSURE DATA]
TOTAL FM JAN 1    27    HIGHEST SLP 30.57 ON  9
DPTR FM NORMAL    27    LOWEST  SLP 29.19 ON  2

[REMARKS]
#FINAL-03-12#
