000
CXUS53 KGRR 011010
CF6MKG
PRELIMINARY LOCAL CLIMATOLOGICAL DATA (WS FORM: F-6)
STATION: MUSKEGON
MONTH: FEBRUARY
YEAR: 2022
LATITUDE: 43 10 N
LONGITUDE: 86 14 W
TEMPERATURE IN F: :PCPN: SNOW: WIND :SUNSHINE: SKY :PK WND
================================================================================
1 2 3 4 5 6A 6B 7 8 9 10 11 12 13 14 15 16 17 18
12Z AVG MX 2MIN
DY MAX MIN AVG DEP HDD CDD WTR SNW DPTH SPD SPD DIR MIN PSBL S-S WX SPD DR
================================================================================
1 42 27 35 9 30 0 0.01 0.0 7 14.1 26 190 M M 7 1 38 180
2 36 21 29 3 36 0 0.03 0.4 5 10.6 18 350 M M 10 18 24 360
3 22 11 17 -9 48 0 0.00 0.0 5 9.8 16 10 M M 8 23 10
4 22 3 13 -13 52 0 0.03 0.4 5 5.2 12 120 M M 5 18 14 110
5 25 7 16 -10 49 0 0.01 0.3 5 9.2 23 180 M M 9 18 36 180
6 34 23 29 3 36 0 T T 6 17.2 26 200 M M 7 38 200
7 35 25 30 4 35 0 0.04 0.8 6 8.4 20 310 M M 10 168 32 330
8 35 24 30 4 35 0 0.00 0.0 6 8.9 18 170 M M 7 25 180
9 39 32 36 10 29 0 0.04 T 5 12.3 20 280 M M 7 1 26 220
10 33 27 30 3 35 0 T T 4 12.0 26 200 M M 10 1 38 200
11 40 23 32 5 33 0 0.31 3.2 5 16.9 29 330 M M 10 12 41 200
12 22 15 19 -8 46 0 0.03 0.6 3 11.2 23 330 M M 10 33 330
13 22 10 16 -11 49 0 0.06 0.6 4 5.1 13 50 M M 8 18 16 50
14 23 12 18 -9 47 0 0.06 1.0 4 7.3 14 120 M M 10 18 21 260
15 30 19 25 -2 40 0 0.02 0.4 6 12.3 25 140 M M 9 18 37 150
16 45 30 38 10 27 0 0.28 0.0 4 17.4 28 190 M M 7 12 43 190
17 41 19 30 2 35 0 0.26 0.9 T 12.3 22 340 M M 10 18 29 340
18 34 17 26 -2 39 0 T T 1 19.3 36 240 M M 9 8 56 210
19 29 12 21 -7 44 0 0.02 0.4 1 15.3 33 290 M M 9 53 280
20 44 18 31 3 34 0 0.00 0.0 2 20.7 35 200 M M 4 50 180
21 40 30 35 6 30 0 T 0.0 T 13.5 22 90 M M 5 1 34 90
22 39 25 32 3 33 0 0.41 T 0 9.1 21 300 M M 10 1 33 310
23 27 19 23 -6 42 0 T T T 12.1 21 340 M M 10 32 280
24 30 13 22 -8 43 0 0.01 0.3 0 13.0 22 60 M M 5 29 50
25 29 15 22 -8 43 0 0.15 2.5 3 5.7 16 320 M M 8 18 21 320
26 32 21 27 -3 38 0 0.02 0.4 2 15.1 26 230 M M 5 1 39 250
27 35 24 30 0 35 0 0.00 0.0 1 12.8 24 260 M M 4 37 240
28 46 21 34 3 31 0 0.00 0.0 T 11.2 22 130 M M 8 30 120
================================================================================
SM 931 543 1074 0 1.79 12.2 338.0 M 221
================================================================================
AV 33.3 19.4 12.1 FASTST M M 8 MAX(MPH)
MISC ----> 36 240 56 210
================================================================================
NOTES:
# LAST OF SEVERAL OCCURRENCES
COLUMN 17 PEAK WIND IN M.P.H.
PRELIMINARY LOCAL CLIMATOLOGICAL DATA (WS FORM: F-6) , PAGE 2
STATION: MUSKEGON
MONTH: FEBRUARY
YEAR: 2022
LATITUDE: 43 10 N
LONGITUDE: 86 14 W
[TEMPERATURE DATA] [PRECIPITATION DATA] SYMBOLS USED IN COLUMN 16
AVERAGE MONTHLY: 26.3 TOTAL FOR MONTH: 1.79 1 = FOG OR MIST
DPTR FM NORMAL: -1.4 DPTR FM NORMAL: -0.32 2 = FOG REDUCING VISIBILITY
HIGHEST: 46 ON 28 GRTST 24HR 0.50 ON 16-17 TO 1/4 MILE OR LESS
LOWEST: 3 ON 4 3 = THUNDER
SNOW, ICE PELLETS, HAIL 4 = ICE PELLETS
TOTAL MONTH: 12.2 INCHES 5 = HAIL
GRTST 24HR 3.2 ON 11-11 6 = FREEZING RAIN OR DRIZZLE
GRTST DEPTH: 8 ON M 7 = DUSTSTORM OR SANDSTORM:
VSBY 1/2 MILE OR LESS
8 = SMOKE OR HAZE
[NO. OF DAYS WITH] [WEATHER - DAYS WITH] 9 = BLOWING SNOW
X = TORNADO
MAX 32 OR BELOW: 12 0.01 INCH OR MORE: 18
MAX 90 OR ABOVE: 0 0.10 INCH OR MORE: 5
MIN 32 OR BELOW: 28 0.50 INCH OR MORE: 0
MIN 0 OR BELOW: 0 1.00 INCH OR MORE: 0
[HDD (BASE 65) ]
TOTAL THIS MO. 1074 CLEAR (SCALE 0-3) 0
DPTR FM NORMAL 28 PTCLDY (SCALE 4-7) 13
TOTAL FM JUL 1 4239 CLOUDY (SCALE 8-10) 15
DPTR FM NORMAL -297
[CDD (BASE 65) ]
TOTAL THIS MO. 0
DPTR FM NORMAL 0 [PRESSURE DATA]
TOTAL FM JAN 1 0 HIGHEST SLP 30.54 ON 3
DPTR FM NORMAL 0 LOWEST SLP 29.42 ON 11
[REMARKS]
#FINAL-02-22#