890
CXUS53 KGRR 011017
CF6MKG
PRELIMINARY LOCAL CLIMATOLOGICAL DATA (WS FORM: F-6)

                                          STATION:   MUSKEGON
                                          MONTH:     OCTOBER
                                          YEAR:      2016
                                          LATITUDE:   43 10 N
                                          LONGITUDE:  86 14 W

  TEMPERATURE IN F:       :PCPN:    SNOW:  WIND      :SUNSHINE: SKY     :PK WND
================================================================================
1   2   3   4   5  6A  6B    7    8   9   10  11  12  13   14  15   16   17  18
                                     12Z  AVG MX 2MIN
DY MAX MIN AVG DEP HDD CDD  WTR  SNW DPTH SPD SPD DIR MIN PSBL S-S WX    SPD DR
================================================================================

 1  68  56  62   6   3   0 0.19  0.0    0  6.7 17  90   M    M   9 1      21  90
 2  70  51  61   5   4   0 0.12  0.0    0  3.8 10 340   M    M   7 12     13 330
 3  69  52  61   6   4   0 0.00  0.0    0  2.0  8 120   M    M   7 1       9 120
 4  75  55  65  10   0   0 0.00  0.0    0  8.0 14 130   M    M   8 1      17 120
 5  80  56  68  14   0   3 0.01  0.0    0  8.2 20 180   M    M   5 123    25 180
 6  71  54  63   9   2   0 0.27  0.0    0  4.6 13 140   M    M   7 123    17 270
 7  73  55  64  10   1   0    T  0.0    0 12.4 24 200   M    M   6 1      31 210
 8  55  40  48  -5  17   0 0.00  0.0    0 11.3 25 290   M    M   2        32 290
 9  63  41  52  -1  13   0    T  0.0    0  2.9 10 290   M    M   6        14  30
10  66  39  53   0  12   0 0.00  0.0    0  7.3 14 130   M    M   1        19 130
11  70  54  62  10   3   0    T  0.0    0  9.4 18 170   M    M   6        24 180
12  69  49  59   7   6   0 0.28  0.0    0 13.2 25 330   M    M   7 1      37 250
13  56  38  47  -5  18   0    T  0.0    0  5.7 18 340   M    M   7 1      24 330
14  62  37  50  -1  15   0 0.00  0.0    0  8.8 18 180   M    M   6        23 180
15  67  48  58   7   7   0 0.00  0.0    0 12.6 23 210   M    M   8 1      32 200
16  67  63  65  15   0   0 1.61  0.0    0  7.6 18 190   M    M  10 123    26 200
17  77  64  71  21   0   6    T  0.0    0 16.5 29 180   M    M   7 1      41 180
18  71  50  61  11   4   0 0.00  0.0    0 11.7 29 190   M    M   4 1      39 210
19  67  45  56   6   9   0 0.00  0.0    0  2.4  9 240   M    M   6 12     11 240
20  58  45  52   3  13   0 0.00  0.0    0  8.2 18 340   M    M   7 12     23  10
21  55  40  48  -1  17   0    T  0.0    0  8.6 18 340   M    M   5        22 340
22  55  38  47  -2  18   0    T  0.0    0  3.4 14 280   M    M   7        19 280
23  64  36  50   2  15   0 0.00  0.0    0  6.5 18 220   M    M   3 1      25 180
24  55  32  44  -4  21   0 0.00  0.0    0  9.8 20 350   M    M   7        26 340
25  56  32  44  -4  21   0 0.00  0.0    0  4.3 10  60   M    M   5        14 270
26  43  38  41  -6  24   0 1.28  0.0    0 11.9 23  90   M    M   8 1      30 110
27  52  38  45  -2  20   0 0.01  0.0    0  6.3 14  50   M    M  10 1      18 320
28  62  45  54   7  11   0 0.00  0.0    0 12.4 26 190   M    M   9        36 190
29  68  52  60  14   5   0 0.00  0.0    0 10.2 23 210   M    M   8        31 210
30  57  43  50   4  15   0 0.01  0.0    0  7.2 17 340   M    M   7        21 340
31  54  36  45  -1  20   0 0.00  0.0    0  9.8 18 150   M    M   6        24 160
================================================================================
SM 1975 1422       318   9  3.78     0.0 253.7          M      201
================================================================================
AV 63.7 45.9                               8.2 FASTST   M    M   6    MAX(MPH)
                                 MISC ---->  # 29 180               # 41  180
================================================================================
NOTES:
# LAST OF SEVERAL OCCURRENCES

COLUMN 17 PEAK WIND IN M.P.H.

PRELIMINARY LOCAL CLIMATOLOGICAL DATA (WS FORM: F-6) , PAGE 2

                                          STATION:  MUSKEGON
                                          MONTH:    OCTOBER
                                          YEAR:     2016
                                          LATITUDE:   43 10 N
                                          LONGITUDE:  86 14 W

[TEMPERATURE DATA]      [PRECIPITATION DATA]       SYMBOLS USED IN COLUMN 16

AVERAGE MONTHLY: 54.8   TOTAL FOR MONTH:   3.78    1 = FOG OR MIST
DPTR FM NORMAL:   4.1   DPTR FM NORMAL:    0.67    2 = FOG REDUCING VISIBILITY
HIGHEST:    80 ON  5    GRTST 24HR  1.61 ON 16-16      TO 1/4 MILE OR LESS
LOWEST:     32 ON 25,24                            3 = THUNDER
                        SNOW, ICE PELLETS, HAIL    4 = ICE PELLETS
                        TOTAL MONTH:   0.0 INCH    5 = HAIL
                        GRTST 24HR     0.0         6 = FREEZING RAIN OR DRIZZLE
                        GRTST DEPTH:   0           7 = DUSTSTORM OR SANDSTORM:
                                                       VSBY 1/2 MILE OR LESS
                                                   8 = SMOKE OR HAZE
[NO. OF DAYS WITH]      [WEATHER - DAYS WITH]      9 = BLOWING SNOW
                                                   X = TORNADO
MAX 32 OR BELOW:   0    0.01 INCH OR MORE:   9
MAX 90 OR ABOVE:   0    0.10 INCH OR MORE:   6
MIN 32 OR BELOW:   2    0.50 INCH OR MORE:   2
MIN  0 OR BELOW:   0    1.00 INCH OR MORE:   2

[HDD (BASE 65) ]
TOTAL THIS MO.   318    CLEAR  (SCALE 0-3)   3
DPTR FM NORMAL  -132    PTCLDY (SCALE 4-7)  23
TOTAL FM JUL 1   352    CLOUDY (SCALE 8-10)  5
DPTR FM NORMAL  -271

[CDD (BASE 65) ]
TOTAL THIS MO.     9
DPTR FM NORMAL     4    [PRESSURE DATA]
TOTAL FM JAN 1   774    HIGHEST SLP 30.49 ON 25
DPTR FM NORMAL   208    LOWEST  SLP 29.45 ON 17

[REMARKS]
#FINAL-10-16#
