000
CXUS53 KGRR 011017
CF6MKG
PRELIMINARY LOCAL CLIMATOLOGICAL DATA (WS FORM: F-6)

                                          STATION:   MUSKEGON MI
                                          MONTH:     NOVEMBER
                                          YEAR:      2011
                                          LATITUDE:   43 10 N
                                          LONGITUDE:  86 14 W

  TEMPERATURE IN F:       :PCPN:    SNOW:  WIND      :SUNSHINE: SKY     :PK WND
================================================================================
1   2   3   4   5  6A  6B    7    8   9   10  11  12  13   14  15   16   17  18
                                     12Z  AVG MX 2MIN
DY MAX MIN AVG DEP HDD CDD  WTR  SNW DPTH SPD SPD DIR MIN PSBL S-S WX    SPD DR
================================================================================

 1  62  38  50   5  15   0 0.00  0.0    0  9.5 21 180   M    M   2 18     28 190
 2  60  47  54   9  11   0    T    M    0 13.6 23 190   M    M   5        31 190
 3  50  38  44  -1  21   0 0.52  0.0    0  9.0 17  30   M    M   6 1      24  10
 4  54  29  42  -2  23   0 0.00  0.0    0  4.0 10 110   M    M   0        14 110
 5  54  29  42  -2  23   0 0.00  0.0    0  7.3 17 190   M    M   0        22 180
 6  61  39  50   6  15   0 0.00  0.0    0 16.3 29 190   M    M   4        38 210
 7  59  44  52   9  13   0 0.00  0.0    0  5.1 22 210   M    M   7        30 210
 8  48  44  46   3  19   0 0.68  0.0    0  6.9 16  70   M    M  10 1      20  70
 9  61  40  51   8  14   0 0.67  0.0    0 16.8 31 290   M    M   8 12     43 290
10  44  34  39  -3  26   0 0.12  0.1    0 12.1 24 290   M    M   8 1      31 320
11  46  35  41  -1  24   0    T    T    0 11.9 23 200   M    M   8        32 200
12  56  34  45   3  20   0 0.00  0.0    0 13.3 26 190   M    M   0        38 190
13  64  52  58  17   7   0    T  0.0    0 21.1 29 180   M    M   6        43 180
14  52  39  46   5  19   0    T  0.0    0  7.0 24 250   M    M   3        36 240
15  58  32  45   5  20   0 0.00  0.0    0  8.4 20 190   M    M   2        26 180
16  50  37  44   4  21   0 0.00  0.0    0 14.8 23 290   M    M   3        32 300
17  39  32  36  -4  29   0    T    T    0 12.8 22 280   M    M   9        30 270
18  49  30  40   1  25   0 0.00  0.0    0 20.5 36 190   M    M   1        48 200
19  54  48  51  12  14   0 0.03  0.0    0 18.9 30 220   M    M   9 1      39 200
20  54  32  43   5  22   0 0.00  0.0    0  9.8 22 270   M    M   8        30 280
21  46  27  37  -1  28   0 0.00  0.0    0  5.1 12 110   M    M   1        14 110
22  41  31  36  -2  29   0    T  0.0    0 11.3 20  60   M    M   4        26  90
23  47  26  37   0  28   0 0.00  0.0    0  6.2 15 240   M    M   4        20 230
24  48  43  46   9  19   0 0.00  0.0    0 16.0 23 200   M    M   9 18     31 210
25  54  47  51  14  14   0 0.00  0.0    0 16.4 28 210   M    M   2        37 190
26  55  52  54  18  11   0 0.89  0.0    0 13.2 24 190   M    M   9 18     31 200
27  52  34  43   7  22   0 0.37  0.0    0 10.1 21 340   M    M  10 1      26 340
28  38  32  35  -1  30   0 0.00  0.0    0  5.1 13  20   M    M   8        18  20
29  43  33  38   3  27   0 0.00  0.0    0 15.1 25  10   M    M   5        36  30
30  43  32  38   3  27   0 0.00  0.0    0  9.8 21 330   M    M   1        28 330
================================================================================
SM 1542 1110       616   0  3.28     0.1 347.4          M      152
================================================================================
AV 51.4 37.0                              11.6 FASTST   M    M   5    MAX(MPH)
                                 MISC ---->  # 36 190               # 48  200
================================================================================
NOTES:
# LAST OF SEVERAL OCCURRENCES

COLUMN 17 PEAK WIND IN M.P.H.

PRELIMINARY LOCAL CLIMATOLOGICAL DATA (WS FORM: F-6) , PAGE 2

                                          STATION:  MUSKEGON MI
                                          MONTH:    NOVEMBER
                                          YEAR:     2011
                                          LATITUDE:   43 10 N
                                          LONGITUDE:  86 14 W

[TEMPERATURE DATA]      [PRECIPITATION DATA]       SYMBOLS USED IN COLUMN 16

AVERAGE MONTHLY: 44.2   TOTAL FOR MONTH:   3.28    1 = FOG OR MIST
DPTR FM NORMAL:   4.0   DPTR FM NORMAL:   -0.08    2 = FOG REDUCING VISIBILITY
HIGHEST:    64 ON 13    GRTST 24HR  1.25 ON 26-27      TO 1/4 MILE OR LESS
LOWEST:     26 ON 23                               3 = THUNDER
                        SNOW, ICE PELLETS, HAIL    4 = ICE PELLETS
                        TOTAL MONTH:   0.1 INCH    5 = HAIL
                        GRTST 24HR   0.1 ON   M    6 = FREEZING RAIN OR DRIZZLE
                        GRTST DEPTH:   0           7 = DUSTSTORM OR SANDSTORM:
                                                       VSBY 1/2 MILE OR LESS
                                                   8 = SMOKE OR HAZE
[NO. OF DAYS WITH]      [WEATHER - DAYS WITH]      9 = BLOWING SNOW
                                                   X = TORNADO
MAX 32 OR BELOW:   0    0.01 INCH OR MORE:   7
MAX 90 OR ABOVE:   0    0.10 INCH OR MORE:   6
MIN 32 OR BELOW:  11    0.50 INCH OR MORE:   4
MIN  0 OR BELOW:   0    1.00 INCH OR MORE:   0

[HDD (BASE 65) ]
TOTAL THIS MO.   616    CLEAR  (SCALE 0-3)  10
DPTR FM NORMAL  -128    PTCLDY (SCALE 4-7)  12
TOTAL FM JUL 1  1163    CLOUDY (SCALE 8-10)  8
DPTR FM NORMAL  -204

[CDD (BASE 65) ]
TOTAL THIS MO.     0
DPTR FM NORMAL     0    [PRESSURE DATA]
TOTAL FM JAN 1   752    HIGHEST SLP 30.41 ON 21
DPTR FM NORMAL   186    LOWEST  SLP 29.27 ON 13

[REMARKS]
#FINAL-11-11#
