000
CXUS53 KGRR 010910
CF6MKG
PRELIMINARY LOCAL CLIMATOLOGICAL DATA (WS FORM: F-6)
STATION: MUSKEGON
MONTH: SEPTEMBER
YEAR: 2021
LATITUDE: 43 10 N
LONGITUDE: 86 14 W
TEMPERATURE IN F: :PCPN: SNOW: WIND :SUNSHINE: SKY :PK WND
================================================================================
1 2 3 4 5 6A 6B 7 8 9 10 11 12 13 14 15 16 17 18
12Z AVG MX 2MIN
DY MAX MIN AVG DEP HDD CDD WTR SNW DPTH SPD SPD DIR MIN PSBL S-S WX SPD DR
================================================================================
1 82 59 71 3 0 6 0.00 0.0 0 7.8 15 40 M M 2 21 20
2 78 53 66 -2 0 1 0.00 0.0 0 4.8 14 280 M M 3 19 280
3 77 56 67 -1 0 2 T 0.0 0 5.7 10 130 M M 7 15 140
4 74 66 70 3 0 5 0.05 0.0 0 7.8 15 190 M M 10 1 21 320
5 79 59 69 2 0 4 0.04 0.0 0 7.3 24 250 M M 3 13 36 240
6 74 53 64 -3 1 0 0.00 0.0 0 4.6 15 290 M M 3 1 22 290
7 81 53 67 0 0 2 0.26 0.0 0 9.2 25 190 M M 5 13 37 180
8 74 56 65 -1 0 0 0.00 0.0 0 10.5 23 280 M M 3 30 280
9 74 51 63 -3 2 0 0.00 0.0 0 6.2 18 270 M M 3 23 270
10 77 52 65 -1 0 0 0.00 0.0 0 6.3 15 220 M M 4 22 210
11 77 61 69 4 0 4 0.00 0.0 0 12.7 22 210 M M 5 32 220
12 80 65 73 8 0 8 0.44 0.0 0 6.0 28 320 M M 7 13 38 330
13 68 60 64 -1 1 0 0.32 0.0 0 5.9 31 290 M M 9 13 49 280
14 81 64 73 9 0 8 T 0.0 0 12.5 25 210 M M 7 1 37 210
15 75 55 65 1 0 0 0.00 0.0 0 5.0 15 290 M M 3 20 290
16 78 49 64 0 1 0 0.00 0.0 0 4.6 14 190 M M 1 20 190
17 81 59 70 7 0 5 T 0.0 0 8.7 18 200 M M 4 26 180
18 80 59 70 7 0 5 0.00 0.0 0 7.9 15 70 M M 1 20 60
19 87 56 72 10 0 7 0.00 0.0 0 6.6 15 130 M M 1 24 140
20 80 66 73 11 0 8 0.07 0.0 0 10.9 24 170 M M 6 1 40 180
21 76 58 67 5 0 2 0.08 0.0 0 12.1 26 180 M M 9 1 39 180
22 66 56 61 0 4 0 T 0.0 0 13.9 25 350 M M 7 39 340
23 56 49 53 -8 12 0 0.24 0.0 0 11.8 31 340 M M 9 50 330
24 72 44 58 -2 7 0 0.07 0.0 0 9.6 28 190 M M 6 1 41 190
25 66 53 60 0 5 0 0.08 0.0 0 8.5 17 250 M M 7 1 26 290
26 73 50 62 2 3 0 0.00 0.0 0 12.0 23 200 M M 6 34 200
27 76 58 67 8 0 2 0.00 0.0 0 11.0 21 200 M M 3 30 220
28 73 48 61 2 4 0 0.00 0.0 0 5.0 10 30 M M 0 16 20
29 75 49 62 4 3 0 0.00 0.0 0 2.7 10 250 M M 1 19 220
30 79 48 64 6 1 0 0.00 0.0 0 2.0 8 300 M M 4 11 160
================================================================================
SM 2269 1665 44 69 1.65 0.0 239.6 M 139
================================================================================
AV 75.6 55.5 8.0 FASTST M M 5 MAX(MPH)
MISC ----> # 31 290 50 330
================================================================================
NOTES:
# LAST OF SEVERAL OCCURRENCES
COLUMN 17 PEAK WIND IN M.P.H.
PRELIMINARY LOCAL CLIMATOLOGICAL DATA (WS FORM: F-6) , PAGE 2
STATION: MUSKEGON
MONTH: SEPTEMBER
YEAR: 2021
LATITUDE: 43 10 N
LONGITUDE: 86 14 W
[TEMPERATURE DATA] [PRECIPITATION DATA] SYMBOLS USED IN COLUMN 16
AVERAGE MONTHLY: 65.6 TOTAL FOR MONTH: 1.65 1 = FOG OR MIST
DPTR FM NORMAL: 2.1 DPTR FM NORMAL: -1.61 2 = FOG REDUCING VISIBILITY
HIGHEST: 87 ON 19 GRTST 24HR 0.76 ON 12-13 TO 1/4 MILE OR LESS
LOWEST: 44 ON 24 3 = THUNDER
SNOW, ICE PELLETS, HAIL 4 = ICE PELLETS
TOTAL MONTH: 0.0 INCH 5 = HAIL
GRTST 24HR 0.0 6 = FREEZING RAIN OR DRIZZLE
GRTST DEPTH: 0 7 = DUSTSTORM OR SANDSTORM:
VSBY 1/2 MILE OR LESS
8 = SMOKE OR HAZE
[NO. OF DAYS WITH] [WEATHER - DAYS WITH] 9 = BLOWING SNOW
X = TORNADO
MAX 32 OR BELOW: 0 0.01 INCH OR MORE: 10
MAX 90 OR ABOVE: 0 0.10 INCH OR MORE: 4
MIN 32 OR BELOW: 0 0.50 INCH OR MORE: 0
MIN 0 OR BELOW: 0 1.00 INCH OR MORE: 0
[HDD (BASE 65) ]
TOTAL THIS MO. 44 CLEAR (SCALE 0-3) 12
DPTR FM NORMAL -72 PTCLDY (SCALE 4-7) 14
TOTAL FM JUL 1 47 CLOUDY (SCALE 8-10) 4
DPTR FM NORMAL -92
[CDD (BASE 65) ]
TOTAL THIS MO. 69
DPTR FM NORMAL -1 [PRESSURE DATA]
TOTAL FM JAN 1 809 HIGHEST SLP 30.25 ON 18
DPTR FM NORMAL 166 LOWEST SLP 29.60 ON 7
[REMARKS]
#FINAL-09-21#