000
CXUS53 KGRR 012351
CF6MKG
PRELIMINARY LOCAL CLIMATOLOGICAL DATA (WS FORM: F-6)

                                          STATION:   MUSKEGON MI
                                          MONTH:     OCTOBER
                                          YEAR:      2011
                                          LATITUDE:   43 10 N
                                          LONGITUDE:  86 14 W

  TEMPERATURE IN F:       :PCPN:    SNOW:  WIND      :SUNSHINE: SKY     :PK WND
================================================================================
1   2   3   4   5  6A  6B    7    8   9   10  11  12  13   14  15   16   17  18
                                     12Z  AVG MX 2MIN
DY MAX MIN AVG DEP HDD CDD  WTR  SNW DPTH SPD SPD DIR MIN PSBL S-S WX    SPD DR
================================================================================

 1  59  39  49  -7  16   0 0.00  0.0    0  9.3 18  10   M    M   0        26 360
 2  60  34  47  -9  18   0 0.00  0.0    0  5.1 15 280   M    M   0        20 330
 3  71  39  55   0  10   0 0.00  0.0    0  3.5 12  10   M    M   0 1      17 350
 4  68  41  55   0  10   0 0.00  0.0    0  2.6  9 220   M    M   0 1      12 230
 5  76  43  60   6   5   0 0.00  0.0    0  1.9  9 110   M    M   0 18     12 110
 6  76  50  63   9   2   0 0.00  0.0    0  3.1  9 220   M    M   0        13 210
 7  80  53  67  13   0   2 0.00  0.0    0  7.4 15 200   M    M   0        20 200
 8  77  54  66  13   0   1 0.00  0.0    0  7.0 16 150   M    M   0 1      23 180
 9  78  51  65  12   0   0 0.00  0.0    0  2.3  7 270   M    M   0 18      9 270
10  79  51  65  12   0   0 0.00  0.0    0  4.4 15 130   M    M   0 1      20 170
11  77  52  65  13   0   0 0.00  0.0    0  4.4  9 210   M    M   0        12 190
12  77  51  64  12   1   0 0.00  0.0    0  5.2 12  80   M    M   0        15  60
13  63  52  58   6   7   0 0.91  0.0    0  7.6 18 280   M    M   7 128    26 320
14  58  49  54   3  11   0 0.09  0.0    0 18.1 29 280   M    M   9 1      39 280
15  58  49  54   3  11   0 0.05  0.0    0 18.5 35 290   M    M   5        47 290
16  58  50  54   4  11   0 0.05  0.0    0 11.7 24 280   M    M   5        40 310
17  58  50  54   4  11   0 0.00  0.0    0 15.9 26 280   M    M   0        37 270
18  54  41  48  -2  17   0    T  0.0    0  5.5 15  20   M    M   5        20  10
19  46  42  44  -6  21   0 0.59  0.0    0 14.0 23  10   M    M  10 1      32  10
20  47  43  45  -4  20   0 0.74  0.0    0 17.4 31 340   M    M  10 1      40 340
21  49  32  41  -8  24   0    T  0.0    0  6.5 13 290   M    M   7 1      16 290
22  59  32  46  -3  19   0 0.00  0.0    0  4.1 13 190   M    M   0 1      16 190
23  61  34  48   0  17   0 0.32  0.0    0  4.2 30 260   M    M   4 138    36 270
24  58  45  52   4  13   0    T  0.0    0  9.5 20 290   M    M   1        26 270
25  57  43  50   2  15   0 0.21  0.0    0  6.9 17 100   M    M   8 13     22 100
26  49  43  46  -1  19   0 0.01  0.0    0  6.9 14  60   M    M   9 1      20  60
27  51  31  41  -6  24   0 0.05  0.0    0  5.0 16 290   M    M   4 1      23 290
28  49  28  39  -8  26   0 0.12  0.0    0  6.0 13 140   M    M   5 136    16 150
29  53  31  42  -4  23   0 0.39  0.0    0  4.2 13 280   M    M   3 13     17 280
30  52  29  41  -5  24   0 0.31  0.0    0 12.6 26 190   M    M   6 1      36 180
31  53  39  46   0  19   0 0.12  0.0    0  5.2 12 270   M    M   8 18     16 270
================================================================================
SM 1911 1321       394   3  3.96     0.0 236.0          M      106
================================================================================
AV 61.6 42.6                               7.6 FASTST   M    M   3    MAX(MPH)
                                 MISC ---->  # 35 290               # 47  290
================================================================================
NOTES:
# LAST OF SEVERAL OCCURRENCES

COLUMN 17 PEAK WIND IN M.P.H.

PRELIMINARY LOCAL CLIMATOLOGICAL DATA (WS FORM: F-6) , PAGE 2

                                          STATION:  MUSKEGON MI
                                          MONTH:    OCTOBER
                                          YEAR:     2011
                                          LATITUDE:   43 10 N
                                          LONGITUDE:  86 14 W

[TEMPERATURE DATA]      [PRECIPITATION DATA]       SYMBOLS USED IN COLUMN 16

AVERAGE MONTHLY: 52.1   TOTAL FOR MONTH:   3.96    1 = FOG OR MIST
DPTR FM NORMAL:   1.4   DPTR FM NORMAL:    0.85    2 = FOG REDUCING VISIBILITY
HIGHEST:    80 ON  7    GRTST 24HR  1.17 ON 19-20      TO 1/4 MILE OR LESS
LOWEST:     28 ON 28                               3 = THUNDER
                        SNOW, ICE PELLETS, HAIL    4 = ICE PELLETS
                        TOTAL MONTH:   0.0 INCH    5 = HAIL
                        GRTST 24HR     0.0         6 = FREEZING RAIN OR DRIZZLE
                        GRTST DEPTH:   0           7 = DUSTSTORM OR SANDSTORM:
                                                       VSBY 1/2 MILE OR LESS
                                                   8 = SMOKE OR HAZE
[NO. OF DAYS WITH]      [WEATHER - DAYS WITH]      9 = BLOWING SNOW
                                                   X = TORNADO
MAX 32 OR BELOW:   0    0.01 INCH OR MORE:  14
MAX 90 OR ABOVE:   0    0.10 INCH OR MORE:   9
MIN 32 OR BELOW:   6    0.50 INCH OR MORE:   3
MIN  0 OR BELOW:   0    1.00 INCH OR MORE:   0

[HDD (BASE 65) ]
TOTAL THIS MO.   394    CLEAR  (SCALE 0-3)  16
DPTR FM NORMAL   -56    PTCLDY (SCALE 4-7)  10
TOTAL FM JUL 1   547    CLOUDY (SCALE 8-10)  5
DPTR FM NORMAL   -76

[CDD (BASE 65) ]
TOTAL THIS MO.     3
DPTR FM NORMAL    -2    [PRESSURE DATA]
TOTAL FM JAN 1   752    HIGHEST SLP 30.22 ON 28
DPTR FM NORMAL   186    LOWEST  SLP 29.37 ON 14

[REMARKS]
#FINAL-10-11#
