000
CXUS53 KGRR 011017
CF6MKG
PRELIMINARY LOCAL CLIMATOLOGICAL DATA (WS FORM: F-6)

                                          STATION:   MUSKEGON MI
                                          MONTH:     JUNE
                                          YEAR:      2011
                                          LATITUDE:   43 10 N
                                          LONGITUDE:  86 14 W

  TEMPERATURE IN F:       :PCPN:    SNOW:  WIND      :SUNSHINE: SKY     :PK WND
================================================================================
1   2   3   4   5  6A  6B    7    8   9   10  11  12  13   14  15   16   17  18
                                     12Z  AVG MX 2MIN
DY MAX MIN AVG DEP HDD CDD  WTR  SNW DPTH SPD SPD DIR MIN PSBL S-S WX    SPD DR
================================================================================

 1  71  56  64   3   1   0 0.00  0.0    0 12.7 23 230   M    M   0        28 260
 2  72  50  61  -1   4   0 0.00  0.0    0  5.1 13 280   M    M   1        18  20
 3  82  57  70   8   0   5    T  0.0    0 10.4 18 130   M    M   4        24 140
 4  92  60  76  14   0  11 0.00  0.0    0 11.0 25 210   M    M   1 8      33 220
 5  84  55  70   8   0   5 0.00  0.0    0  4.0 14 280   M    M   1        17 280
 6  87  55  71   8   0   6 0.00  0.0    0  9.1 23 200   M    M   2        32 200
 7  89  62  76  13   0  11 0.00  0.0    0  8.0 21 210   M    M   0 18     26 210
 8  87  62  75  12   0  10 0.51  0.0    0 13.8 30 240   M    M   1 13     41 240
 9  72  55  64   1   1   0 0.13  0.0    0  8.4 29 230   M    M   7 3      39 230
10  62  54  58  -6   7   0 0.16  0.0    0 10.4 24  80   M    M  10 1      32  70
11  68  54  61  -3   4   0 0.18  0.0    0  8.8 21 330   M    M   7 13     26 330
12  68  50  59  -5   6   0 0.00  0.0    0  8.2 15 360   M    M   4        18 310
13  77  50  64   0   1   0 0.00  0.0    0  5.8 14 280   M    M   0        17 280
14  81  53  67   2   0   2 0.00  0.0    0 10.4 21 100   M    M   0        28 100
15  66  59  63  -2   2   0 0.32  0.0    0 10.9 23 130   M    M   6 1      30 130
16  71  56  64  -1   1   0 0.06  0.0    0  6.8 18 190   M    M   7 128    24 190
17  82  54  68   3   0   3 0.01  0.0    0  4.8 12  10   M    M   4 1      14 360
18  86  63  75   9   0  10 0.00  0.0    0  6.1 14  90   M    M   3        21  60
19  84  64  74   8   0   9 0.00  0.0    0  8.6 15  80   M    M   6        20 110
20  80  64  72   6   0   7    T  0.0    0  6.0 15 220   M    M   5 8      18 220
21  91  70  81  15   0  16 0.66  0.0    0  8.0 21 120   M    M   7 138    25 120
22  79  65  72   6   0   7 0.02  0.0    0 12.6 25 190   M    M   8 1      35 180
23  66  59  63  -4   2   0 0.50  0.0    0 10.5 17 240   M    M  10 1      23 240
24  66  57  62  -5   3   0 0.01  0.0    0  7.9 17 280   M    M   9 1      23 280
25  75  56  66  -1   0   1 0.00  0.0    0  5.3 13 260   M    M   0        16 280
26  83  54  69   2   0   4 0.00  0.0    0  4.9 12 280   M    M   0 1      20 120
27  75  62  69   1   0   4 0.12  0.0    0 10.4 21 140   M    M   5 1      25 130
28  73  60  67  -1   0   2 0.00  0.0    0 10.1 21 290   M    M   3        29 290
29  76  53  65  -3   0   0 0.00  0.0    0  4.5 14 270   M    M   1        26 320
30  82  54  68   0   0   3 0.08  0.0    0  4.6 15 160   M    M   3 13     17 170
================================================================================
SM 2327 1723        32 116  2.76     0.0 248.1          M      115
================================================================================
AV 77.6 57.4                               8.3 FASTST   M    M   4    MAX(MPH)
                                 MISC ---->  # 30 240               # 41  240
================================================================================
NOTES:
# LAST OF SEVERAL OCCURRENCES

COLUMN 17 PEAK WIND IN M.P.H.

PRELIMINARY LOCAL CLIMATOLOGICAL DATA (WS FORM: F-6) , PAGE 2

                                          STATION:  MUSKEGON MI
                                          MONTH:    JUNE
                                          YEAR:     2011
                                          LATITUDE:   43 10 N
                                          LONGITUDE:  86 14 W

[TEMPERATURE DATA]      [PRECIPITATION DATA]       SYMBOLS USED IN COLUMN 16

AVERAGE MONTHLY: 67.5   TOTAL FOR MONTH:   2.76    1 = FOG OR MIST
DPTR FM NORMAL:   2.6   DPTR FM NORMAL:    0.18    2 = FOG REDUCING VISIBILITY
HIGHEST:    92 ON  4    GRTST 24HR  0.68 ON 21-22      TO 1/4 MILE OR LESS
LOWEST:     50 ON 13,12                            3 = THUNDER
                        SNOW, ICE PELLETS, HAIL    4 = ICE PELLETS
                        TOTAL MONTH:   0.0 INCH    5 = HAIL
                        GRTST 24HR     0.0         6 = FREEZING RAIN OR DRIZZLE
                        GRTST DEPTH:   0           7 = DUSTSTORM OR SANDSTORM:
                                                       VSBY 1/2 MILE OR LESS
                                                   8 = SMOKE OR HAZE
[NO. OF DAYS WITH]      [WEATHER - DAYS WITH]      9 = BLOWING SNOW
                                                   X = TORNADO
MAX 32 OR BELOW:   0    0.01 INCH OR MORE:  13
MAX 90 OR ABOVE:   2    0.10 INCH OR MORE:   8
MIN 32 OR BELOW:   0    0.50 INCH OR MORE:   3
MIN  0 OR BELOW:   0    1.00 INCH OR MORE:   0

[HDD (BASE 65) ]
TOTAL THIS MO.    32    CLEAR  (SCALE 0-3)  15
DPTR FM NORMAL   -46    PTCLDY (SCALE 4-7)  12
TOTAL FM JUL 1  6468    CLOUDY (SCALE 8-10)  3
DPTR FM NORMAL  -475

[CDD (BASE 65) ]
TOTAL THIS MO.   116
DPTR FM NORMAL    30    [PRESSURE DATA]
TOTAL FM JAN 1   163    HIGHEST SLP 30.31 ON  2
DPTR FM NORMAL    49    LOWEST  SLP 29.54 ON 23

[REMARKS]
#FINAL-06-11#
