528
CXUS53 KGRR 011017
CF6MKG
PRELIMINARY LOCAL CLIMATOLOGICAL DATA (WS FORM: F-6)

                                          STATION:   MUSKEGON MI
                                          MONTH:     NOVEMBER
                                          YEAR:      2015
                                          LATITUDE:   43 10 N
                                          LONGITUDE:  86 14 W

  TEMPERATURE IN F:       :PCPN:    SNOW:  WIND      :SUNSHINE: SKY     :PK WND
================================================================================
1   2   3   4   5  6A  6B    7    8   9   10  11  12  13   14  15   16   17  18
                                     12Z  AVG MX 2MIN
DY MAX MIN AVG DEP HDD CDD  WTR  SNW DPTH SPD SPD DIR MIN PSBL S-S WX    SPD DR
================================================================================

 1  56  40  48   3  17   0 0.00  0.0    0 11.7 22 260   M    M   4        30 250
 2  65  41  53   8  12   0 0.00  0.0    0 12.2 23 200   M    M   4 1      30 200
 3  70  46  58  13   7   0 0.00  0.0    0  5.8 15 210   M    M   0        19 210
 4  66  44  55  11  10   0 0.00  0.0    0  7.5 17 210   M    M   1 1      22 210
 5  69  57  63  19   2   0    T  0.0    0 16.1 25 190   M    M   9        35 180
 6  63  48  56  12   9   0 0.51  0.0    0 15.5 29 190   M    M   9 1      39 190
 7  50  39  45   2  20   0 0.00  0.0    0 11.5 23 280   M    M   6        30 280
 8  52  27  40  -3  25   0 0.00  0.0    0  5.9 16 220   M    M   2        23 210
 9  54  30  42  -1  23   0 0.00  0.0    0  4.5 14 210   M    M   1 18     18 180
10  56  32  44   2  21   0 0.00  0.0    0  1.9  9 270   M    M   5 18     12 260
11  63  30  47   5  18   0 0.12  0.0    0 10.5 31 120   M    M   4 138    40 120
12  55  45  50   8  15   0 0.27  0.0    0 23.4 39 230   M    M  10 13     53 210
13  45  40  43   2  22   0 0.01    T    0 19.7 32 290   M    M  10        47 300
14  53  37  45   4  20   0 0.00  0.0    0 11.3 20 200   M    M   4        26 210
15  58  50  54  14  11   0 0.00  0.0    0 12.9 20 200   M    M   1        25 220
16  67  46  57  17   8   0 0.00  0.0    0  8.2 15 150   M    M   7        22 140
17  64  47  56  16   9   0 0.11  0.0    0 15.1 25 130   M    M  10 1      32 140
18  64  52  58  19   7   0 0.28  0.0    0 19.5 32 140   M    M   8 1      44 140
19  52  40  46   7  19   0    T  0.0    0 23.7 32 250   M    M   9        46 250
20  41  36  39   1  26   0    T    T    0 13.7 26 270   M    M   7        38 260
21  38  31  35  -3  30   0 0.17  2.8    T  8.4 16 300   M    M  10 12     22 320
22  34  28  31  -7  34   0 0.03  0.6    3 12.6 23 210   M    M   8 1      29 210
23  39  26  33  -4  32   0 0.03  0.5    3  7.8 18 150   M    M   8 18     23 150
24  46  28  37   0  28   0 0.00  0.0    2  3.6  9 110   M    M   7 18     12 200
25  56  32  44   7  21   0 0.01  0.0    0 14.3 26 180   M    M   4 18     35 190
26  56  50  53  17  12   0 1.18  0.0    0 17.3 25 200   M    M  10 1      36 190
27  55  32  44   8  21   0 0.50  0.0    0 11.2 22 200   M    M  10 1      28 200
28  38  22  30  -6  35   0 0.00  0.0    0  5.6 13  10   M    M   6        17  40
29  43  18  31  -4  34   0 0.00  0.0    0  3.2 10  50   M    M   2        13  70
30  44  27  36   1  29   0    T  0.0    0 10.2 23  90   M    M   8        31  90
================================================================================
SM 1612 1121       577   0  3.22     3.9 344.8          M      184
================================================================================
AV 53.7 37.4                              11.5 FASTST   M    M   6    MAX(MPH)
                                 MISC ---->  # 39 230               # 53  210
================================================================================
NOTES:
# LAST OF SEVERAL OCCURRENCES

COLUMN 17 PEAK WIND IN M.P.H.

PRELIMINARY LOCAL CLIMATOLOGICAL DATA (WS FORM: F-6) , PAGE 2

                                          STATION:  MUSKEGON MI
                                          MONTH:    NOVEMBER
                                          YEAR:     2015
                                          LATITUDE:   43 10 N
                                          LONGITUDE:  86 14 W

[TEMPERATURE DATA]      [PRECIPITATION DATA]       SYMBOLS USED IN COLUMN 16

AVERAGE MONTHLY: 45.5   TOTAL FOR MONTH:   3.22    1 = FOG OR MIST
DPTR FM NORMAL:   5.3   DPTR FM NORMAL:   -0.14    2 = FOG REDUCING VISIBILITY
HIGHEST:    70 ON  3    GRTST 24HR  1.64 ON 26-27      TO 1/4 MILE OR LESS
LOWEST:     18 ON 29                               3 = THUNDER
                        SNOW, ICE PELLETS, HAIL    4 = ICE PELLETS
                        TOTAL MONTH:   3.9 INCHES  5 = HAIL
                        GRTST 24HR   2.8 ON   M    6 = FREEZING RAIN OR DRIZZLE
                        GRTST DEPTH:   3 ON 23,22  7 = DUSTSTORM OR SANDSTORM:
                                                       VSBY 1/2 MILE OR LESS
                                                   8 = SMOKE OR HAZE
[NO. OF DAYS WITH]      [WEATHER - DAYS WITH]      9 = BLOWING SNOW
                                                   X = TORNADO
MAX 32 OR BELOW:   0    0.01 INCH OR MORE:  12
MAX 90 OR ABOVE:   0    0.10 INCH OR MORE:   8
MIN 32 OR BELOW:  13    0.50 INCH OR MORE:   3
MIN  0 OR BELOW:   0    1.00 INCH OR MORE:   1

[HDD (BASE 65) ]
TOTAL THIS MO.   577    CLEAR  (SCALE 0-3)   6
DPTR FM NORMAL  -167    PTCLDY (SCALE 4-7)  13
TOTAL FM JUL 1  1067    CLOUDY (SCALE 8-10) 11
DPTR FM NORMAL  -300

[CDD (BASE 65) ]
TOTAL THIS MO.     0
DPTR FM NORMAL     0    [PRESSURE DATA]
TOTAL FM JAN 1   570    HIGHEST SLP 30.48 ON 27
DPTR FM NORMAL     4    LOWEST  SLP 29.18 ON 12

[REMARKS]
#FINAL-11-15#
