000
CXUS53 KGRR 011017
CF6MKG
PRELIMINARY LOCAL CLIMATOLOGICAL DATA (WS FORM: F-6)

                                          STATION:   MUSKEGON MI
                                          MONTH:     MAY
                                          YEAR:      2014
                                          LATITUDE:   43 10 N
                                          LONGITUDE:  86 14 W

  TEMPERATURE IN F:       :PCPN:    SNOW:  WIND      :SUNSHINE: SKY     :PK WND
================================================================================
1   2   3   4   5  6A  6B    7    8   9   10  11  12  13   14  15   16   17  18
                                     12Z  AVG MX 2MIN
DY MAX MIN AVG DEP HDD CDD  WTR  SNW DPTH SPD SPD DIR MIN PSBL S-S WX    SPD DR
================================================================================

 1  45  39  42 -10  23   0 0.12  0.0    0 11.2 20 200   M    M   9 1      26 210
 2  49  42  46  -7  19   0 0.01  0.0    0  9.9 20 210   M    M  10 18     25 210
 3  57  42  50  -3  15   0 0.16  0.0    0 10.0 21 180   M    M   8 18     29 180
 4  56  43  50  -3  15   0 0.00  0.0    0 11.3 28 330   M    M   5        35 340
 5  60  42  51  -3  14   0 0.00  0.0    0  7.0 13  70   M    M   6        16  50
 6  65  42  54   0  11   0 0.00  0.0    0 11.9 21 110   M    M   4        27  70
 7  62  45  54   0  11   0 0.79  0.0    0 15.1 25  90   M    M   8 3      32  90
 8  83  53  68  14   0   3    T  0.0    0 13.7 25 190   M    M   6        36 180
 9  75  51  63   8   2   0 1.20  0.0    0 18.6 32 200   M    M   7 13     44 210
10  65  46  56   1   9   0 0.00  0.0    0  7.2 16 280   M    M   4        19 280
11  77  45  61   6   4   0 0.03  0.0    0  8.0 22 200   M    M   6 3      28 200
12  78  59  69  13   0   4 0.41  0.0    0  8.0 24 280   M    M   8 13     31 290
13  66  48  57   1   8   0 0.05  0.0    0  8.4 24 210   M    M   9 123    32 210
14  60  48  54  -2  11   0 0.26  0.0    0  7.7 18 330   M    M   9 1      23 330
15  49  36  43 -14  22   0 0.35  0.0    0 13.7 25 330   M    M   9 1      32 330
16  48  30  39 -18  26   0 0.00  0.0    0  6.4 15 280   M    M   6        19 250
17  55  37  46 -11  19   0    T  0.0    0  9.1 21 210   M    M   7        25 220
18  63  46  55  -3  10   0 0.00  0.0    0 15.3 23 200   M    M   4        31 190
19  67  49  58   0   7   0 0.09  0.0    0  9.4 16  90   M    M   6        24 100
20  74  55  65   7   0   0 0.01  0.0    0 10.9 24 200   M    M   8        31 190
21  73  49  61   3   4   0 0.23  0.0    0  5.1 14 200   M    M   5 13     17 200
22  69  48  59   0   6   0 0.00  0.0    0  8.7 18 310   M    M   4        25 310
23  63  47  55  -4  10   0 0.00  0.0    0  7.8 17 290   M    M   1        23 290
24  72  42  57  -2   8   0 0.00  0.0    0  3.9 15 270   M    M   2        18 270
25  77  46  62   2   3   0 0.00  0.0    0  3.8 12 220   M    M   2        16 240
26  75  56  66   6   0   1 0.01  0.0    0  7.7 16 220   M    M   5        22 220
27  72  53  63   3   2   0    T  0.0    0  6.3 15 210   M    M   9 18     19 210
28  80  52  66   5   0   1 0.00  0.0    0  5.8 13  60   M    M   7        18  40
29  78  52  65   4   0   0 0.00  0.0    0  5.5 12 310   M    M   2        16 270
30  80  53  67   6   0   2 0.00  0.0    0  5.5 13 280   M    M   1        16 300
31  85  57  71   9   0   6 0.00  0.0    0  5.0 13 230   M    M   2        16 260
================================================================================
SM 2078 1453       259  17  3.72     0.0 277.9          M      179
================================================================================
AV 67.0 46.9                               9.0 FASTST   M    M   6    MAX(MPH)
                                 MISC ---->  # 32 200               # 44  210
================================================================================
NOTES:
# LAST OF SEVERAL OCCURRENCES

COLUMN 17 PEAK WIND IN M.P.H.

PRELIMINARY LOCAL CLIMATOLOGICAL DATA (WS FORM: F-6) , PAGE 2

                                          STATION:  MUSKEGON MI
                                          MONTH:    MAY
                                          YEAR:     2014
                                          LATITUDE:   43 10 N
                                          LONGITUDE:  86 14 W

[TEMPERATURE DATA]      [PRECIPITATION DATA]       SYMBOLS USED IN COLUMN 16

AVERAGE MONTHLY: 57.0   TOTAL FOR MONTH:   3.72    1 = FOG OR MIST
DPTR FM NORMAL:   0.1   DPTR FM NORMAL:    0.47    2 = FOG REDUCING VISIBILITY
HIGHEST:    85 ON 31    GRTST 24HR  1.20 ON  9- 9      TO 1/4 MILE OR LESS
LOWEST:     30 ON 16                               3 = THUNDER
                        SNOW, ICE PELLETS, HAIL    4 = ICE PELLETS
                        TOTAL MONTH:   0.0 INCH    5 = HAIL
                        GRTST 24HR     0.0         6 = FREEZING RAIN OR DRIZZLE
                        GRTST DEPTH:   0           7 = DUSTSTORM OR SANDSTORM:
                                                       VSBY 1/2 MILE OR LESS
                                                   8 = SMOKE OR HAZE
[NO. OF DAYS WITH]      [WEATHER - DAYS WITH]      9 = BLOWING SNOW
                                                   X = TORNADO
MAX 32 OR BELOW:   0    0.01 INCH OR MORE:  14
MAX 90 OR ABOVE:   0    0.10 INCH OR MORE:   8
MIN 32 OR BELOW:   1    0.50 INCH OR MORE:   2
MIN  0 OR BELOW:   0    1.00 INCH OR MORE:   1

[HDD (BASE 65) ]
TOTAL THIS MO.   259    CLEAR  (SCALE 0-3)   6
DPTR FM NORMAL   -17    PTCLDY (SCALE 4-7)  18
TOTAL FM JUL 1  7164    CLOUDY (SCALE 8-10)  7
DPTR FM NORMAL   670

[CDD (BASE 65) ]
TOTAL THIS MO.    17
DPTR FM NORMAL    -8    [PRESSURE DATA]
TOTAL FM JAN 1    17    HIGHEST SLP 30.27 ON 19
DPTR FM NORMAL   -12    LOWEST  SLP 29.60 ON  3

[REMARKS]
#FINAL-05-14#
