000
CXUS53 KGRR 011017
CF6MKG
PRELIMINARY LOCAL CLIMATOLOGICAL DATA (WS FORM: F-6)

                                          STATION:   MUSKEGON MI
                                          MONTH:     DECEMBER
                                          YEAR:      2010
                                          LATITUDE:   43 10 N
                                          LONGITUDE:  86 14 W

  TEMPERATURE IN F:       :PCPN:    SNOW:  WIND      :SUNSHINE: SKY     :PK WND
================================================================================
1   2   3   4   5  6A  6B    7    8   9   10  11  12  13   14  15   16   17  18
                                     12Z  AVG MX 2MIN
DY MAX MIN AVG DEP HDD CDD  WTR  SNW DPTH SPD SPD DIR MIN PSBL S-S WX    SPD DR
================================================================================

 1  33  28  31  -2  34   0 0.16  2.9    T 13.1 21 280   M    M  10 1      26 280
 2  30  27  29  -4  36   0    T    T    3  8.3 16 260   M    M   8        22 250
 3  32  27  30  -2  35   0    T    T    2  1.2  6 130   M    M  10 8       7  60
 4  33  28  31  -1  34   0 0.00  0.0    2  5.7 17 340   M    M  10        23 350
 5  32  26  29  -3  36   0 0.19  4.2    2 11.5 24 320   M    M  10 128    31 330
 6  27  22  25  -6  40   0 0.20  2.6    0 15.0 23 330   M    M  10 18     28 330
 7  28  22  25  -6  40   0 0.02  0.3    7 14.2 23 340   M    M   9        30 330
 8  28  16  22  -9  43   0 0.01  0.2    6  7.6 16 350   M    M   9        23 220
 9  29  15  22  -8  43   0 0.04  1.0    5 10.0 18 160   M    M  10 8      24 150
10  38  26  32   2  33   0 0.01  0.3    5  9.4 20 230   M    M   8 18     24 250
11  38  25  32   2  33   0 0.40  0.1    3 10.8 18 100   M    M   7 18     24 100
12  35  22  29  -1  36   0 0.24  0.8    2 15.9 36 350   M    M  10 1      47 360
13  22  15  19 -10  46   0    T    T    2 16.1 31 350   M    M   6 8      43 330
14  27  18  23  -6  42   0    T  0.1    2  9.8 20 340   M    M   9        25 350
15  28  15  22  -7  43   0 0.00  0.0    2  3.5 10 320   M    M   9        15 300
16  30  11  21  -7  44   0 0.00  0.0    2  1.4  8 340   M    M   6 18      9 330
17  29  26  28   0  37   0 0.00  0.0    2 11.4 20 260   M    M  10        26 280
18  26  22  24  -4  41   0    T    T    2 11.3 17 240   M    M  10 8      23 240
19  28  26  27  -1  38   0    T    T    2  4.7 12 280   M    M  10        15 280
20  30  26  28   1  37   0 0.00  0.0    2  4.4 12 110   M    M   8        15 110
21  31  28  30   3  35   0 0.02  0.2    2 10.6 20 120   M    M  10 168    23 130
22  36  26  31   4  34   0 0.08  0.9    2  9.4 18 330   M    M   6 1      24 340
23  34  31  33   6  32   0 0.01  0.2    2  9.5 16 340   M    M  10        21 330
24  32  27  30   4  35   0 0.00  0.0    2  4.9 10  60   M    M  10        13  40
25  29  23  26   0  39   0 0.00  0.0    2  6.0 13  20   M    M   9        17  40
26  32  21  27   1  38   0 0.00  0.0    2  7.7 14 350   M    M   5        18  20
27  31  24  28   2  37   0 0.00  0.0    2  6.5 18 250   M    M  10        24 250
28  35  26  31   5  34   0    T    T    1 13.6 24 240   M    M   9 18     32 250
29  40  30  35  10  30   0 0.00  0.0    1  9.6 17 180   M    M   4 18     24 180
30  49  35  42  17  23   0 0.05  0.0    0 11.8 24 180   M    M  10 18     36 180
31  58  48  53  28  12   0 0.44  0.0    0 17.2 26 190   M    M   9 1      38 190
================================================================================
SM 1010  762      1120   0  1.87    13.8 292.1          M      271
================================================================================
AV 32.6 24.6                               9.4 FASTST   M    M   9    MAX(MPH)
                                 MISC ---->  # 36 350               # 47  360
================================================================================
NOTES:
# LAST OF SEVERAL OCCURRENCES

COLUMN 17 PEAK WIND IN M.P.H.

PRELIMINARY LOCAL CLIMATOLOGICAL DATA (WS FORM: F-6) , PAGE 2

                                          STATION:  MUSKEGON MI
                                          MONTH:    DECEMBER
                                          YEAR:     2010
                                          LATITUDE:   43 10 N
                                          LONGITUDE:  86 14 W

[TEMPERATURE DATA]      [PRECIPITATION DATA]       SYMBOLS USED IN COLUMN 16

AVERAGE MONTHLY: 28.6   TOTAL FOR MONTH:   1.87    1 = FOG OR MIST
DPTR FM NORMAL:  -0.0   DPTR FM NORMAL:   -0.77    2 = FOG REDUCING VISIBILITY
HIGHEST:    58 ON 31    GRTST 24HR  0.44 ON 31-31      TO 1/4 MILE OR LESS
LOWEST:     11 ON 16                               3 = THUNDER
                        SNOW, ICE PELLETS, HAIL    4 = ICE PELLETS
                        TOTAL MONTH:  13.8 INCHES  5 = HAIL
                        GRTST 24HR   4.2 ON   M    6 = FREEZING RAIN OR DRIZZLE
                        GRTST DEPTH:   7 ON  7     7 = DUSTSTORM OR SANDSTORM:
                                                       VSBY 1/2 MILE OR LESS
                                                   8 = SMOKE OR HAZE
[NO. OF DAYS WITH]      [WEATHER - DAYS WITH]      9 = BLOWING SNOW
                                                   X = TORNADO
MAX 32 OR BELOW:  20    0.01 INCH OR MORE:  14
MAX 90 OR ABOVE:   0    0.10 INCH OR MORE:   6
MIN 32 OR BELOW:  29    0.50 INCH OR MORE:   0
MIN  0 OR BELOW:   0    1.00 INCH OR MORE:   0

[HDD (BASE 65) ]
TOTAL THIS MO.  1120    CLEAR  (SCALE 0-3)   0
DPTR FM NORMAL     3    PTCLDY (SCALE 4-7)   7
TOTAL FM JUL 1  2276    CLOUDY (SCALE 8-10) 24
DPTR FM NORMAL  -311

[CDD (BASE 65) ]
TOTAL THIS MO.     0
DPTR FM NORMAL     0    [PRESSURE DATA]
TOTAL FM JAN 1   893    HIGHEST SLP 30.48 ON 23
DPTR FM NORMAL   406    LOWEST  SLP 29.49 ON 12

[REMARKS]
#FINAL-12-10#
