000
CXUS53 KGRR 011017
CF6MKG
PRELIMINARY LOCAL CLIMATOLOGICAL DATA (WS FORM: F-6)

                                          STATION:   MUSKEGON MI
                                          MONTH:     OCTOBER
                                          YEAR:      2010
                                          LATITUDE:   43 10 N
                                          LONGITUDE:  86 14 W

  TEMPERATURE IN F:       :PCPN:    SNOW:  WIND      :SUNSHINE: SKY     :PK WND
================================================================================
1   2   3   4   5  6A  6B    7    8   9   10  11  12  13   14  15   16   17  18
                                     12Z  AVG MX 2MIN
DY MAX MIN AVG DEP HDD CDD  WTR  SNW DPTH SPD SPD DIR MIN PSBL S-S WX    SPD DR
================================================================================

 1  66  42  54  -1  11   0 0.45  0.0    0  4.0 13 190   M    M   4 13     17 190
 2  58  41  50  -5  15   0 0.01  0.0    0 10.4 18 360   M    M   6 1      25 350
 3  58  39  49  -5  16   0 0.00  0.0    0  6.3 15  20   M    M   1        21 340
 4  59  33  46  -8  19   0 0.00  0.0    0  3.4 14 280   M    M   0        18 290
 5  65  34  50  -4  15   0 0.00  0.0    0  3.2 14 290   M    M   0 12     18 290
 6  67  39  53   0  12   0 0.00  0.0    0  3.8 15 220   M    M   1 1      17 220
 7  66  43  55   2  10   0 0.00  0.0    0  4.6 14 270   M    M   0        18 310
 8  71  44  58   5   7   0 0.00  0.0    0  7.0 16 210   M    M   0 1      21 200
 9  77  53  65  13   0   0 0.00  0.0    0  5.7 13 130   M    M   0        16 120
10  72  50  61   9   4   0 0.00  0.0    0  1.8 10 230   M    M   0 1      13 230
11  76  46  61   9   4   0 0.00  0.0    0  3.5 10 280   M    M   1 12     14 280
12  71  49  60   9   5   0 0.00  0.0    0  3.4  9 230   M    M   1        13 230
13  66  48  57   6   8   0 0.04  0.0    0  7.3 21 330   M    M   4 13     28 340
14  63  37  50   0  15   0 0.20  0.0    0  5.7 26 340   M    M   4 1      32 330
15  62  42  52   2  13   0 0.00  0.0    0  6.1 17 330   M    M   2 1      24 360
16  63  35  49  -1  16   0 0.00  0.0    0  9.1 23 210   M    M   1        29 200
17  60  40  50   1  15   0    T    M    0  5.5 17 290   M    M   1        21 330
18  57  40  49   0  16   0 0.01  0.0    0  5.7 15 320   M    M   8        20 290
19  58  35  47  -2  18   0 0.00  0.0    0  6.1 18 250   M    M   2        25 290
20  63  48  56   8   9   0 0.15  0.0    0 12.7 24 320   M    M   4 1      33 330
21  52  46  49   1  16   0    T  0.0    0 11.0 25 320   M    M   7        32 310
22  58  32  45  -3  20   0 0.00  0.0    0  6.9 21 220   M    M   3        26 220
23  63  57  60  13   5   0 0.11  0.0    0 10.5 20 200   M    M  10        26 210
24  68  57  63  16   2   0 0.62  0.0    0  8.4 22 190   M    M   9 13     29 180
25  66  60  63  17   2   0 0.11  0.0    0 11.9 20 200   M    M   6 13     26 200
26  69  53  61  15   4   0 0.39  0.0    0 24.6 43 220   M    M   8 1      55 230
27  62  47  55   9  10   0 0.00  0.0    0 28.2 39 250   M    M   4        58 240
28  47  43  45   0  20   0 0.04  0.0    0 15.8 29 260   M    M  10 1      40 260
29  51  42  47   2  18   0 0.00  0.0    0 11.7 21 220   M    M   6        26 220
30  56  40  48   3  17   0 0.00  0.0    0 15.8 28 230   M    M   0        37 220
31  52  29  41  -3  24   0 0.00  0.0    0  5.6 14 350   M    M   2        20  10
================================================================================
SM 1942 1344       366   0  2.13     0.0 265.7          M      105
================================================================================
AV 62.6 43.4                               8.6 FASTST   M    M   3    MAX(MPH)
                                 MISC ---->  # 43 220               # 58  240
================================================================================
NOTES:
# LAST OF SEVERAL OCCURRENCES

COLUMN 17 PEAK WIND IN M.P.H.

PRELIMINARY LOCAL CLIMATOLOGICAL DATA (WS FORM: F-6) , PAGE 2

                                          STATION:  MUSKEGON MI
                                          MONTH:    OCTOBER
                                          YEAR:     2010
                                          LATITUDE:   43 10 N
                                          LONGITUDE:  86 14 W

[TEMPERATURE DATA]      [PRECIPITATION DATA]       SYMBOLS USED IN COLUMN 16

AVERAGE MONTHLY: 53.0   TOTAL FOR MONTH:   2.13    1 = FOG OR MIST
DPTR FM NORMAL:   3.3   DPTR FM NORMAL:   -0.67    2 = FOG REDUCING VISIBILITY
HIGHEST:    77 ON  9    GRTST 24HR  0.62 ON 24-24      TO 1/4 MILE OR LESS
LOWEST:     29 ON 31                               3 = THUNDER
                        SNOW, ICE PELLETS, HAIL    4 = ICE PELLETS
                        TOTAL MONTH:   0.0 INCH    5 = HAIL
                        GRTST 24HR     0.0         6 = FREEZING RAIN OR DRIZZLE
                        GRTST DEPTH:   0           7 = DUSTSTORM OR SANDSTORM:
                                                       VSBY 1/2 MILE OR LESS
                                                   8 = SMOKE OR HAZE
[NO. OF DAYS WITH]      [WEATHER - DAYS WITH]      9 = BLOWING SNOW
                                                   X = TORNADO
MAX 32 OR BELOW:   0    0.01 INCH OR MORE:  11
MAX 90 OR ABOVE:   0    0.10 INCH OR MORE:   7
MIN 32 OR BELOW:   2    0.50 INCH OR MORE:   1
MIN  0 OR BELOW:   0    1.00 INCH OR MORE:   0

[HDD (BASE 65) ]
TOTAL THIS MO.   366    CLEAR  (SCALE 0-3)  17
DPTR FM NORMAL  -110    PTCLDY (SCALE 4-7)  11
TOTAL FM JUL 1   493    CLOUDY (SCALE 8-10)  3
DPTR FM NORMAL  -193

[CDD (BASE 65) ]
TOTAL THIS MO.     0
DPTR FM NORMAL    -3    [PRESSURE DATA]
TOTAL FM JAN 1   893    HIGHEST SLP 30.46 ON  4
DPTR FM NORMAL   406    LOWEST  SLP 29.02 ON 26

[REMARKS]
#FINAL-10-10#
