000
CXUS53 KGRR 011017
CF6MKG
PRELIMINARY LOCAL CLIMATOLOGICAL DATA (WS FORM: F-6)

                                          STATION:   MUSKEGON MI
                                          MONTH:     JUNE
                                          YEAR:      2010
                                          LATITUDE:   43 10 N
                                          LONGITUDE:  86 14 W

  TEMPERATURE IN F:       :PCPN:    SNOW:  WIND      :SUNSHINE: SKY     :PK WND
================================================================================
1   2   3   4   5  6A  6B    7    8   9   10  11  12  13   14  15   16   17  18
                                     12Z  AVG MX 2MIN
DY MAX MIN AVG DEP HDD CDD  WTR  SNW DPTH SPD SPD DIR MIN PSBL S-S WX    SPD DR
================================================================================

 1  81  52  67   6   0   2 0.00  0.0    0  6.0 15 220   M    M   2 12     20 220
 2  73  59  66   4   0   1 0.33  0.0    0  5.7 18 190   M    M   5 18     25 200
 3  75  52  64   2   1   0 0.00  0.0    0  6.7 14 350   M    M   2        20 310
 4  75  50  63   1   2   0 0.03  0.0    0  5.4 18 210   M    M   3 1      22 210
 5  81  60  71   9   0   6 0.44  0.0    0  7.7 25 360   M    M   4 1      32 360
 6  67  55  61  -2   4   0    T  0.0    0 10.1 18 310   M    M   6        26 310
 7  67  46  57  -6   8   0 0.00  0.0    0  5.6 16 290   M    M   1        21 290
 8  66  49  58  -5   7   0 0.25  0.0    0  9.5 21 130   M    M   5 1      26 140
 9  73  60  67   4   0   2 0.06  0.0    0  9.0 20 220   M    M   6 18     26 220
10  72  54  63  -1   2   0    T  0.0    0  6.1 14 290   M    M   2        17 280
11  85  62  74  10   0   9 0.60  0.0    0 10.7 23 200   M    M   8 13     32 200
12  76  59  68   4   0   3 0.00  0.0    0  7.0 21 210   M    M   5 18     30 200
13  72  58  65   1   0   0    T  0.0    0  4.1 13  60   M    M   7 1      15 280
14  75  62  69   4   0   4 0.03  0.0    0  4.3 13  70   M    M   9 1      25 100
15  78  65  72   7   0   7 0.03  0.0    0 11.3 18 110   M    M  10 18     23 110
16  72  62  67   2   0   2    T  0.0    0  7.7 16 290   M    M   8 12     28  10
17  79  59  69   4   0   4 0.00  0.0    0  5.5 13 230   M    M   2 1      21 140
18  84  68  76  10   0  11 0.08  0.0    0 11.6 30 220   M    M   3 13     39 220
19  80  65  73   7   0   8 0.00  0.0    0  9.3 18 180   M    M   1        25 170
20  79  59  69   3   0   4 0.00  0.0    0  4.0 13 260   M    M   1 1      17 290
21  84  59  72   6   0   7 0.70  0.0    0  6.9 29 180   M    M   2 13     35 190
22  81  67  74   8   0   9 0.59  0.0    0  8.8 17 160   M    M   3 13     22 220
23  80  69  75   8   0  10 0.48  0.0    0 11.9 32 290   M    M   5 13     46 300
24  77  63  70   3   0   5    T  0.0    0  9.1 29 220   M    M   6 1      37 220
25  80  55  68   1   0   3 0.00  0.0    0  9.0 21 190   M    M   0 18     25 190
26  80  67  74   7   0   9    T  0.0    0  8.9 21 190   M    M   2 1      28 210
27  76  67  72   4   0   7 0.90  0.0    0  8.2 20 190   M    M   6 138    25 200
28  79  60  70   2   0   5 0.00  0.0    0 11.3 20 290   M    M   4        26 290
29  70  52  61  -7   4   0 0.00  0.0    0  5.9 18 340   M    M   2        24 280
30  71  50  61  -7   4   0 0.00  0.0    0  5.7 17 290   M    M   3        24 280
================================================================================
SM 2288 1765        32 118  4.52     0.0 233.0          M      123
================================================================================
AV 76.3 58.8                               7.8 FASTST   M    M   4    MAX(MPH)
                                 MISC ---->  # 32 290               # 46  300
================================================================================
NOTES:
# LAST OF SEVERAL OCCURRENCES

COLUMN 17 PEAK WIND IN M.P.H.

PRELIMINARY LOCAL CLIMATOLOGICAL DATA (WS FORM: F-6) , PAGE 2

                                          STATION:  MUSKEGON MI
                                          MONTH:    JUNE
                                          YEAR:     2010
                                          LATITUDE:   43 10 N
                                          LONGITUDE:  86 14 W

[TEMPERATURE DATA]      [PRECIPITATION DATA]       SYMBOLS USED IN COLUMN 16

AVERAGE MONTHLY: 67.6   TOTAL FOR MONTH:   4.52    1 = FOG OR MIST
DPTR FM NORMAL:   2.7   DPTR FM NORMAL:    1.94    2 = FOG REDUCING VISIBILITY
HIGHEST:    85 ON 11    GRTST 24HR  1.29 ON 21-22      TO 1/4 MILE OR LESS
LOWEST:     46 ON  7                               3 = THUNDER
                        SNOW, ICE PELLETS, HAIL    4 = ICE PELLETS
                        TOTAL MONTH:   0.0 INCH    5 = HAIL
                        GRTST 24HR     0.0         6 = FREEZING RAIN OR DRIZZLE
                        GRTST DEPTH:   0           7 = DUSTSTORM OR SANDSTORM:
                                                       VSBY 1/2 MILE OR LESS
                                                   8 = SMOKE OR HAZE
[NO. OF DAYS WITH]      [WEATHER - DAYS WITH]      9 = BLOWING SNOW
                                                   X = TORNADO
MAX 32 OR BELOW:   0    0.01 INCH OR MORE:  13
MAX 90 OR ABOVE:   0    0.10 INCH OR MORE:   8
MIN 32 OR BELOW:   0    0.50 INCH OR MORE:   4
MIN  0 OR BELOW:   0    1.00 INCH OR MORE:   0

[HDD (BASE 65) ]
TOTAL THIS MO.    32    CLEAR  (SCALE 0-3)  14
DPTR FM NORMAL   -46    PTCLDY (SCALE 4-7)  14
TOTAL FM JUL 1  6145    CLOUDY (SCALE 8-10)  2
DPTR FM NORMAL  -798

[CDD (BASE 65) ]
TOTAL THIS MO.   118
DPTR FM NORMAL    32    [PRESSURE DATA]
TOTAL FM JAN 1   204    HIGHEST SLP 30.31 ON 30
DPTR FM NORMAL    90    LOWEST  SLP 29.52 ON 27

[REMARKS]
#FINAL-06-10#
