000
CXUS53 KGRR 011017
CF6MKG
PRELIMINARY LOCAL CLIMATOLOGICAL DATA (WS FORM: F-6)
STATION: MUSKEGON
MONTH: MARCH
YEAR: 2020
LATITUDE: 43 10 N
LONGITUDE: 86 14 W
TEMPERATURE IN F: :PCPN: SNOW: WIND :SUNSHINE: SKY :PK WND
================================================================================
1 2 3 4 5 6A 6B 7 8 9 10 11 12 13 14 15 16 17 18
12Z AVG MX 2MIN
DY MAX MIN AVG DEP HDD CDD WTR SNW DPTH SPD SPD DIR MIN PSBL S-S WX SPD DR
================================================================================
1 50 25 38 8 27 0 0.00 0.0 0 15.1 28 190 M M 6 44 190
2 44 27 36 6 29 0 0.00 0.0 0 6.6 17 280 M M 2 23 280
3 39 25 32 1 33 0 0.03 T 0 8.9 18 250 M M 7 1 30 240
4 40 24 32 1 33 0 0.00 0.0 0 9.8 22 280 M M 3 34 280
5 47 23 35 4 30 0 0.07 0.0 0 11.5 29 220 M M 7 39 170
6 37 24 31 -1 34 0 T T 0 14.7 28 330 M M 8 1 39 350
7 44 16 30 -2 35 0 0.00 0.0 0 10.9 24 190 M M 2 38 180
8 57 39 48 16 17 0 0.00 0.0 0 19.8 30 190 M M 5 45 200
9 54 43 49 17 16 0 0.78 0.0 0 19.2 28 190 M M 8 13 44 180
10 49 30 40 7 25 0 0.07 0.0 0 8.5 23 190 M M 6 1 32 340
11 41 33 37 4 28 0 0.01 T 0 4.8 13 220 M M 10 18 16 220
12 55 34 45 11 20 0 0.17 0.0 0 11.0 29 250 M M 9 18 46 230
13 43 35 39 5 26 0 0.00 0.0 0 14.3 25 300 M M 6 41 290
14 37 31 34 0 31 0 0.00 0.0 0 7.1 16 320 M M 8 21 320
15 45 26 36 2 29 0 0.00 0.0 0 8.0 13 310 M M 2 20 110
16 42 24 33 -2 32 0 T T 0 9.5 17 200 M M 7 18 24 240
17 40 28 34 -1 31 0 0.00 0.0 0 10.1 22 290 M M 5 33 290
18 47 29 38 2 27 0 0.00 0.0 0 8.2 16 120 M M 9 21 130
19 56 35 46 10 19 0 0.49 0.0 0 11.9 24 200 M M 10 18 35 190
20 44 25 35 -1 30 0 0.41 T 0 16.0 30 340 M M 10 13 41 340
21 34 22 28 -9 37 0 0.00 0.0 0 7.7 15 260 M M 6 20 10
22 41 20 31 -6 34 0 0.03 0.4 0 8.6 17 110 M M 7 1 24 100
23 42 29 36 -1 29 0 0.09 1.2 2 3.9 12 260 M M 8 1 14 260
24 50 31 41 3 24 0 0.00 0.0 0 4.9 12 70 M M 9 18 18 110
25 51 27 39 1 26 0 0.00 0.0 0 7.3 15 180 M M 4 18 23 190
26 52 42 47 9 18 0 T 0.0 0 6.9 16 230 M M 9 18 23 210
27 57 37 47 8 18 0 0.02 0.0 0 9.4 17 110 M M 7 22 70
28 50 42 46 7 19 0 1.51 0.0 0 14.1 28 110 M M 10 13 35 120
29 57 40 49 9 16 0 0.10 0.0 0 17.3 26 210 M M 10 1 39 220
30 42 37 40 0 25 0 0.01 0.0 0 13.2 22 330 M M 10 1 32 350
31 46 36 41 1 24 0 0.00 0.0 0 6.8 12 50 M M 10 16 40
================================================================================
SM 1433 939 822 0 3.79 1.6 326.0 M 220
================================================================================
AV 46.2 30.3 10.5 FASTST M M 7 MAX(MPH)
MISC ----> # 30 190 # 46 230
================================================================================
NOTES:
# LAST OF SEVERAL OCCURRENCES
COLUMN 17 PEAK WIND IN M.P.H.
PRELIMINARY LOCAL CLIMATOLOGICAL DATA (WS FORM: F-6) , PAGE 2
STATION: MUSKEGON
MONTH: MARCH
YEAR: 2020
LATITUDE: 43 10 N
LONGITUDE: 86 14 W
[TEMPERATURE DATA] [PRECIPITATION DATA] SYMBOLS USED IN COLUMN 16
AVERAGE MONTHLY: 38.3 TOTAL FOR MONTH: 3.79 1 = FOG OR MIST
DPTR FM NORMAL: 3.3 DPTR FM NORMAL: 1.54 2 = FOG REDUCING VISIBILITY
HIGHEST: 57 ON 29,27 GRTST 24HR 1.51 ON 28-28 TO 1/4 MILE OR LESS
LOWEST: 16 ON 7 3 = THUNDER
SNOW, ICE PELLETS, HAIL 4 = ICE PELLETS
TOTAL MONTH: 1.6 INCHES 5 = HAIL
GRTST 24HR 1.2 ON 23-23 6 = FREEZING RAIN OR DRIZZLE
GRTST DEPTH: 2 ON 23 7 = DUSTSTORM OR SANDSTORM:
VSBY 1/2 MILE OR LESS
8 = SMOKE OR HAZE
[NO. OF DAYS WITH] [WEATHER - DAYS WITH] 9 = BLOWING SNOW
X = TORNADO
MAX 32 OR BELOW: 0 0.01 INCH OR MORE: 14
MAX 90 OR ABOVE: 0 0.10 INCH OR MORE: 6
MIN 32 OR BELOW: 19 0.50 INCH OR MORE: 2
MIN 0 OR BELOW: 0 1.00 INCH OR MORE: 1
[HDD (BASE 65) ]
TOTAL THIS MO. 822 CLEAR (SCALE 0-3) 4
DPTR FM NORMAL -108 PTCLDY (SCALE 4-7) 16
TOTAL FM JUL 1 5227 CLOUDY (SCALE 8-10) 11
DPTR FM NORMAL -435
[CDD (BASE 65) ]
TOTAL THIS MO. 0
DPTR FM NORMAL 0 [PRESSURE DATA]
TOTAL FM JAN 1 0 HIGHEST SLP 30.70 ON 15
DPTR FM NORMAL 0 LOWEST SLP 29.41 ON 29
[REMARKS]
#FINAL-03-20#