000
CXUS53 KGRR 011017
CF6MKG
PRELIMINARY LOCAL CLIMATOLOGICAL DATA (WS FORM: F-6)

                                          STATION:   MUSKEGON MI
                                          MONTH:     MARCH
                                          YEAR:      2010
                                          LATITUDE:   43 10 N
                                          LONGITUDE:  86 14 W

  TEMPERATURE IN F:       :PCPN:    SNOW:  WIND      :SUNSHINE: SKY     :PK WND
================================================================================
1   2   3   4   5  6A  6B    7    8   9   10  11  12  13   14  15   16   17  18
                                     12Z  AVG MX 2MIN
DY MAX MIN AVG DEP HDD CDD  WTR  SNW DPTH SPD SPD DIR MIN PSBL S-S WX    SPD DR
================================================================================

 1  38  28  33   4  32   0    T    T    6  7.9 16 340   M    M   2 1      20 340
 2  37  21  29   0  36   0 0.00  0.0    5  5.8 12 290   M    M   1        16 280
 3  42  22  32   2  33   0 0.00  0.0    4  7.6 16 320   M    M   0        18 330
 4  39  16  28  -2  37   0 0.00  0.0    4  6.1 15 330   M    M   1        18 330
 5  39  19  29  -1  36   0 0.00  0.0    3  3.5 12 280   M    M   0        14 280
 6  38  16  27  -4  38   0 0.00  0.0    3  2.1  9 230   M    M   0 1      13 230
 7  43  21  32   1  33   0 0.00  0.0    2  2.4  9 230   M    M   0 18     10 230
 8  41  22  32   1  33   0 0.00  0.0    1  3.2 12 220   M    M   4 128    15 230
 9  55  26  41   9  24   0    T  0.0    1  6.1 16 120   M    M   4 128    20 140
10  52  43  48  16  17   0 0.05  0.0    0  9.6 17 120   M    M   9 18     21 130
11  59  44  52  20  13   0 0.84  0.0    0  8.6 20 130   M    M   5 18     26 110
12  57  46  52  19  13   0 0.00  0.0    0  8.8 16  50   M    M   8 128    22  40
13  52  44  48  15  17   0    T  0.0    0 17.5 30  60   M    M  10 1      43  50
14  51  41  46  13  19   0 0.00  0.0    0 12.0 20  30   M    M  10        28  30
15  56  41  49  15  16   0 0.00  0.0    0  6.5 14  30   M    M   8        20  40
16  61  29  45  11  20   0 0.00  0.0    0  3.2 15 290   M    M   0 8      18 290
17  59  29  44  10  21   0 0.00  0.0    0  3.7 14 280   M    M   0        16 280
18  55  30  43   8  22   0 0.00  0.0    0  8.6 20 220   M    M   0        25 220
19  52  41  47  12  18   0    T  0.0    0 10.7 17 330   M    M   3        21 340
20  41  30  36   1  29   0 0.04  0.4    T  7.4 18  20   M    M  10 18     25  20
21  47  33  40   4  25   0 0.00  0.0    0  5.6 12 290   M    M   5        14 290
22  57  30  44   8  21   0 0.00  0.0    0 11.0 24  70   M    M   0        30  60
23  48  30  39   3  26   0 0.00  0.0    0  5.9 16 280   M    M   0        28 250
24  53  26  40   3  25   0 0.00  0.0    0  1.8 10 250   M    M   1        16 110
25  45  23  34  -3  31   0 0.00  0.0    0 10.2 20  10   M    M   3        26  20
26  36  19  28  -9  37   0 0.00  0.0    0  6.2 15 270   M    M   0        21  30
27  52  25  39   1  26   0 0.00  0.0    0  7.9 16 140   M    M   0        21 150
28  59  36  48  10  17   0 0.00  0.0    0  9.9 21 350   M    M   2        26 330
29  46  29  38   0  27   0 0.00  0.0    0  6.7 14 360   M    M   1        17 360
30  54  27  41   2  24   0 0.00  0.0    0  6.9 16 200   M    M   0 18     20 220
31  76  44  60  21   5   0 0.00  0.0    0 12.6 28 180   M    M   0        36 180
================================================================================
SM 1540  931       771   0  0.93     0.4 226.0          M       87
================================================================================
AV 49.7 30.0                               7.3 FASTST   M    M   3    MAX(MPH)
                                 MISC ---->  # 30  60               # 43   50
================================================================================
NOTES:
# LAST OF SEVERAL OCCURRENCES

COLUMN 17 PEAK WIND IN M.P.H.

PRELIMINARY LOCAL CLIMATOLOGICAL DATA (WS FORM: F-6) , PAGE 2

                                          STATION:  MUSKEGON MI
                                          MONTH:    MARCH
                                          YEAR:     2010
                                          LATITUDE:   43 10 N
                                          LONGITUDE:  86 14 W

[TEMPERATURE DATA]      [PRECIPITATION DATA]       SYMBOLS USED IN COLUMN 16

AVERAGE MONTHLY: 39.9   TOTAL FOR MONTH:   0.93    1 = FOG OR MIST
DPTR FM NORMAL:   5.9   DPTR FM NORMAL:   -1.43    2 = FOG REDUCING VISIBILITY
HIGHEST:    76 ON 31    GRTST 24HR  0.84 ON 11-11      TO 1/4 MILE OR LESS
LOWEST:     16 ON  6, 4                            3 = THUNDER
                        SNOW, ICE PELLETS, HAIL    4 = ICE PELLETS
                        TOTAL MONTH:   0.4 INCH    5 = HAIL
                        GRTST 24HR   0.4 ON   M    6 = FREEZING RAIN OR DRIZZLE
                        GRTST DEPTH:   6 ON  1     7 = DUSTSTORM OR SANDSTORM:
                                                       VSBY 1/2 MILE OR LESS
                                                   8 = SMOKE OR HAZE
[NO. OF DAYS WITH]      [WEATHER - DAYS WITH]      9 = BLOWING SNOW
                                                   X = TORNADO
MAX 32 OR BELOW:   0    0.01 INCH OR MORE:   3
MAX 90 OR ABOVE:   0    0.10 INCH OR MORE:   1
MIN 32 OR BELOW:  21    0.50 INCH OR MORE:   1
MIN  0 OR BELOW:   0    1.00 INCH OR MORE:   0

[HDD (BASE 65) ]
TOTAL THIS MO.   771    CLEAR  (SCALE 0-3)  21
DPTR FM NORMAL  -197    PTCLDY (SCALE 4-7)   5
TOTAL FM JUL 1  5476    CLOUDY (SCALE 8-10)  5
DPTR FM NORMAL  -491

[CDD (BASE 65) ]
TOTAL THIS MO.     0
DPTR FM NORMAL     0    [PRESSURE DATA]
TOTAL FM JAN 1     0    HIGHEST SLP 30.46 ON  6
DPTR FM NORMAL     0    LOWEST  SLP 29.56 ON 13

[REMARKS]
#FINAL-03-10#
