000
CXUS53 KGRR 011017
CF6MKG
PRELIMINARY LOCAL CLIMATOLOGICAL DATA (WS FORM: F-6)
STATION: MUSKEGON
MONTH: FEBRUARY
YEAR: 2020
LATITUDE: 43 10 N
LONGITUDE: 86 14 W
TEMPERATURE IN F: :PCPN: SNOW: WIND :SUNSHINE: SKY :PK WND
================================================================================
1 2 3 4 5 6A 6B 7 8 9 10 11 12 13 14 15 16 17 18
12Z AVG MX 2MIN
DY MAX MIN AVG DEP HDD CDD WTR SNW DPTH SPD SPD DIR MIN PSBL S-S WX SPD DR
================================================================================
1 37 35 36 11 29 0 0.09 T 1 11.9 17 210 M M 10 1 27 260
2 50 36 43 18 22 0 0.00 0.0 1 14.0 23 210 M M 6 32 210
3 48 27 38 13 27 0 0.00 0.0 T 6.7 14 290 M M 5 1 22 280
4 39 26 33 7 32 0 0.00 0.0 0 11.5 18 350 M M 9 28 20
5 30 19 25 -1 40 0 0.00 0.0 0 7.5 14 50 M M 8 19 20
6 28 22 25 -1 40 0 0.05 1.0 0 5.6 13 360 M M 10 1 20 10
7 35 16 26 0 39 0 0.05 0.9 1 4.3 15 350 M M 7 18 19 340
8 33 20 27 1 38 0 0.02 0.4 1 5.9 12 130 M M 8 1 15 130
9 37 28 33 7 32 0 0.34 4.1 T 11.8 20 130 M M 9 128 27 130
10 34 20 27 1 38 0 0.00 0.0 4 4.3 17 350 M M 9 25 10
11 33 21 27 1 38 0 T T 3 11.2 18 280 M M 8 25 290
12 35 26 31 5 34 0 0.09 1.9 3 11.2 22 200 M M 9 1 32 200
13 33 13 23 -4 42 0 0.05 1.2 5 11.6 22 330 M M 10 19 30 330
14 20 12 16 -11 49 0 0.13 2.7 7 7.7 21 200 M M 10 18 28 210
15 34 9 22 -5 43 0 0.08 0.6 8 15.9 30 200 M M 10 89 42 200
16 34 18 26 -1 39 0 0.00 0.0 7 5.8 14 280 M M 4 19 280
17 34 16 25 -2 40 0 0.10 1.2 6 11.9 22 110 M M 9 19 33 110
18 38 26 32 4 33 0 0.01 0.2 7 15.7 28 290 M M 8 1 39 310
19 26 15 21 -7 44 0 0.00 0.0 6 10.5 24 330 M M 6 33 300
20 22 14 18 -10 47 0 0.00 0.0 6 8.0 15 320 M M 8 21 330
21 34 20 27 -1 38 0 0.00 0.0 6 17.7 28 220 M M 1 36 220
22 41 34 38 10 27 0 0.00 0.0 5 16.7 25 230 M M 1 38 210
23 44 36 40 11 25 0 0.00 0.0 4 14.3 23 200 M M 0 33 200
24 44 26 35 6 30 0 0.00 0.0 1 5.0 15 270 M M 7 1 26 280
25 43 30 37 8 28 0 0.00 0.0 T 11.2 18 20 M M 7 28 10
26 36 24 30 1 35 0 T T T 13.7 24 350 M M 9 37 340
27 25 22 24 -6 41 0 0.01 0.4 T 15.5 24 330 M M 10 8 37 280
28 28 21 25 -5 40 0 T T T 14.3 23 280 M M 10 33 290
29 33 23 28 -2 37 0 0.00 0.0 T 11.3 20 290 M M 3 28 290
================================================================================
SM 1008 655 1047 0 1.02 14.6 312.7 M 211
================================================================================
AV 34.8 22.6 10.8 FASTST M M 7 MAX(MPH)
MISC ----> # 30 200 # 42 200
================================================================================
NOTES:
# LAST OF SEVERAL OCCURRENCES
COLUMN 17 PEAK WIND IN M.P.H.
PRELIMINARY LOCAL CLIMATOLOGICAL DATA (WS FORM: F-6) , PAGE 2
STATION: MUSKEGON
MONTH: FEBRUARY
YEAR: 2020
LATITUDE: 43 10 N
LONGITUDE: 86 14 W
[TEMPERATURE DATA] [PRECIPITATION DATA] SYMBOLS USED IN COLUMN 16
AVERAGE MONTHLY: 28.7 TOTAL FOR MONTH: 1.02 1 = FOG OR MIST
DPTR FM NORMAL: 1.6 DPTR FM NORMAL: -0.81 2 = FOG REDUCING VISIBILITY
HIGHEST: 50 ON 2 GRTST 24HR 0.34 ON 9- 9 TO 1/4 MILE OR LESS
LOWEST: 9 ON 15 3 = THUNDER
SNOW, ICE PELLETS, HAIL 4 = ICE PELLETS
TOTAL MONTH: 14.6 INCHES 5 = HAIL
GRTST 24HR 4.1 ON 9- 9 6 = FREEZING RAIN OR DRIZZLE
GRTST DEPTH: 8 ON 15 7 = DUSTSTORM OR SANDSTORM:
VSBY 1/2 MILE OR LESS
8 = SMOKE OR HAZE
[NO. OF DAYS WITH] [WEATHER - DAYS WITH] 9 = BLOWING SNOW
X = TORNADO
MAX 32 OR BELOW: 7 0.01 INCH OR MORE: 12
MAX 90 OR ABOVE: 0 0.10 INCH OR MORE: 3
MIN 32 OR BELOW: 25 0.50 INCH OR MORE: 0
MIN 0 OR BELOW: 0 1.00 INCH OR MORE: 0
[HDD (BASE 65) ]
TOTAL THIS MO. 1047 CLEAR (SCALE 0-3) 4
DPTR FM NORMAL -13 PTCLDY (SCALE 4-7) 10
TOTAL FM JUL 1 4405 CLOUDY (SCALE 8-10) 15
DPTR FM NORMAL -362
[CDD (BASE 65) ]
TOTAL THIS MO. 0
DPTR FM NORMAL 0 [PRESSURE DATA]
TOTAL FM JAN 1 0 HIGHEST SLP 30.70 ON 20
DPTR FM NORMAL 0 LOWEST SLP 29.37 ON 2
[REMARKS]
#FINAL-02-20#