000
CXUS53 KGRR 011017
CF6MKG
PRELIMINARY LOCAL CLIMATOLOGICAL DATA (WS FORM: F-6)

                                          STATION:   MUSKEGON MI
                                          MONTH:     SEPTEMBER
                                          YEAR:      2015
                                          LATITUDE:   43 10 N
                                          LONGITUDE:  86 14 W

  TEMPERATURE IN F:       :PCPN:    SNOW:  WIND      :SUNSHINE: SKY     :PK WND
================================================================================
1   2   3   4   5  6A  6B    7    8   9   10  11  12  13   14  15   16   17  18
                                     12Z  AVG MX 2MIN
DY MAX MIN AVG DEP HDD CDD  WTR  SNW DPTH SPD SPD DIR MIN PSBL S-S WX    SPD DR
================================================================================

 1  85  63  74   7   0   9 0.00  0.0    0  8.3 17 210   M    M   3 18     23 200
 2  83  73  78  11   0  13 0.00  0.0    0  7.4 16 210   M    M   5 18     22 210
 3  80  68  74   7   0   9    T  0.0    0  8.2 14 230   M    M   7 138    18 270
 4  77  66  72   6   0   7    T  0.0    0  3.9 10 220   M    M   8 18     11 240
 5  82  64  73   7   0   8    T  0.0    0  5.9 17 200   M    M   6 128    22 200
 6  86  68  77  11   0  12 0.00  0.0    0  9.3 17 190   M    M   1        23 190
 7  84  71  78  13   0  13    T  0.0    0  8.0 22 200   M    M   6 18     29 200
 8  77  67  72   7   0   7 1.23  0.0    0  8.4 23 180   M    M   8 138    33 180
 9  76  57  67   2   0   2 0.00  0.0    0  3.9 10 280   M    M   5 1      16 340
10  76  53  65   1   0   0    T  0.0    0  5.7 17 250   M    M   5        22 250
11  74  54  64   0   1   0    T  0.0    0  9.0 18 340   M    M   5        24 330
12  67  47  57  -7   8   0 0.00  0.0    0  8.8 20 340   M    M   5        24 350
13  69  41  55  -8  10   0 0.00  0.0    0  4.8 17 330   M    M   3        22 330
14  76  50  63   0   2   0 0.00  0.0    0 12.4 24 190   M    M   2        32 180
15  79  62  71   9   0   6 0.00  0.0    0 10.5 20 190   M    M   3        28 190
16  79  57  68   6   0   3 0.00  0.0    0  9.1 20 200   M    M   2        27 200
17  82  61  72  10   0   7    T  0.0    0 12.7 24 200   M    M   4 8      33 180
18  80  67  74  13   0   9 1.07  0.0    0  7.1 22 210   M    M  10 13     27 180
19  70  51  61   0   4   0 0.04  0.0    0 11.1 28 330   M    M   7 1      36 330
20  70  49  60   0   5   0 0.00  0.0    0  3.3 14 210   M    M   5 1      17 210
21  71  45  58  -2   7   0 0.00  0.0    0  2.9 10 290   M    M   1 1      14 270
22  75  50  63   3   2   0 0.00  0.0    0  4.4 13 200   M    M   1        16 220
23  79  51  65   6   0   0 0.00  0.0    0  3.0  9 270   M    M   3        12 310
24  76  53  65   6   0   0 0.00  0.0    0  6.1 13  80   M    M   6        17  50
25  80  56  68  10   0   3 0.00  0.0    0  8.0 15 100   M    M   5 128    18  90
26  77  58  68  10   0   3 0.00  0.0    0  8.0 15 110   M    M   4 18     21 100
27  73  61  67   9   0   2 0.00  0.0    0  6.0 14 200   M    M   9 1      17 220
28  75  61  68  11   0   3 0.00  0.0    0  5.5 15 210   M    M   8        18 190
29  67  49  58   1   7   0 0.25  0.0    0  8.5 20  10   M    M   8 1      28  20
30  63  43  53  -3  12   0 0.00  0.0    0 10.2 18  40   M    M   1        26  60
================================================================================
SM 2288 1716        58 116  2.59     0.0 220.4          M      146
================================================================================
AV 76.3 57.2                               7.3 FASTST   M    M   5    MAX(MPH)
                                 MISC ---->  # 28 330               # 36  330
================================================================================
NOTES:
# LAST OF SEVERAL OCCURRENCES

COLUMN 17 PEAK WIND IN M.P.H.

PRELIMINARY LOCAL CLIMATOLOGICAL DATA (WS FORM: F-6) , PAGE 2

                                          STATION:  MUSKEGON MI
                                          MONTH:    SEPTEMBER
                                          YEAR:     2015
                                          LATITUDE:   43 10 N
                                          LONGITUDE:  86 14 W

[TEMPERATURE DATA]      [PRECIPITATION DATA]       SYMBOLS USED IN COLUMN 16

AVERAGE MONTHLY: 66.7   TOTAL FOR MONTH:   2.59    1 = FOG OR MIST
DPTR FM NORMAL:   4.6   DPTR FM NORMAL:   -1.30    2 = FOG REDUCING VISIBILITY
HIGHEST:    86 ON  6    GRTST 24HR  1.23 ON  8- 8      TO 1/4 MILE OR LESS
LOWEST:     41 ON 13                               3 = THUNDER
                        SNOW, ICE PELLETS, HAIL    4 = ICE PELLETS
                        TOTAL MONTH:   0.0 INCH    5 = HAIL
                        GRTST 24HR     0.0         6 = FREEZING RAIN OR DRIZZLE
                        GRTST DEPTH:   0           7 = DUSTSTORM OR SANDSTORM:
                                                       VSBY 1/2 MILE OR LESS
                                                   8 = SMOKE OR HAZE
[NO. OF DAYS WITH]      [WEATHER - DAYS WITH]      9 = BLOWING SNOW
                                                   X = TORNADO
MAX 32 OR BELOW:   0    0.01 INCH OR MORE:   4
MAX 90 OR ABOVE:   0    0.10 INCH OR MORE:   3
MIN 32 OR BELOW:   0    0.50 INCH OR MORE:   2
MIN  0 OR BELOW:   0    1.00 INCH OR MORE:   2

[HDD (BASE 65) ]
TOTAL THIS MO.    58    CLEAR  (SCALE 0-3)   9
DPTR FM NORMAL   -85    PTCLDY (SCALE 4-7)  17
TOTAL FM JUL 1    90    CLOUDY (SCALE 8-10)  4
DPTR FM NORMAL   -83

[CDD (BASE 65) ]
TOTAL THIS MO.   116
DPTR FM NORMAL    62    [PRESSURE DATA]
TOTAL FM JAN 1   570    HIGHEST SLP 30.35 ON 24
DPTR FM NORMAL     9    LOWEST  SLP 29.60 ON 19

[REMARKS]
#FINAL-09-15#
