000
CXUS53 KGRR 012059
CF6MKG
PRELIMINARY LOCAL CLIMATOLOGICAL DATA (WS FORM: F-6)
STATION: MUSKEGON
MONTH: OCTOBER
YEAR: 2023
LATITUDE: 43 10 N
LONGITUDE: 86 14 W
TEMPERATURE IN F: :PCPN: SNOW: WIND :SUNSHINE: SKY :PK WND
================================================================================
1 2 3 4 5 6A 6B 7 8 9 10 11 12 13 14 15 16 17 18
12Z AVG MX 2MIN
DY MAX MIN AVG DEP HDD CDD WTR SNW DPTH SPD SPD DIR MIN PSBL S-S WX SPD DR
================================================================================
1 83 61 72 14 0 7 0.00 0.0 0 4.0 13 220 M M 3 18 16 220
2 83 59 71 14 0 6 0.00 0.0 0 3.5 9 230 M M 1 18 14 240
3 85 59 72 15 0 7 0.00 0.0 0 5.4 15 200 M M 1 18 20 210
4 84 66 75 19 0 10 0.02 0.0 0 13.2 22 190 M M 6 8 34 180
5 73 60 67 11 0 2 0.20 0.0 0 6.4 20 290 M M 8 18 29 280
6 66 46 56 0 9 0 1.39 0.0 0 10.5 20 270 M M 7 138 30 270
7 58 44 51 -4 14 0 0.14 0.0 0 10.5 25 320 M M 8 8 36 320
8 59 35 47 -8 18 0 0.02 0.0 0 6.2 22 340 M M 6 32 290
9 56 41 49 -5 16 0 0.00 0.0 0 9.4 21 320 M M 7 30 310
10 52 48 50 -4 15 0 0.03 0.0 0 6.4 16 340 M M 10 18 23 330
11 62 46 54 0 11 0 0.04 0.0 0 3.9 12 280 M M 8 18 16 310
12 60 43 52 -1 13 0 0.08 0.0 0 7.2 15 60 M M 6 20 90
13 51 49 50 -3 15 0 1.05 0.0 0 13.5 24 60 M M 10 1 35 90
14 59 47 53 0 12 0 0.02 0.0 0 12.5 23 60 M M 9 18 35 70
15 60 47 54 2 11 0 0.00 0.0 0 11.9 22 350 M M 9 32 330
16 57 37 47 -5 18 0 0.00 0.0 0 6.9 15 320 M M 5 21 20
17 58 35 47 -5 18 0 0.00 0.0 0 5.0 14 200 M M 7 18 19 210
18 67 41 54 3 11 0 0.01 0.0 0 9.2 21 170 M M 5 18 32 190
19 59 55 57 6 8 0 0.34 0.0 0 8.1 18 190 M M 10 18 25 190
20 56 44 50 0 15 0 0.24 0.0 0 9.9 23 330 M M 8 18 33 340
21 49 36 43 -7 22 0 0.27 0.0 0 5.5 15 350 M M 8 1 21 10
22 56 34 45 -5 20 0 0.00 0.0 0 5.3 16 340 M M 5 1 23 350
23 60 33 47 -2 18 0 T 0.0 0 6.9 22 130 M M 6 36 130
24 77 55 66 17 0 1 0.06 0.0 0 16.0 26 200 M M 6 3 41 200
25 66 60 63 14 2 0 0.10 0.0 0 11.8 21 190 M M 10 1 34 210
26 68 63 66 18 0 1 0.74 0.0 0 15.7 24 190 M M 10 1 36 200
27 67 49 58 10 7 0 0.11 0.0 0 15.2 22 290 M M 10 18 34 200
28 56 46 51 3 14 0 0.00 0.0 0 7.9 17 320 M M 9 25 330
29 50 42 46 -1 19 0 0.04 0.0 0 6.5 12 350 M M 10 18 330
30 43 38 41 -6 24 0 0.01 0.0 0 8.8 21 290 M M 9 32 290
31 40 26 33 -13 32 0 1.05 8.8 0 7.0 20 150 M M 10 128 26 150
================================================================================
SM 1920 1445 362 34 5.96 8.8 270.2 M 227
================================================================================
AV 61.9 46.6 8.7 FASTST M M 7 MAX(MPH)
MISC ----> 26 200 41 200
================================================================================
NOTES:
# LAST OF SEVERAL OCCURRENCES
COLUMN 17 PEAK WIND IN M.P.H.
PRELIMINARY LOCAL CLIMATOLOGICAL DATA (WS FORM: F-6) , PAGE 2
STATION: MUSKEGON
MONTH: OCTOBER
YEAR: 2023
LATITUDE: 43 10 N
LONGITUDE: 86 14 W
[TEMPERATURE DATA] [PRECIPITATION DATA] SYMBOLS USED IN COLUMN 16
AVERAGE MONTHLY: 54.3 TOTAL FOR MONTH: 5.96 1 = FOG OR MIST
DPTR FM NORMAL: 2.4 DPTR FM NORMAL: 2.16 2 = FOG REDUCING VISIBILITY
HIGHEST: 85 ON 3 GRTST 24HR 1.53 ON 6- 7 TO 1/4 MILE OR LESS
LOWEST: 26 ON 31 3 = THUNDER
SNOW, ICE PELLETS, HAIL 4 = ICE PELLETS
TOTAL MONTH: 8.8 INCHES 5 = HAIL
GRTST 24HR 8.8 ON 31-31 6 = FREEZING RAIN OR DRIZZLE
GRTST DEPTH: 0 7 = DUSTSTORM OR SANDSTORM:
VSBY 1/2 MILE OR LESS
8 = SMOKE OR HAZE
[NO. OF DAYS WITH] [WEATHER - DAYS WITH] 9 = BLOWING SNOW
X = TORNADO
MAX 32 OR BELOW: 0 0.01 INCH OR MORE: 21
MAX 90 OR ABOVE: 0 0.10 INCH OR MORE: 11
MIN 32 OR BELOW: 1 0.50 INCH OR MORE: 4
MIN 0 OR BELOW: 0 1.00 INCH OR MORE: 3
[HDD (BASE 65) ]
TOTAL THIS MO. 362 CLEAR (SCALE 0-3) 3
DPTR FM NORMAL -51 PTCLDY (SCALE 4-7) 15
TOTAL FM JUL 1 412 CLOUDY (SCALE 8-10) 13
DPTR FM NORMAL -139
[CDD (BASE 65) ]
TOTAL THIS MO. 34
DPTR FM NORMAL 27 [PRESSURE DATA]
TOTAL FM JAN 1 795 HIGHEST SLP 30.34 ON 1
DPTR FM NORMAL 145 LOWEST SLP 29.51 ON 20
[REMARKS]
#FINAL-10-23#