000
CXUS53 KGRR 101131
CF6MKG
PRELIMINARY LOCAL CLIMATOLOGICAL DATA (WS FORM: F-6)

                                          STATION:   MUSKEGON
                                          MONTH:     DECEMBER
                                          YEAR:      2016
                                          LATITUDE:   43 10 N
                                          LONGITUDE:  86 14 W

  TEMPERATURE IN F:       :PCPN:    SNOW:  WIND      :SUNSHINE: SKY     :PK WND
================================================================================
1   2   3   4   5  6A  6B    7    8   9   10  11  12  13   14  15   16   17  18
                                     12Z  AVG MX 2MIN
DY MAX MIN AVG DEP HDD CDD  WTR  SNW DPTH SPD SPD DIR MIN PSBL S-S WX    SPD DR
================================================================================

 1  44  37  41   7  24   0 0.09  0.0    0 13.0 22 260   M    M  10 1      28 260
 2  42  37  40   6  25   0    T  0.0    0  9.5 20 290   M    M  10        26 300
 3  38  35  37   3  28   0    T    T    0  4.9 10 280   M    M  10        13 290
 4  38  33  36   2  29   0 0.37  3.6    0  7.8 17 270   M    M  10 12     22 270
 5  44  32  38   5  27   0 0.00  0.0    3 11.5 21 280   M    M   9        28 280
 6  43  29  36   3  29   0 0.00  0.0    0 11.4 24 250   M    M   7 1      34 250
 7  34  27  31  -1  34   0 0.00  0.0    0 15.5 24 270   M    M  10        32 290
 8  33  26  30  -2  35   0 0.05  0.8    T 15.9 24 280   M    M  10        33 270
 9  33  25  29  -3  36   0 0.03  0.3    1 12.0 21 330   M    M  10 1      28 320
10  27  22  25  -7  40   0 0.13  2.1    2 10.6 18 290   M    M   9 1      25 260
11  35  23  29  -2  36   0 0.55  7.6    5 12.0 18 120   M    M  10 12     23 120
12  36  28  32   1  33   0    T    T    9 12.9 23 280   M    M  10 8      32 280
13  29  17  23  -8  42   0    T    T    8 14.5 24 270   M    M   9        30 270
14  23  12  18 -12  47   0    T    T    7 22.3 31 260   M    M  10 89     46 250
15  19  10  15 -15  50   0 0.05  1.0    5 12.2 25 300   M    M  10 89     37 300
16  22  15  19 -11  46   0 0.20  3.5    7 11.0 16 120   M    M  10 128    23 160
17  24  16  20 -10  45   0 0.02  0.3   10  4.8 12 350   M    M  10 1      15 350
18  23  13  18 -11  47   0 0.05  1.1    9 10.6 21 340   M    M  10 18     27 350
19  28  14  21  -8  44   0    T    T    9 16.3 29 210   M    M   9 8      37 200
20  36  28  32   3  33   0 0.00  0.0    9 23.0 35 230   M    M   5 89     44 210
21  39  28  34   5  31   0 0.00  0.0    7 10.8 26 220   M    M   7 1      35 220
22  39  34  37   9  28   0 0.00  0.0    5 11.4 18 320   M    M   7        28 330
23  40  33  37   9  28   0 0.34  2.4    4 11.4 20 180   M    M   7 1      25 190
24  38  34  36   8  29   0 0.02    T    6  4.4 10 290   M    M  10 1      11 250
25  36  34  35   7  30   0 0.07  0.0    5 13.6 26 110   M    M  10 1      35 110
26  52  31  42  14  23   0 0.23  0.0    2 20.6 28 270   M    M   7 1      38 180
27  31  27  29   1  36   0    T    T    0 13.7 25 270   M    M  10        36 240
28  43  22  33   6  32   0 0.00  0.0    0 10.4 23 210   M    M   9        32 180
29  38  31  35   8  30   0 0.01  0.3    0 16.7 25 290   M    M  10        35 310
30  34  28  31   4  34   0    T    T    T 12.9 28 320   M    M   9        38 330
31  41  30  36   9  29   0 0.01    T    0 14.9 28 210   M    M   8 1      37 200
================================================================================
SM 1082  811      1060   0  2.22    23.0 392.5          M      282
================================================================================
AV 34.9 26.2                              12.7 FASTST   M    M   9    MAX(MPH)
                                 MISC ---->  # 35 230               # 46  250
================================================================================
NOTES:
# LAST OF SEVERAL OCCURRENCES

COLUMN 17 PEAK WIND IN M.P.H.

PRELIMINARY LOCAL CLIMATOLOGICAL DATA (WS FORM: F-6) , PAGE 2

                                          STATION:  MUSKEGON
                                          MONTH:    DECEMBER
                                          YEAR:     2016
                                          LATITUDE:   43 10 N
                                          LONGITUDE:  86 14 W

[TEMPERATURE DATA]      [PRECIPITATION DATA]       SYMBOLS USED IN COLUMN 16

AVERAGE MONTHLY: 30.5   TOTAL FOR MONTH:   2.22    1 = FOG OR MIST
DPTR FM NORMAL:   0.3   DPTR FM NORMAL:   -0.33    2 = FOG REDUCING VISIBILITY
HIGHEST:    52 ON 26    GRTST 24HR  0.59 ON 10-11      TO 1/4 MILE OR LESS
LOWEST:     10 ON 15                               3 = THUNDER
                        SNOW, ICE PELLETS, HAIL    4 = ICE PELLETS
                        TOTAL MONTH:  23.0 INCHES  5 = HAIL
                        GRTST 24HR   7.6 ON   M    6 = FREEZING RAIN OR DRIZZLE
                        GRTST DEPTH:  10 ON 17     7 = DUSTSTORM OR SANDSTORM:
                                                       VSBY 1/2 MILE OR LESS
                                                   8 = SMOKE OR HAZE
[NO. OF DAYS WITH]      [WEATHER - DAYS WITH]      9 = BLOWING SNOW
                                                   X = TORNADO
MAX 32 OR BELOW:   9    0.01 INCH OR MORE:  16
MAX 90 OR ABOVE:   0    0.10 INCH OR MORE:   6
MIN 32 OR BELOW:  23    0.50 INCH OR MORE:   1
MIN  0 OR BELOW:   0    1.00 INCH OR MORE:   0

[HDD (BASE 65) ]
TOTAL THIS MO.  1060    CLEAR  (SCALE 0-3)   0
DPTR FM NORMAL   -19    PTCLDY (SCALE 4-7)   7
TOTAL FM JUL 1  1965    CLOUDY (SCALE 8-10) 24
DPTR FM NORMAL  -481

[CDD (BASE 65) ]
TOTAL THIS MO.     0
DPTR FM NORMAL     0    [PRESSURE DATA]
TOTAL FM JAN 1   774    HIGHEST SLP 30.69 ON 19
DPTR FM NORMAL   208    LOWEST  SLP 29.49 ON 31

[REMARKS]
#FINAL-12-16#
