000
CXUS53 KGRR 011017
CF6MKG
PRELIMINARY LOCAL CLIMATOLOGICAL DATA (WS FORM: F-6)

                                          STATION:   MUSKEGON MI
                                          MONTH:     OCTOBER
                                          YEAR:      2015
                                          LATITUDE:   43 10 N
                                          LONGITUDE:  86 14 W

  TEMPERATURE IN F:       :PCPN:    SNOW:  WIND      :SUNSHINE: SKY     :PK WND
================================================================================
1   2   3   4   5  6A  6B    7    8   9   10  11  12  13   14  15   16   17  18
                                     12Z  AVG MX 2MIN
DY MAX MIN AVG DEP HDD CDD  WTR  SNW DPTH SPD SPD DIR MIN PSBL S-S WX    SPD DR
================================================================================

 1  63  42  53  -3  12   0 0.00  0.0    0 12.0 22  60   M    M   2        28  60
 2  63  42  53  -3  12   0 0.00  0.0    0 13.3 26  50   M    M   M        33  50
 3  56  46  51  -4  14   0 0.01  0.0    0 15.2 25  70   M    M   9 18     33  60
 4  59  46  53  -2  12   0    T  0.0    0  8.6 14  70   M    M  10        18  60
 5  62  54  58   4   7   0 0.01  0.0    0  4.4  8  20   M    M   9 18     13 360
 6  66  54  60   6   5   0    T  0.0    0  3.8 12 280   M    M   9 18     14 270
 7  69  46  58   4   7   0 0.00  0.0    0  4.6 13 290   M    M   6 12     17 300
 8  70  40  55   2  10   0 0.31  0.0    0  7.7 24 190   M    M   7 128    32 190
 9  62  41  52  -1  13   0    T  0.0    0  9.9 23 350   M    M   7 1      29 350
10  60  37  49  -4  16   0 0.00  0.0    0  9.0 21 200   M    M   3        25 200
11  70  54  62  10   3   0 0.00  0.0    0 17.5 26 200   M    M   0        37 210
12  67  53  60   8   5   0    T  0.0    0 16.8 32 290   M    M   6        43 300
13  56  50  53   1  12   0 0.04  0.0    0 12.2 22 290   M    M   9 1      33 290
14  58  46  52   1  13   0 0.00  0.0    0  8.6 15 240   M    M   7        21 240
15  62  40  51   0  14   0    T  0.0    0 10.6 31 330   M    M   5        42 320
16  51  40  46  -4  19   0 0.00  0.0    0 10.4 23 330   M    M   7        29 330
17  48  33  41  -9  24   0    T    T    0  8.8 22 340   M    M   8        29 330
18  51  30  41  -9  24   0 0.00  0.0    0  4.3 14 280   M    M   3        17 290
19  64  38  51   1  14   0 0.00  0.0    0 19.0 31 200   M    M   5        42 190
20  64  55  60  11   5   0 0.18  0.0    0 11.7 21 210   M    M   8 13     30 220
21  69  53  61  12   4   0 0.06  0.0    0 14.4 24 220   M    M   9 1      34 240
22  61  43  52   3  13   0 0.00  0.0    0  8.0 15 320   M    M   3        20 310
23  57  39  48   0  17   0 0.39  0.0    0 12.2 21 130   M    M   6 1      27 110
24  65  50  58  10   7   0 0.24  0.0    0 14.7 26 200   M    M  10 1      38 190
25  58  36  47  -1  18   0 0.00  0.0    0  5.5 17 270   M    M   3 1      22 280
26  62  34  48   1  17   0 0.00  0.0    0  4.7 12 120   M    M   5        15 120
27  62  42  52   5  13   0 0.09  0.0    0 13.8 26 100   M    M   7        36  90
28  57  45  51   4  14   0 0.56  0.0    0 15.7 29 260   M    M  10 1      42 250
29  49  39  44  -2  21   0 0.11  0.0    0 17.2 31 240   M    M  10        42 240
30  54  37  46   0  19   0 0.00  0.0    0  3.6 13 230   M    M   6 1      15 220
31  53  45  49   3  16   0 0.55  0.0    0 12.0 21 200   M    M   9 1      29 240
================================================================================
SM 1868 1350       400   0  2.55    T    330.2          M      198
================================================================================
AV 60.3 43.5                              10.7 FASTST   M    M   7    MAX(MPH)
                                 MISC ---->  # 32 290               # 43  300
================================================================================
NOTES:
# LAST OF SEVERAL OCCURRENCES

COLUMN 17 PEAK WIND IN M.P.H.

PRELIMINARY LOCAL CLIMATOLOGICAL DATA (WS FORM: F-6) , PAGE 2

                                          STATION:  MUSKEGON MI
                                          MONTH:    OCTOBER
                                          YEAR:     2015
                                          LATITUDE:   43 10 N
                                          LONGITUDE:  86 14 W

[TEMPERATURE DATA]      [PRECIPITATION DATA]       SYMBOLS USED IN COLUMN 16

AVERAGE MONTHLY: 51.9   TOTAL FOR MONTH:   2.55    1 = FOG OR MIST
DPTR FM NORMAL:   1.2   DPTR FM NORMAL:   -0.56    2 = FOG REDUCING VISIBILITY
HIGHEST:    70 ON 11, 8 GRTST 24HR  0.65 ON 27-28      TO 1/4 MILE OR LESS
LOWEST:     30 ON 18                               3 = THUNDER
                        SNOW, ICE PELLETS, HAIL    4 = ICE PELLETS
                        TOTAL MONTH:    T          5 = HAIL
                        GRTST 24HR    T  ON 17-17  6 = FREEZING RAIN OR DRIZZLE
                        GRTST DEPTH:   0           7 = DUSTSTORM OR SANDSTORM:
                                                       VSBY 1/2 MILE OR LESS
                                                   8 = SMOKE OR HAZE
[NO. OF DAYS WITH]      [WEATHER - DAYS WITH]      9 = BLOWING SNOW
                                                   X = TORNADO
MAX 32 OR BELOW:   0    0.01 INCH OR MORE:  12
MAX 90 OR ABOVE:   0    0.10 INCH OR MORE:   7
MIN 32 OR BELOW:   1    0.50 INCH OR MORE:   2
MIN  0 OR BELOW:   0    1.00 INCH OR MORE:   0

[HDD (BASE 65) ]
TOTAL THIS MO.   400    CLEAR  (SCALE 0-3)   3
DPTR FM NORMAL   -50    PTCLDY (SCALE 4-7)  17
TOTAL FM JUL 1   490    CLOUDY (SCALE 8-10) 10
DPTR FM NORMAL  -133

[CDD (BASE 65) ]
TOTAL THIS MO.     0
DPTR FM NORMAL    -5    [PRESSURE DATA]
TOTAL FM JAN 1   570    HIGHEST SLP 30.51 ON 18
DPTR FM NORMAL     4    LOWEST  SLP 29.32 ON 28

[REMARKS]
#FINAL-10-15#
