000
CXUS53 KGRR 011017
CF6MKG
PRELIMINARY LOCAL CLIMATOLOGICAL DATA (WS FORM: F-6)

                                          STATION:   MUSKEGON MI
                                          MONTH:     NOVEMBER
                                          YEAR:      2013
                                          LATITUDE:   43 10 N
                                          LONGITUDE:  86 14 W

  TEMPERATURE IN F:       :PCPN:    SNOW:  WIND      :SUNSHINE: SKY     :PK WND
================================================================================
1   2   3   4   5  6A  6B    7    8   9   10  11  12  13   14  15   16   17  18
                                     12Z  AVG MX 2MIN
DY MAX MIN AVG DEP HDD CDD  WTR  SNW DPTH SPD SPD DIR MIN PSBL S-S WX    SPD DR
================================================================================

 1  53  46  50   5  15   0 0.25  0.0    0 12.6 29 260   M    M  10 1      39 260
 2  51  40  46   1  19   0 0.08  0.0    0  6.3 15  10   M    M   9 1      18  10
 3  51  34  43  -2  22   0 0.00  0.0    0  7.0 14 120   M    M   7        20 120
 4  55  40  48   4  17   0 0.00  0.0    0 14.8 24 130   M    M   6        31 150
 5  58  53  56  12   9   0    T  0.0    0 11.0 21 200   M    M  10        32 200
 6  57  42  50   6  15   0 0.76  0.0    0 16.4 28 230   M    M  10 18     38 190
 7  43  38  41  -2  24   0    T  0.0    0 12.8 22 310   M    M   8        31 320
 8  44  39  42  -1  23   0 0.00  0.0    0  8.3 14 320   M    M   7        20 290
 9  52  42  47   4  18   0    T  0.0    0 17.3 29 220   M    M  10        38 290
10  47  33  40  -2  25   0 0.00  0.0    0 13.8 28 290   M    M   9        40 300
11  47  27  37  -5  28   0 0.26  0.1    0 12.3 21 350   M    M  10 18     28 350
12  35  26  31 -11  34   0    T    T    0 10.1 22 310   M    M   5        30 320
13  42  30  36  -5  29   0 0.00  0.0    0 18.5 36 210   M    M   4        45 230
14  49  41  45   4  20   0 0.00  0.0    0 20.9 31 230   M    M   4        39 210
15  50  45  48   8  17   0 0.00  0.0    0 13.6 23 220   M    M   6        28 230
16  58  39  49   9  16   0 0.40  0.0    0 13.3 28 180   M    M   8 1      36 170
17  67  46  57  17   8   0 1.19  0.0    0 21.4 43 250   M    M   8 123    54 250
18  46  35  41   2  24   0    T    T    0 18.0 30 280   M    M  10        40 280
19  43  29  36  -3  29   0 0.00  0.0    0  4.6 15 340   M    M   5        18 330
20  45  28  37  -1  28   0 0.04  0.0    0  9.5 20 130   M    M   6        23 130
21  49  39  44   6  21   0 0.08  0.0    0  5.8 14 210   M    M  10 18     20 210
22  44  26  35  -3  30   0    T    T    0 11.1 23 350   M    M   8 1      29 360
23  35  18  27 -10  38   0 0.01  0.2    0 16.0 29 340   M    M   7 8      38 340
24  30  19  25 -12  40   0 0.02  0.4    1 10.3 26 220   M    M   8        35 230
25  36  30  33  -4  32   0 0.10  1.5    0 19.9 33 220   M    M   7 129    43 210
26  39  25  32  -4  33   0    T  0.2    2 11.4 25 360   M    M  10 18     31  10
27  29  22  26 -10  39   0    T    T    2  8.7 21 340   M    M   8        28 340
28  26  23  25 -11  40   0 0.20  6.5    6  5.1 13 130   M    M  10 1      15 120
29  30  20  25 -10  40   0    T    T    7  4.9 12 120   M    M   8 1      14 120
30  46  24  35   0  30   0 0.00  0.0    6 10.9 23 200   M    M   6        30 200
================================================================================
SM 1357  999       763   0  3.39     8.9 366.6          M      234
================================================================================
AV 45.2 33.3                              12.2 FASTST   M    M   8    MAX(MPH)
                                 MISC ---->  # 43 250               # 54  250
================================================================================
NOTES:
# LAST OF SEVERAL OCCURRENCES

COLUMN 17 PEAK WIND IN M.P.H.

PRELIMINARY LOCAL CLIMATOLOGICAL DATA (WS FORM: F-6) , PAGE 2

                                          STATION:  MUSKEGON MI
                                          MONTH:    NOVEMBER
                                          YEAR:     2013
                                          LATITUDE:   43 10 N
                                          LONGITUDE:  86 14 W

[TEMPERATURE DATA]      [PRECIPITATION DATA]       SYMBOLS USED IN COLUMN 16

AVERAGE MONTHLY: 39.3   TOTAL FOR MONTH:   3.39    1 = FOG OR MIST
DPTR FM NORMAL:  -0.9   DPTR FM NORMAL:    0.03    2 = FOG REDUCING VISIBILITY
HIGHEST:    67 ON 17    GRTST 24HR  1.51 ON 16-17      TO 1/4 MILE OR LESS
LOWEST:     18 ON 23                               3 = THUNDER
                        SNOW, ICE PELLETS, HAIL    4 = ICE PELLETS
                        TOTAL MONTH:   8.9 INCHES  5 = HAIL
                        GRTST 24HR   6.5 ON 28-28  6 = FREEZING RAIN OR DRIZZLE
                        GRTST DEPTH:   7 ON 29     7 = DUSTSTORM OR SANDSTORM:
                                                       VSBY 1/2 MILE OR LESS
                                                   8 = SMOKE OR HAZE
[NO. OF DAYS WITH]      [WEATHER - DAYS WITH]      9 = BLOWING SNOW
                                                   X = TORNADO
MAX 32 OR BELOW:   4    0.01 INCH OR MORE:  12
MAX 90 OR ABOVE:   0    0.10 INCH OR MORE:   7
MIN 32 OR BELOW:  14    0.50 INCH OR MORE:   2
MIN  0 OR BELOW:   0    1.00 INCH OR MORE:   1

[HDD (BASE 65) ]
TOTAL THIS MO.   763    CLEAR  (SCALE 0-3)   0
DPTR FM NORMAL    19    PTCLDY (SCALE 4-7)  18
TOTAL FM JUL 1  1271    CLOUDY (SCALE 8-10) 12
DPTR FM NORMAL   -96

[CDD (BASE 65) ]
TOTAL THIS MO.     0
DPTR FM NORMAL     0    [PRESSURE DATA]
TOTAL FM JAN 1   626    HIGHEST SLP 30.66 ON 29
DPTR FM NORMAL    60    LOWEST  SLP 29.15 ON 17

[REMARKS]
#FINAL-11-13#
