927
CXUS53 KGRR 011017
CF6MKG
PRELIMINARY LOCAL CLIMATOLOGICAL DATA (WS FORM: F-6)

                                          STATION:   MUSKEGON MI
                                          MONTH:     JUNE
                                          YEAR:      2016
                                          LATITUDE:   43 10 N
                                          LONGITUDE:  86 14 W

  TEMPERATURE IN F:       :PCPN:    SNOW:  WIND      :SUNSHINE: SKY     :PK WND
================================================================================
1   2   3   4   5  6A  6B    7    8   9   10  11  12  13   14  15   16   17  18
                                     12Z  AVG MX 2MIN
DY MAX MIN AVG DEP HDD CDD  WTR  SNW DPTH SPD SPD DIR MIN PSBL S-S WX    SPD DR
================================================================================

 1  75  63  69   7   0   4 0.07  0.0    0  7.3 17 130   M    M   8 8      21 140
 2  73  55  64   2   1   0 0.00  0.0    0  5.1 15 290   M    M   1        19 290
 3  76  50  63   1   2   0 0.00  0.0    0  3.8 12 210   M    M   3 1      15 240
 4  83  59  71   8   0   6 0.28  0.0    0  7.5 20 200   M    M   8 1      24 190
 5  71  56  64   1   1   0 0.11  0.0    0  9.7 20 290   M    M   8 123    27 300
 6  74  57  66   2   0   1 0.01  0.0    0 10.5 22 320   M    M   5        33 290
 7  63  47  55  -9  10   0    T  0.0    0 10.4 21 330   M    M   8        27 330
 8  64  43  54 -10  11   0 0.01  0.0    0  7.2 18 290   M    M   4 12     24 300
 9  73  43  58  -6   7   0 0.00  0.0    0  5.0 15 210   M    M   6        19 210
10  86  57  72   7   0   7 0.02  0.0    0  8.1 29 330   M    M   7 13     42 320
11  81  63  72   7   0   7 0.00  0.0    0  8.2 17  20   M    M   6        22  30
12  79  57  68   3   0   3 0.00  0.0    0  7.9 16 290   M    M   3        26  30
13  74  53  64  -2   1   0 0.05  0.0    0  7.6 15 130   M    M   7        19 120
14  81  60  71   5   0   6 0.44  0.0    0 10.3 17  90   M    M   8 13     21 100
15  81  62  72   6   0   7 0.77  0.0    0  7.4 28 270   M    M   7 123    63 270
16  74  58  66  -1   0   1 0.00  0.0    0  6.9 16 320   M    M   8 18     22 320
17  86  59  73   6   0   8 0.00  0.0    0  6.4 15 290   M    M   2 1      17 290
18  87  57  72   5   0   7 0.00  0.0    0  2.4 12 260   M    M   6        27 270
19  86  61  74   6   0   9 0.00  0.0    0  6.8 14 200   M    M   2        18 210
20  82  65  74   6   0   9 0.03  0.0    0 12.1 23 210   M    M   5 13     30 220
21  76  59  68   0   0   3 0.00  0.0    0  8.6 14 240   M    M   1 8      20 230
22  80  56  68   0   0   3 0.00  0.0    0  4.6 16 220   M    M   7        20 220
23  81  60  71   3   0   6 0.09  0.0    0  7.9 16  70   M    M   9 1      22  70
24  83  54  69   0   0   4 0.00  0.0    0  4.1 12 300   M    M   1        16 280
25  87  57  72   3   0   7 0.00  0.0    0  8.7 20 200   M    M   1        25 190
26  80  68  74   5   0   9 0.43  0.0    0 11.8 25 190   M    M   6 13     36 190
27  80  67  74   5   0   9 0.00  0.0    0 11.9 21 320   M    M   3        27 330
28  72  58  65  -5   0   0 0.00  0.0    0 11.5 20 320   M    M   5        26 290
29  73  47  60 -10   5   0 0.00  0.0    0  5.2 14 260   M    M   2 8      18 280
30  78  53  66  -4   0   1 0.03  0.0    0  8.0 18 200   M    M   5 1      24 190
================================================================================
SM 2339 1704        38 117  2.34     0.0 232.9          M      152
================================================================================
AV 78.0 56.8                               7.8 FASTST   M    M   5    MAX(MPH)
                                 MISC ---->  # 29 330               # 63  270
================================================================================
NOTES:
# LAST OF SEVERAL OCCURRENCES

COLUMN 17 PEAK WIND IN M.P.H.

PRELIMINARY LOCAL CLIMATOLOGICAL DATA (WS FORM: F-6) , PAGE 2

                                          STATION:  MUSKEGON MI
                                          MONTH:    JUNE
                                          YEAR:     2016
                                          LATITUDE:   43 10 N
                                          LONGITUDE:  86 14 W

[TEMPERATURE DATA]      [PRECIPITATION DATA]       SYMBOLS USED IN COLUMN 16

AVERAGE MONTHLY: 67.4   TOTAL FOR MONTH:   2.34    1 = FOG OR MIST
DPTR FM NORMAL:   1.1   DPTR FM NORMAL:   -0.21    2 = FOG REDUCING VISIBILITY
HIGHEST:    87 ON 25,18 GRTST 24HR  0.77 ON 15-15      TO 1/4 MILE OR LESS
LOWEST:     43 ON  9, 8                            3 = THUNDER
                        SNOW, ICE PELLETS, HAIL    4 = ICE PELLETS
                        TOTAL MONTH:   0.0 INCH    5 = HAIL
                        GRTST 24HR     0.0         6 = FREEZING RAIN OR DRIZZLE
                        GRTST DEPTH:   0           7 = DUSTSTORM OR SANDSTORM:
                                                       VSBY 1/2 MILE OR LESS
                                                   8 = SMOKE OR HAZE
[NO. OF DAYS WITH]      [WEATHER - DAYS WITH]      9 = BLOWING SNOW
                                                   X = TORNADO
MAX 32 OR BELOW:   0    0.01 INCH OR MORE:  13
MAX 90 OR ABOVE:   0    0.10 INCH OR MORE:   5
MIN 32 OR BELOW:   0    0.50 INCH OR MORE:   1
MIN  0 OR BELOW:   0    1.00 INCH OR MORE:   0

[HDD (BASE 65) ]
TOTAL THIS MO.    38    CLEAR  (SCALE 0-3)   9
DPTR FM NORMAL   -28    PTCLDY (SCALE 4-7)  19
TOTAL FM JUL 1  5657    CLOUDY (SCALE 8-10)  2
DPTR FM NORMAL  -903

[CDD (BASE 65) ]
TOTAL THIS MO.   117
DPTR FM NORMAL    12    [PRESSURE DATA]
TOTAL FM JAN 1   161    HIGHEST SLP 30.24 ON 19
DPTR FM NORMAL    27    LOWEST  SLP 29.58 ON  5

[REMARKS]
#FINAL-06-16#
