000
CXUS53 KGRR 010910
CF6MKG
PRELIMINARY LOCAL CLIMATOLOGICAL DATA (WS FORM: F-6)
STATION: MUSKEGON
MONTH: MARCH
YEAR: 2024
LATITUDE: 43 10 N
LONGITUDE: 86 14 W
TEMPERATURE IN F: :PCPN: SNOW: WIND :SUNSHINE: SKY :PK WND
================================================================================
1 2 3 4 5 6A 6B 7 8 9 10 11 12 13 14 15 16 17 18
12Z AVG MX 2MIN
DY MAX MIN AVG DEP HDD CDD WTR SNW DPTH SPD SPD DIR MIN PSBL S-S WX SPD DR
================================================================================
1 50 30 40 9 25 0 0.00 0.0 0 10.5 21 180 M M 4 28 200
2 50 37 44 13 21 0 0.00 0.0 0 8.3 15 210 M M 6 18 20 190
3 71 38 55 23 10 0 0.00 0.0 0 15.1 24 140 M M 3 18 35 140
4 71 52 62 30 3 0 T 0.0 0 12.1 24 190 M M 6 138 38 190
5 54 44 49 17 16 0 1.35 0.0 0 9.2 20 30 M M 10 138 29 30
6 58 39 49 17 16 0 0.00 0.0 0 9.1 17 70 M M 5 8 24 70
7 51 35 43 10 22 0 0.00 0.0 0 8.2 14 130 M M 7 21 90
8 47 41 44 11 21 0 0.76 0.0 0 9.1 14 70 M M 8 18 21 10
9 44 32 38 5 27 0 0.05 0.3 0 12.7 22 330 M M 10 1 31 320
10 43 28 36 2 29 0 0.01 0.4 0 14.7 28 320 M M 7 8 38 320
11 55 35 45 11 20 0 0.00 0.0 0 13.0 30 200 M M 3 45 200
12 61 40 51 17 14 0 0.00 0.0 0 12.9 28 190 M M 5 42 200
13 72 34 53 18 12 0 T 0.0 0 4.9 15 80 M M 4 18 19 40
14 58 42 50 15 15 0 0.88 0.0 0 11.3 23 60 M M 9 18 35 60
15 50 35 43 8 22 0 0.00 0.0 0 8.3 12 250 M M 2 1 17 360
16 53 M M M M M T 0.0 0 14.6 24 200 M M 7 8 36 200
17 40 30 35 -1 30 0 0.03 0.2 0 13.4 23 320 M M 9 18 33 310
18 37 27 32 -4 33 0 0.01 0.4 0 13.4 22 320 M M 8 8 29 320
19 48 33 41 4 24 0 T T 0 13.6 30 220 M M 9 41 240
20 39 21 30 -7 35 0 T 0.2 0 12.5 26 330 M M 8 18 39 310
21 36 18 27 -10 38 0 0.00 0.0 0 4.5 14 270 M M 7 21 300
22 35 27 31 -7 34 0 0.44 4.3 3 5.9 16 130 M M 10 128 19 130
23 37 26 32 -6 33 0 0.00 0.0 4 8.9 21 290 M M 6 8 26 290
24 42 24 33 -5 32 0 T 0.0 1 11.8 25 110 M M 8 39 110
25 67 37 52 13 13 0 0.01 0.0 0 14.0 26 110 M M 7 37 110
26 60 37 49 10 16 0 0.37 0.0 0 18.0 30 200 M M 10 138 43 190
27 39 33 36 -3 29 0 T T 0 14.1 22 240 M M 9 8 33 230
28 42 27 35 -5 30 0 0.00 0.0 0 9.2 18 270 M M 3 26 250
29 48 25 37 -3 28 0 0.00 0.0 0 3.8 15 250 M M 3 21 240
30 46 38 42 2 23 0 0.13 0.0 0 7.7 14 330 M M 9 18 22 300
31 48 34 41 0 24 0 0.00 0.0 0 4.8 10 360 M M 9 14 10
================================================================================
SM 1552 999 695 0 4.04 5.8 329.6 M 211
================================================================================
AV 50.1 33.3 10.6 FASTST M M 7 MAX(MPH)
MISC ----> # 30 200 45 200
================================================================================
NOTES:
# LAST OF SEVERAL OCCURRENCES
COLUMN 17 PEAK WIND IN M.P.H.
PRELIMINARY LOCAL CLIMATOLOGICAL DATA (WS FORM: F-6) , PAGE 2
STATION: MUSKEGON
MONTH: MARCH
YEAR: 2024
LATITUDE: 43 10 N
LONGITUDE: 86 14 W
[TEMPERATURE DATA] [PRECIPITATION DATA] SYMBOLS USED IN COLUMN 16
AVERAGE MONTHLY: 41.7 TOTAL FOR MONTH: 4.04 1 = FOG OR MIST
DPTR FM NORMAL: 6.0 DPTR FM NORMAL: 1.64 2 = FOG REDUCING VISIBILITY
HIGHEST: 72 ON 13 GRTST 24HR 1.35 ON 5- 5 TO 1/4 MILE OR LESS
LOWEST: 18 ON 21 3 = THUNDER
SNOW, ICE PELLETS, HAIL 4 = ICE PELLETS
TOTAL MONTH: 5.8 INCHES 5 = HAIL
GRTST 24HR 4.3 ON 22-22 6 = FREEZING RAIN OR DRIZZLE
GRTST DEPTH: 4 ON 23 7 = DUSTSTORM OR SANDSTORM:
VSBY 1/2 MILE OR LESS
8 = SMOKE OR HAZE
[NO. OF DAYS WITH] [WEATHER - DAYS WITH] 9 = BLOWING SNOW
X = TORNADO
MAX 32 OR BELOW: 0 0.01 INCH OR MORE: 11
MAX 90 OR ABOVE: 0 0.10 INCH OR MORE: 6
MIN 32 OR BELOW: 12 0.50 INCH OR MORE: 3
MIN 0 OR BELOW: 0 1.00 INCH OR MORE: 1
[HDD (BASE 65) ]
TOTAL THIS MO. 695 CLEAR (SCALE 0-3) 5
DPTR FM NORMAL -214 PTCLDY (SCALE 4-7) 15
TOTAL FM JUL 1 4400 CLOUDY (SCALE 8-10) 11
DPTR FM NORMAL -1046
[CDD (BASE 65) ]
TOTAL THIS MO. 0
DPTR FM NORMAL -1 [PRESSURE DATA]
TOTAL FM JAN 1 0 HIGHEST SLP 30.37 ON 21
DPTR FM NORMAL -1 LOWEST SLP 29.42 ON 26
[REMARKS]
#FINAL-03-24#