000
CXUS53 KGRR 011402
CF6MKG
PRELIMINARY LOCAL CLIMATOLOGICAL DATA (WS FORM: F-6)

                                          STATION:   MUSKEGON MI
                                          MONTH:     AUGUST
                                          YEAR:      2012
                                          LATITUDE:   43 10 N
                                          LONGITUDE:  86 14 W

  TEMPERATURE IN F:       :PCPN:    SNOW:  WIND      :SUNSHINE: SKY     :PK WND
================================================================================
1   2   3   4   5  6A  6B    7    8   9   10  11  12  13   14  15   16   17  18
                                     12Z  AVG MX 2MIN
DY MAX MIN AVG DEP HDD CDD  WTR  SNW DPTH SPD SPD DIR MIN PSBL S-S WX    SPD DR
================================================================================

 1  81  60  71   0   0   6 0.00  0.0    0  3.9 12 160   M    M   1 1      17 240
 2  85  69  77   6   0  12 0.00  0.0    0  5.5 14 280   M    M   3        29 280
 3  95  70  83  12   0  18 0.00  0.0    0  4.6 17  50   M    M   1         M  M
 4  89  71  80   9   0  15 0.05  0.0    0  6.0 15 210   M    M   1 18     25  40
 5  76  60  68  -3   0   3 0.00  0.0    0  9.8 22 290   M    M   3 18     31 300
 6  80  56  68  -3   0   3 0.00  0.0    0  6.5 21 200   M    M   2        25 200
 7  84  60  72   1   0   7 0.00  0.0    0  6.3 15 220   M    M   3 1      21 200
 8  84  64  74   3   0   9    T  0.0    0  6.6 15  10   M    M   3        20  10
 9  70  62  66  -5   0   1 0.25  0.0    0  6.7 14  30   M    M   9 1      18  40
10  64  58  61 -10   4   0 0.70  0.0    0 11.3 21 350   M    M  10 1      28  10
11  78  63  71   0   0   6 0.00  0.0    0 11.8 21 330   M    M   4 8      26 340
12  75  53  64  -7   1   0 0.00  0.0    0  3.5 12 240   M    M   2        21  50
13  71  60  66  -4   0   1 0.12  0.0    0  2.7 10 190   M    M  10 18     14 180
14  75  54  65  -5   0   0 0.00  0.0    0  3.3 14 220   M    M   6 128    16 220
15  81  61  71   1   0   6    T  0.0    0  4.6 15 220   M    M   4 18     18 220
16  75  68  72   2   0   7 0.32  0.0    0 12.6 24 190   M    M   4 13     31 210
17  71  54  63  -7   2   0 0.00  0.0    0  8.4 20 280   M    M   3        28 270
18  74  51  63  -7   2   0 0.00  0.0    0  5.9 17 230   M    M   2        22 250
19  77  51  64  -6   1   0 0.00  0.0    0  4.8 15 240   M    M   2        18 250
20  75  53  64  -6   1   0 0.00  0.0    0  3.7 12 280   M    M   1 1      17 290
21  77  51  64  -6   1   0 0.00  0.0    0  3.8 14 270   M    M   1        18 240
22  79  55  67  -2   0   2 0.00  0.0    0  6.0 16 220   M    M   1        21 250
23  85  58  72   3   0   7 0.00  0.0    0  7.3 18 200   M    M   0        22 210
24  89  66  78   9   0  13 0.00  0.0    0  7.5 14 180   M    M   1        17 180
25  89  64  77   8   0  12 0.00  0.0    0  5.0 13 230   M    M   0        16 230
26  85  68  77   8   0  12 0.14  0.0    0  7.6 21 210   M    M   4 1      26 210
27  82  62  72   4   0   7 0.00  0.0    0  5.3 16 340   M    M   5 18     21 330
28  80  61  71   3   0   6 0.00  0.0    0  6.2 15 290   M    M   3        20 290
29  81  55  68   0   0   3 0.00  0.0    0  3.4 12 250   M    M   1        15 250
30  83  59  71   3   0   6 0.00  0.0    0 12.4 23 190   M    M   0        30 190
31  85  71  78  10   0  13 0.00  0.0    0 10.6 18 240   M    M   0        25 240
================================================================================
SM 2475 1868        12 175  1.58     0.0 203.6          M       90
================================================================================
AV 79.8 60.3                               6.6 FASTST   M    M   3    MAX(MPH)
                                 MISC ---->  # 24 190               # 31  300
================================================================================
NOTES:
# LAST OF SEVERAL OCCURRENCES

COLUMN 17 PEAK WIND IN M.P.H.

PRELIMINARY LOCAL CLIMATOLOGICAL DATA (WS FORM: F-6) , PAGE 2

                                          STATION:  MUSKEGON MI
                                          MONTH:    AUGUST
                                          YEAR:     2012
                                          LATITUDE:   43 10 N
                                          LONGITUDE:  86 14 W

[TEMPERATURE DATA]      [PRECIPITATION DATA]       SYMBOLS USED IN COLUMN 16

AVERAGE MONTHLY: 70.0   TOTAL FOR MONTH:   1.58    1 = FOG OR MIST
DPTR FM NORMAL:   0.1   DPTR FM NORMAL:   -1.81    2 = FOG REDUCING VISIBILITY
HIGHEST:    95 ON  3    GRTST 24HR  0.76 ON  9-10      TO 1/4 MILE OR LESS
LOWEST:     51 ON 21,19                            3 = THUNDER
                        SNOW, ICE PELLETS, HAIL    4 = ICE PELLETS
                        TOTAL MONTH:   0.0 INCH    5 = HAIL
                        GRTST 24HR     0.0         6 = FREEZING RAIN OR DRIZZLE
                        GRTST DEPTH:   0           7 = DUSTSTORM OR SANDSTORM:
                                                       VSBY 1/2 MILE OR LESS
                                                   8 = SMOKE OR HAZE
[NO. OF DAYS WITH]      [WEATHER - DAYS WITH]      9 = BLOWING SNOW
                                                   X = TORNADO
MAX 32 OR BELOW:   0    0.01 INCH OR MORE:   6
MAX 90 OR ABOVE:   1    0.10 INCH OR MORE:   5
MIN 32 OR BELOW:   0    0.50 INCH OR MORE:   1
MIN  0 OR BELOW:   0    1.00 INCH OR MORE:   0

[HDD (BASE 65) ]
TOTAL THIS MO.    12    CLEAR  (SCALE 0-3)  21
DPTR FM NORMAL    -7    PTCLDY (SCALE 4-7)   7
TOTAL FM JUL 1    12    CLOUDY (SCALE 8-10)  3
DPTR FM NORMAL   -18

[CDD (BASE 65) ]
TOTAL THIS MO.   175
DPTR FM NORMAL     4    [PRESSURE DATA]
TOTAL FM JAN 1   851    HIGHEST SLP 30.16 ON 28
DPTR FM NORMAL   344    LOWEST  SLP 29.73 ON 16

[REMARKS]
#FINAL-08-12#
