000
CXUS53 KGRR 011017
CF6MKG
PRELIMINARY LOCAL CLIMATOLOGICAL DATA (WS FORM: F-6)

                                          STATION:   MUSKEGON MI
                                          MONTH:     MAY
                                          YEAR:      2012
                                          LATITUDE:   43 10 N
                                          LONGITUDE:  86 14 W

  TEMPERATURE IN F:       :PCPN:    SNOW:  WIND      :SUNSHINE: SKY     :PK WND
================================================================================
1   2   3   4   5  6A  6B    7    8   9   10  11  12  13   14  15   16   17  18
                                     12Z  AVG MX 2MIN
DY MAX MIN AVG DEP HDD CDD  WTR  SNW DPTH SPD SPD DIR MIN PSBL S-S WX    SPD DR
================================================================================

 1  65  47  56   4   9   0 0.00  0.0    0  5.7 15 110   M    M   6        18 120
 2  75  53  64  11   1   0 0.17  0.0    0 10.4 25 210   M    M   5 138    35 200
 3  78  63  71  18   0   6 0.08  0.0    0  9.1 23 210   M    M   6 13     36 310
 4  76  60  68  15   0   3    T  0.0    0  7.6 18  70   M    M   8 1      22  70
 5  60  52  56   2   9   0 0.28  0.0    0  9.6 16  70   M    M   7 18     24  80
 6  63  52  58   4   7   0 0.65  0.0    0  8.8 18 110   M    M   7 13     23 100
 7  55  46  51  -3  14   0 0.36  0.0    0  5.5 16 100   M    M   8 1      21 100
 8  66  45  56   2   9   0 0.00  0.0    0  4.8 14 320   M    M   6 128    17 320
 9  60  45  53  -2  12   0 0.01  0.0    0  8.4 22 330   M    M   5        28 330
10  62  38  50  -5  15   0 0.00  0.0    0  5.7 16 290   M    M   1        21 290
11  72  38  55   0  10   0 0.00  0.0    0  8.8 21 200   M    M   0        29 220
12  71  53  62   6   3   0 0.00  0.0    0  8.2 18 200   M    M   6        24 210
13  72  42  57   1   8   0 0.00  0.0    0  5.8 14 290   M    M   2        18 320
14  71  39  55  -1  10   0 0.00  0.0    0  4.1 13 230   M    M   0        16 240
15  73  50  62   5   3   0 0.30  0.0    0 11.8 28 230   M    M   3 138    41 290
16  64  45  55  -2  10   0 0.00  0.0    0  8.2 21 330   M    M   1        25 330
17  69  40  55  -2  10   0 0.00  0.0    0  3.5 13 280   M    M   0        15 280
18  76  51  64   6   1   0 0.00  0.0    0  7.1 18 180   M    M   0 8      23 170
19  85  52  69  11   0   4 0.00  0.0    0  7.7 16 220   M    M   0        21 220
20  90  65  78  20   0  13 0.12  0.0    0 10.2 26 240   M    M   3 38     32 220
21  69  53  61   3   4   0 0.02  0.0    0 10.3 22 330   M    M   5        28 330
22  71  48  60   1   5   0 0.00  0.0    0  7.9 18 290   M    M   0        24 300
23  77  44  61   2   4   0 0.00  0.0    0  4.4 15 230   M    M   0 8      22 330
24  87  59  73  14   0   8 0.00  0.0    0 13.9 26 170   M    M   1        37 160
25  80  62  71  11   0   6 0.01  0.0    0 10.7 30 180   M    M   3        43 180
26  81  60  71  11   0   6 0.02  0.0    0  6.6 23 100   M    M   5        30 100
27  86  64  75  15   0  10    T  0.0    0 12.9 24 120   M    M   2 3      30 110
28  89  66  78  17   0  13 0.19  0.0    0 13.8 31 270   M    M   2 138    39 290
29  75  61  68   7   0   3 0.00  0.0    0  9.2 21 220   M    M   1        26 210
30  68  47  58  -3   7   0 0.00  0.0    0  9.4 20 290   M    M   3        24 330
31  59  46  53  -9  12   0 0.03  0.0    0  6.9 13  50   M    M   7        17  50
================================================================================
SM 2245 1586       163  72  2.24     0.0 257.0          M      103
================================================================================
AV 72.4 51.2                               8.3 FASTST   M    M   3    MAX(MPH)
                                 MISC ---->  # 31 270               # 43  180
================================================================================
NOTES:
# LAST OF SEVERAL OCCURRENCES

COLUMN 17 PEAK WIND IN M.P.H.

PRELIMINARY LOCAL CLIMATOLOGICAL DATA (WS FORM: F-6) , PAGE 2

                                          STATION:  MUSKEGON MI
                                          MONTH:    MAY
                                          YEAR:     2012
                                          LATITUDE:   43 10 N
                                          LONGITUDE:  86 14 W

[TEMPERATURE DATA]      [PRECIPITATION DATA]       SYMBOLS USED IN COLUMN 16

AVERAGE MONTHLY: 61.8   TOTAL FOR MONTH:   2.24    1 = FOG OR MIST
DPTR FM NORMAL:   4.9   DPTR FM NORMAL:   -1.01    2 = FOG REDUCING VISIBILITY
HIGHEST:    90 ON 20    GRTST 24HR  0.65 ON  6- 6      TO 1/4 MILE OR LESS
LOWEST:     38 ON 11,10                            3 = THUNDER
                        SNOW, ICE PELLETS, HAIL    4 = ICE PELLETS
                        TOTAL MONTH:   0.0 INCH    5 = HAIL
                        GRTST 24HR     0.0         6 = FREEZING RAIN OR DRIZZLE
                        GRTST DEPTH:   0           7 = DUSTSTORM OR SANDSTORM:
                                                       VSBY 1/2 MILE OR LESS
                                                   8 = SMOKE OR HAZE
[NO. OF DAYS WITH]      [WEATHER - DAYS WITH]      9 = BLOWING SNOW
                                                   X = TORNADO
MAX 32 OR BELOW:   0    0.01 INCH OR MORE:  13
MAX 90 OR ABOVE:   1    0.10 INCH OR MORE:   7
MIN 32 OR BELOW:   0    0.50 INCH OR MORE:   1
MIN  0 OR BELOW:   0    1.00 INCH OR MORE:   0

[HDD (BASE 65) ]
TOTAL THIS MO.   163    CLEAR  (SCALE 0-3)  15
DPTR FM NORMAL  -113    PTCLDY (SCALE 4-7)  15
TOTAL FM JUL 1  5188    CLOUDY (SCALE 8-10)  1
DPTR FM NORMAL -1306

[CDD (BASE 65) ]
TOTAL THIS MO.    72
DPTR FM NORMAL    47    [PRESSURE DATA]
TOTAL FM JAN 1    99    HIGHEST SLP 30.27 ON 13
DPTR FM NORMAL    70    LOWEST  SLP 29.60 ON 24

[REMARKS]
#FINAL-05-12#
