000
CXUS53 KGRR 291341
CF6MKG
PRELIMINARY LOCAL CLIMATOLOGICAL DATA (WS FORM: F-6)

                                          STATION:   MUSKEGON MI
                                          MONTH:     APRIL
                                          YEAR:      2012
                                          LATITUDE:   43 10 N
                                          LONGITUDE:  86 14 W

  TEMPERATURE IN F:       :PCPN:    SNOW:  WIND      :SUNSHINE: SKY     :PK WND
================================================================================
1   2   3   4   5  6A  6B    7    8   9   10  11  12  13   14  15   16   17  18
                                     12Z  AVG MX 2MIN
DY MAX MIN AVG DEP HDD CDD  WTR  SNW DPTH SPD SPD DIR MIN PSBL S-S WX    SPD DR
================================================================================

 1  57  41  49   8  16   0    T  0.0    0  5.1 13  70   M    M   6 8       M 330
 2  61  41  51  10  14   0    T  0.0    0 12.5 21 110   M    M   2        26 100
 3  64  44  54  12  11   0 0.60  0.0    0  8.2 23 120   M    M   6 13     29  30
 4  64  32  48   6  17   0 0.00  0.0    0  8.3 18 330   M    M   0 1      23 360
 5  54  34  44   2  21   0 0.00  0.0    0  9.1 16  60   M    M   0        23  60
 6  54  32  43   0  22   0 0.00  0.0    0  5.6 15 280   M    M   0        20 290
 7  59  30  45   2  20   0 0.02  0.0    0  5.8 15 240   M    M   1        25 100
 8  57  41  49   5  16   0 0.01  0.0    M 12.1 28 260   M    M   3        39 250
 9  56  41  49   5  16   0 0.00  0.0    0 13.1 23 320   M    M   2        37 330
10  42  35  39  -5  26   0    T    T    0 15.1 24 320   M    M  10        31 290
11  52  33  43  -2  22   0 0.00  0.0    0  9.4 18 290   M    M   2        28 290
12  52  29  41  -4  24   0 0.00  0.0    0  5.0 17 230   M    M   0        21 240
13  62  29  46   0  19   0 0.00  0.0    0  6.2 17 200   M    M   2 1      22 200
14  61  52  57  11   8   0 0.00  0.0    0 11.8 24 210   M    M  10 18     35 200
15  72  58  65  19   0   0 1.01  0.0    0 15.5 30 200   M    M   6 13     44 180
16  69  42  56   9   9   0 0.02  0.0    0 21.2 36 180   M    M   6 1      49 180
17  48  36  42  -5  23   0 0.00  0.0    0  6.2 16 310   M    M   3        21 320
18  65  33  49   1  16   0    T  0.0    0 11.5 29 180   M    M   3        39 190
19  67  44  56   8   9   0 0.16  0.0    0  6.7 17 100   M    M   6 1      23 100
20  52  41  47  -1  18   0 0.24  0.0    0  9.3 23  10   M    M  10 1      31 360
21  54  34  44  -5  21   0 0.00  0.0    0  7.4 15 270   M    M   0        21 350
22  59  33  46  -3  19   0 0.00  0.0    0 10.4 21  40   M    M   1        29  30
23  56  37  47  -3  18   0 0.00  0.0    0 13.9 33 340   M    M   0        43 350
24  57  39  48  -2  17   0 0.00  0.0    0  9.4 21 280   M    M   2        28 340
25  63  37  50   0  15   0 0.05  0.0    0  5.9 23 220   M    M   6 1      26 230
26  54  36  45  -6  20   0 0.02  0.0    0 13.6 29 330   M    M   5 1      36 340
27  50  28  39 -12  26   0 0.00  0.0    0  7.8 20 270   M    M   0        25 260
28  49  36  43  -8  22   0 0.01  0.0    0  8.9 17 100   M    M   7        22 100
29  64  27  46  -6  19   0 0.07  0.0    0  7.8 17 120   M    M   1        22 130
30  56  45  51  -1  14   0 0.07  0.0    0  7.9 18 120   M    M  10        23 120
================================================================================
SM 1730 1120       518   0  2.28    T    290.7          M      110
================================================================================
AV 57.7 37.3                               9.7 FASTST   M    M   4    MAX(MPH)
                                 MISC ---->  # 36 180               # 49  180
================================================================================
NOTES:
# LAST OF SEVERAL OCCURRENCES

COLUMN 17 PEAK WIND IN M.P.H.

PRELIMINARY LOCAL CLIMATOLOGICAL DATA (WS FORM: F-6) , PAGE 2

                                          STATION:  MUSKEGON MI
                                          MONTH:    APRIL
                                          YEAR:     2012
                                          LATITUDE:   43 10 N
                                          LONGITUDE:  86 14 W

[TEMPERATURE DATA]      [PRECIPITATION DATA]       SYMBOLS USED IN COLUMN 16

AVERAGE MONTHLY: 47.5   TOTAL FOR MONTH:   2.28    1 = FOG OR MIST
DPTR FM NORMAL:   0.9   DPTR FM NORMAL:   -0.63    2 = FOG REDUCING VISIBILITY
HIGHEST:    72 ON 15    GRTST 24HR  1.01 ON 15-15      TO 1/4 MILE OR LESS
LOWEST:     27 ON 29                               3 = THUNDER
                        SNOW, ICE PELLETS, HAIL    4 = ICE PELLETS
                        TOTAL MONTH:    T          5 = HAIL
                        GRTST 24HR    T  ON 10-10  6 = FREEZING RAIN OR DRIZZLE
                        GRTST DEPTH:   0           7 = DUSTSTORM OR SANDSTORM:
                                                       VSBY 1/2 MILE OR LESS
                                                   8 = SMOKE OR HAZE
[NO. OF DAYS WITH]      [WEATHER - DAYS WITH]      9 = BLOWING SNOW
                                                   X = TORNADO
MAX 32 OR BELOW:   0    0.01 INCH OR MORE:  12
MAX 90 OR ABOVE:   0    0.10 INCH OR MORE:   4
MIN 32 OR BELOW:   7    0.50 INCH OR MORE:   2
MIN  0 OR BELOW:   0    1.00 INCH OR MORE:   1

[HDD (BASE 65) ]
TOTAL THIS MO.   518    CLEAR  (SCALE 0-3)  17
DPTR FM NORMAL   -38    PTCLDY (SCALE 4-7)   9
TOTAL FM JUL 1  5025    CLOUDY (SCALE 8-10)  4
DPTR FM NORMAL -1193

[CDD (BASE 65) ]
TOTAL THIS MO.     0
DPTR FM NORMAL    -4    [PRESSURE DATA]
TOTAL FM JAN 1    27    HIGHEST SLP 30.42 ON 17
DPTR FM NORMAL    23    LOWEST  SLP 29.47 ON 16

[REMARKS]
#FINAL-04-12#
