000
CXUS53 KGRR 011035
CF6MKG
PRELIMINARY LOCAL CLIMATOLOGICAL DATA (WS FORM: F-6)

                                          STATION:   MUSKEGON MI
                                          MONTH:     FEBRUARY
                                          YEAR:      2012
                                          LATITUDE:   43 10 N
                                          LONGITUDE:  86 14 W

  TEMPERATURE IN F:       :PCPN:    SNOW:  WIND      :SUNSHINE: SKY     :PK WND
================================================================================
1   2   3   4   5  6A  6B    7    8   9   10  11  12  13   14  15   16   17  18
                                     12Z  AVG MX 2MIN
DY MAX MIN AVG DEP HDD CDD  WTR  SNW DPTH SPD SPD DIR MIN PSBL S-S WX    SPD DR
================================================================================

 1  44  37  41  16  24   0 0.00  0.0    0  7.3 16 270   M    M   7        22 270
 2  41  34  38  13  27   0 0.00  0.0    0  4.1 13 220   M    M  10 18     15 230
 3  39  33  36  11  29   0 0.00  0.0    0  3.2  9  20   M    M  10 18     13  20
 4  46  25  36  10  29   0 0.00  0.0    0  3.5 10 280   M    M   0        14  90
 5  41  23  32   6  33   0 0.00  0.0    0  5.3 13 290   M    M   2 1      15 280
 6  36  34  35   9  30   0 0.00  0.0    0  9.0 18 220   M    M   7 18     23 230
 7  37  25  31   5  34   0 0.00  0.0    0  8.3 16 350   M    M   8        21 360
 8  34  17  26   0  39   0 0.00  0.0    0  6.9 16 270   M    M   1        23 270
 9  37  29  33   7  32   0 0.00  0.0    0 14.0 23 220   M    M   1        31 230
10  36  15  26   0  39   0 0.06  1.2    0 12.6 25 360   M    M  10 1      35 350
11  23  13  18  -8  47   0 0.05  1.2    1 10.4 22 310   M    M   7 18     26 300
12  32  22  27   1  38   0 0.00  0.0    2 14.0 21 310   M    M   5        30 330
13  35  27  31   4  34   0    T    T    1 10.9 18 210   M    M   5 8      24 190
14  37  30  34   7  31   0 0.10  1.7    2  7.8 15 180   M    M  10 18     23 170
15  43  36  40  13  25   0 0.02  0.0    1 10.6 17 180   M    M   9 18     23 160
16  42  36  39  12  26   0 0.33  0.0    0  7.8 20 290   M    M   7 128    25 280
17  41  27  34   7  31   0 0.06  1.0    0  7.2 20 230   M    M   5 18     23 210
18  36  20  28   0  37   0    T    T    1  9.3 23 340   M    M   7 128    31 330
19  38  16  27  -1  38   0 0.00  0.0    0  2.9 13 280   M    M   1 18     16 270
20  43  18  31   3  34   0 0.00  0.0    0  7.1 20 140   M    M   0        24 130
21  40  33  37   9  28   0 0.05    T    0 11.3 20 240   M    M   7 1      30 250
22  43  35  39  11  26   0    T  0.0    0 13.1 25 250   M    M   5        35 260
23  41  23  32   3  33   0 0.01    T    0  3.5 13 290   M    M   3 1      20 350
24  36  31  34   5  31   0 0.28  4.7    3 13.1 23 330   M    M  10 128    31 310
25  32  29  31   2  34   0 0.03  0.5    3 11.3 22 290   M    M  10 8      32 300
26  44  24  34   5  31   0 0.00  0.0    2 13.0 28 130   M    M   4        33 180
27  41  24  33   3  32   0 0.00  0.0    1 12.9 24 280   M    M   7        35 280
28  40  20  30   0  35   0 0.01  0.0    0  6.9 18 110   M    M   6        22 110
29  54  34  44  14  21   0 0.84  0.3    0 14.7 24  90   M    M   9 18     36 110
================================================================================
SM 1132  770       928   0  1.84    10.6 262.0          M      173
================================================================================
AV 39.0 26.6                               9.0 FASTST   M    M   6    MAX(MPH)
                                 MISC ---->  # 28 130               # 36  110
================================================================================
NOTES:
# LAST OF SEVERAL OCCURRENCES

COLUMN 17 PEAK WIND IN M.P.H.

PRELIMINARY LOCAL CLIMATOLOGICAL DATA (WS FORM: F-6) , PAGE 2

                                          STATION:  MUSKEGON MI
                                          MONTH:    FEBRUARY
                                          YEAR:     2012
                                          LATITUDE:   43 10 N
                                          LONGITUDE:  86 14 W

[TEMPERATURE DATA]      [PRECIPITATION DATA]       SYMBOLS USED IN COLUMN 16

AVERAGE MONTHLY: 32.8   TOTAL FOR MONTH:   1.84    1 = FOG OR MIST
DPTR FM NORMAL:   5.7   DPTR FM NORMAL:    0.01    2 = FOG REDUCING VISIBILITY
HIGHEST:    54 ON 29    GRTST 24HR  0.84 ON 29-29      TO 1/4 MILE OR LESS
LOWEST:     13 ON 11                               3 = THUNDER
                        SNOW, ICE PELLETS, HAIL    4 = ICE PELLETS
                        TOTAL MONTH:  10.6 INCHES  5 = HAIL
                        GRTST 24HR   4.7 ON   M    6 = FREEZING RAIN OR DRIZZLE
                        GRTST DEPTH:   3 ON 25,24  7 = DUSTSTORM OR SANDSTORM:
                                                       VSBY 1/2 MILE OR LESS
                                                   8 = SMOKE OR HAZE
[NO. OF DAYS WITH]      [WEATHER - DAYS WITH]      9 = BLOWING SNOW
                                                   X = TORNADO
MAX 32 OR BELOW:   3    0.01 INCH OR MORE:  12
MAX 90 OR ABOVE:   0    0.10 INCH OR MORE:   4
MIN 32 OR BELOW:  20    0.50 INCH OR MORE:   1
MIN  0 OR BELOW:   0    1.00 INCH OR MORE:   0

[HDD (BASE 65) ]
TOTAL THIS MO.   928    CLEAR  (SCALE 0-3)   6
DPTR FM NORMAL  -132    PTCLDY (SCALE 4-7)  14
TOTAL FM JUL 1  4014    CLOUDY (SCALE 8-10)  9
DPTR FM NORMAL  -753

[CDD (BASE 65) ]
TOTAL THIS MO.     0
DPTR FM NORMAL     0    [PRESSURE DATA]
TOTAL FM JAN 1     0    HIGHEST SLP 30.51 ON  3
DPTR FM NORMAL     0    LOWEST  SLP 29.41 ON 29

[REMARKS]
#FINAL-02-12#
