000
CXUS53 KGRR 011248
CF6MKG
PRELIMINARY LOCAL CLIMATOLOGICAL DATA (WS FORM: F-6)

                                          STATION:   MUSKEGON MI
                                          MONTH:     JANUARY
                                          YEAR:      2012
                                          LATITUDE:   43 10 N
                                          LONGITUDE:  86 14 W

  TEMPERATURE IN F:       :PCPN:    SNOW:  WIND      :SUNSHINE: SKY     :PK WND
================================================================================
1   2   3   4   5  6A  6B    7    8   9   10  11  12  13   14  15   16   17  18
                                     12Z  AVG MX 2MIN
DY MAX MIN AVG DEP HDD CDD  WTR  SNW DPTH SPD SPD DIR MIN PSBL S-S WX    SPD DR
================================================================================

 1  44  29  37  10  28   0 0.24  1.2    0 17.7 31 280   M    M   8 12     46 300
 2  31  20  26  -1  39   0 0.10  2.2    4 17.5 28 320   M    M  10 1289   41 320
 3  31  19  25  -1  40   0    T    T    4 10.3 22 210   M    M   8        29 200
 4  36  31  34   8  31   0 0.00  0.0    3 11.5 26 220   M    M   5        32 220
 5  46  24  35   9  30   0 0.00  0.0    3  9.6 22 230   M    M   2        28 230
 6  52  42  47  21  18   0 0.00  0.0    0 10.0 22 220   M    M   3        28 230
 7  45  31  38  12  27   0 0.00  0.0    0 10.7 21 320   M    M   6        26 310
 8  42  21  32   6  33   0 0.00  0.0    0  5.1 17 230   M    M   2        20 220
 9  43  34  39  13  26   0 0.00  0.0    0 14.1 26 220   M    M   3        35 230
10  46  26  36  10  29   0 0.00  0.0    0  7.2 18 210   M    M   0 1      23 200
11  56  28  42  16  23   0 0.00  0.0    0  4.2 12 190   M    M   0 18     16 180
12  38  28  33   7  32   0 0.49  2.9    0  5.1 21 340   M    M   7 128    28 330
13  32  24  28   3  37   0 0.18  4.9    5 12.6 25 320   M    M  10 1      33 340
14  25  20  23  -2  42   0 0.55 14.9    7  6.8 13 100   M    M  10 12     15  90
15  25  18  22  -3  43   0 0.04  1.2   16  9.5 18 130   M    M   8 18     23 140
16  42  19  31   6  34   0 0.00  0.0   12  8.0 18 210   M    M   4 128    25 210
17  38  22  30   5  35   0 0.20  3.0    5 14.8 31 320   M    M  10 12     39 310
18  29  21  25   0  40   0    T    T    6 10.5 26 190   M    M   9        32 200
19  32  11  22  -3  43   0 0.09  2.9    6 16.0 33 230   M    M  10 1289   41 220
20  18   9  14 -11  51   0 0.20  2.4    6  5.5 10 100   M    M   9 18     14  90
21  24  10  17  -8  48   0 0.01  0.2    8  4.5 13 130   M    M   5 18     16 140
22  37  13  25   0  40   0 0.04  0.0    7 12.3 23 120   M    M   5 18     29 110
23  47  32  40  15  25   0 0.70  0.1    5 17.3 28 270   M    M   8 13     37 270
24  33  30  32   7  33   0    T    T    1 10.4 22 260   M    M  10        30 270
25  36  28  32   7  33   0 0.00  0.0    1  4.9 10 130   M    M   9        14 170
26  36  29  33   8  32   0    T  0.0    0  3.7 13 130   M    M  10 18     15 140
27  40  34  37  12  28   0    T  0.0    0 10.3 20 330   M    M   6 1      28 320
28  38  30  34   9  31   0 0.27  1.3    0 17.3 29 300   M    M  10 12     38 310
29  32  26  29   4  36   0 0.02  0.4    0 10.2 21 320   M    M   9 128    28 300
30  44  17  31   6  34   0 0.00  0.0    2  9.4 21 120   M    M   6        25 120
31  50  42  46  21  19   0 0.00  0.0    0 16.6 26 200   M    M   2 1      37 190
================================================================================
SM 1168  768      1040   0  3.13    37.6 323.6          M      204
================================================================================
AV 37.7 24.8                              10.4 FASTST   M    M   7    MAX(MPH)
                                 MISC ---->  # 33 230               # 46  300
================================================================================
NOTES:
# LAST OF SEVERAL OCCURRENCES

COLUMN 17 PEAK WIND IN M.P.H.

PRELIMINARY LOCAL CLIMATOLOGICAL DATA (WS FORM: F-6) , PAGE 2

                                          STATION:  MUSKEGON MI
                                          MONTH:    JANUARY
                                          YEAR:     2012
                                          LATITUDE:   43 10 N
                                          LONGITUDE:  86 14 W

[TEMPERATURE DATA]      [PRECIPITATION DATA]       SYMBOLS USED IN COLUMN 16

AVERAGE MONTHLY: 31.2   TOTAL FOR MONTH:   3.13    1 = FOG OR MIST
DPTR FM NORMAL:   5.8   DPTR FM NORMAL:    1.10    2 = FOG REDUCING VISIBILITY
HIGHEST:    56 ON 11    GRTST 24HR  0.73 ON 22-23      TO 1/4 MILE OR LESS
LOWEST:      9 ON 20                               3 = THUNDER
                        SNOW, ICE PELLETS, HAIL    4 = ICE PELLETS
                        TOTAL MONTH:  37.6 INCHES  5 = HAIL
                        GRTST 24HR  14.9 ON   M    6 = FREEZING RAIN OR DRIZZLE
                        GRTST DEPTH:  16 ON 15     7 = DUSTSTORM OR SANDSTORM:
                                                       VSBY 1/2 MILE OR LESS
                                                   8 = SMOKE OR HAZE
[NO. OF DAYS WITH]      [WEATHER - DAYS WITH]      9 = BLOWING SNOW
                                                   X = TORNADO
MAX 32 OR BELOW:  10    0.01 INCH OR MORE:  14
MAX 90 OR ABOVE:   0    0.10 INCH OR MORE:   9
MIN 32 OR BELOW:  27    0.50 INCH OR MORE:   2
MIN  0 OR BELOW:   0    1.00 INCH OR MORE:   0

[HDD (BASE 65) ]
TOTAL THIS MO.  1040    CLEAR  (SCALE 0-3)   7
DPTR FM NORMAL  -186    PTCLDY (SCALE 4-7)  11
TOTAL FM JUL 1  3086    CLOUDY (SCALE 8-10) 13
DPTR FM NORMAL  -586

[CDD (BASE 65) ]
TOTAL THIS MO.     0
DPTR FM NORMAL     0    [PRESSURE DATA]
TOTAL FM JAN 1     0    HIGHEST SLP 30.40 ON 25
DPTR FM NORMAL     0    LOWEST  SLP 29.34 ON 12

[REMARKS]
#FINAL-01-12#
