000
CXUS53 KGRR 011017
CF6MKG
PRELIMINARY LOCAL CLIMATOLOGICAL DATA (WS FORM: F-6)

                                          STATION:   MUSKEGON MI
                                          MONTH:     FEBRUARY
                                          YEAR:      2016
                                          LATITUDE:   43 10 N
                                          LONGITUDE:  86 14 W

  TEMPERATURE IN F:       :PCPN:    SNOW:  WIND      :SUNSHINE: SKY     :PK WND
================================================================================
1   2   3   4   5  6A  6B    7    8   9   10  11  12  13   14  15   16   17  18
                                     12Z  AVG MX 2MIN
DY MAX MIN AVG DEP HDD CDD  WTR  SNW DPTH SPD SPD DIR MIN PSBL S-S WX    SPD DR
================================================================================

 1  42  28  35  10  30   0    T  0.0    4  4.1 13 220   M    M   7 18     16 250
 2  38  22  30   5  35   0 1.25    T    3 14.3 35  90   M    M   8 1238   46  90
 3  40  31  36  11  29   0 0.04  0.2    2 12.3 28 220   M    M  10 12     35 230
 4  32  20  26   0  39   0 0.01  0.3    2  8.9 16 270   M    M  10        21 270
 5  34  26  30   4  35   0    T  0.1    2  6.3 16 330   M    M   9 8      19 330
 6  36  22  29   3  36   0 0.00  0.0    2  9.8 20 240   M    M   9 18     23 240
 7  43  36  40  14  25   0 0.00  0.0    1 13.2 24 200   M    M   8 1      32 190
 8  43  28  36  10  29   0    T    T    T  6.7 14 340   M    M   7 1      19 340
 9  32  20  26   0  39   0    T    T    T 15.5 22 330   M    M  10        27 320
10  22  14  18  -8  47   0    T    T    T 12.8 23 320   M    M  10 8      30 320
11  22  15  19  -7  46   0 0.01  0.2    T  7.6 15 290   M    M   8 8      18 330
12  24   8  16 -10  49   0 0.03  0.4    T 16.1 29 340   M    M  10        36 340
13  15   8  12 -15  53   0 0.06  2.0    2  8.8 17 320   M    M  10 8      22 350
14  20  11  16 -11  49   0    T    T    3 13.9  M   M   M    M   8 8       M  M
15  27  18  23  -4  42   0 0.05  1.0    3  7.8 14 160   M    M  10 18     14 160
16  32  26  29   2  36   0 0.06  0.8    3  3.5  8 350   M    M  10 18      8 350
17  34  12  23  -4  42   0    T    T    3  7.1 17 290   M    M   6 18     22 290
18  37   6  22  -6  43   0    T  0.0    3 12.0 26 130   M    M   5 8      35 120
19  54  37  46  18  19   0 0.00  0.0    3 21.0 41 180   M    M   9        58 180
20  50  36  43  15  22   0 0.00  0.0    0 13.1 25 230   M    M   4        34 240
21  45  27  36   8  29   0 0.00  0.0    0  8.1 15 360   M    M   8        22 360
22  39  27  33   5  32   0    T    T    0  4.6 16 110   M    M   9        22 120
23  46  30  38   9  27   0 0.00  0.0    0  5.4 12  20   M    M   8        15  20
24  39  31  35   6  30   0 0.07  1.9    0 16.7 30 350   M    M   8 1      42 340
25  34  29  32   3  33   0 0.09  1.6    3 19.7 32 330   M    M  10 18     40 330
26  34  28  31   2  34   0    T    T    3  9.5 20 340   M    M  10        23 250
27  43  33  38   8  27   0 0.00  0.0    1 19.6 28 200   M    M   3        36 200
28  51  33  42  12  23   0 0.08    T    0 20.5 31 200   M    M   7 1      43 180
29  40  23  32   2  33   0 0.00  0.0    0 14.8 25 350   M    M   9        35 220
================================================================================
SM 1048  685      1013   0  1.75     8.5 333.7          M      240
================================================================================
AV 36.1 23.6                              11.5 FASTST   M    M   8    MAX(MPH)
                                 MISC ---->  # 41 180               # 58  180
================================================================================
NOTES:
# LAST OF SEVERAL OCCURRENCES

COLUMN 17 PEAK WIND IN M.P.H.

PRELIMINARY LOCAL CLIMATOLOGICAL DATA (WS FORM: F-6) , PAGE 2

                                          STATION:  MUSKEGON MI
                                          MONTH:    FEBRUARY
                                          YEAR:     2016
                                          LATITUDE:   43 10 N
                                          LONGITUDE:  86 14 W

[TEMPERATURE DATA]      [PRECIPITATION DATA]       SYMBOLS USED IN COLUMN 16

AVERAGE MONTHLY: 29.9   TOTAL FOR MONTH:   1.75    1 = FOG OR MIST
DPTR FM NORMAL:   2.8   DPTR FM NORMAL:   -0.08    2 = FOG REDUCING VISIBILITY
HIGHEST:    54 ON 19    GRTST 24HR  1.25 ON  2- 2      TO 1/4 MILE OR LESS
LOWEST:      6 ON 18                               3 = THUNDER
                        SNOW, ICE PELLETS, HAIL    4 = ICE PELLETS
                        TOTAL MONTH:   8.5 INCHES  5 = HAIL
                        GRTST 24HR   2.0 ON 13-13  6 = FREEZING RAIN OR DRIZZLE
                        GRTST DEPTH:   4 ON  1     7 = DUSTSTORM OR SANDSTORM:
                                                       VSBY 1/2 MILE OR LESS
                                                   8 = SMOKE OR HAZE
[NO. OF DAYS WITH]      [WEATHER - DAYS WITH]      9 = BLOWING SNOW
                                                   X = TORNADO
MAX 32 OR BELOW:   9    0.01 INCH OR MORE:  11
MAX 90 OR ABOVE:   0    0.10 INCH OR MORE:   1
MIN 32 OR BELOW:  24    0.50 INCH OR MORE:   1
MIN  0 OR BELOW:   0    1.00 INCH OR MORE:   1

[HDD (BASE 65) ]
TOTAL THIS MO.  1013    CLEAR  (SCALE 0-3)   1
DPTR FM NORMAL   -47    PTCLDY (SCALE 4-7)  11
TOTAL FM JUL 1  4020    CLOUDY (SCALE 8-10) 17
DPTR FM NORMAL  -747

[CDD (BASE 65) ]
TOTAL THIS MO.     0
DPTR FM NORMAL     0    [PRESSURE DATA]
TOTAL FM JAN 1     0    HIGHEST SLP 30.55 ON 13
DPTR FM NORMAL     0    LOWEST  SLP 29.37 ON 19

[REMARKS]
#FINAL-02-16#
