000
CXUS53 KGRR 011017
CF6MKG
PRELIMINARY LOCAL CLIMATOLOGICAL DATA (WS FORM: F-6)

                                          STATION:   MUSKEGON MI
                                          MONTH:     FEBRUARY
                                          YEAR:      2014
                                          LATITUDE:   43 10 N
                                          LONGITUDE:  86 14 W

  TEMPERATURE IN F:       :PCPN:    SNOW:  WIND      :SUNSHINE: SKY     :PK WND
================================================================================
1   2   3   4   5  6A  6B    7    8   9   10  11  12  13   14  15   16   17  18
                                     12Z  AVG MX 2MIN
DY MAX MIN AVG DEP HDD CDD  WTR  SNW DPTH SPD SPD DIR MIN PSBL S-S WX    SPD DR
================================================================================

 1  27  14  21  -4  44   0 0.21  2.4   18  5.5 13  70   M    M   9 18     15  60
 2  25  -1  12 -13  53   0    T  0.1   24  6.8 17 320   M    M   8 18     22 320
 3  22   1  12 -13  53   0    T    T   23  2.1 10 230   M    M   7 18     13 270
 4  25   6  16 -10  49   0 0.00  0.0   23  3.7 10  40   M    M   7 18     13  30
 5  22  16  19  -7  46   0 0.17  2.8   23 10.6 20 340   M    M   9 18     26 320
 6  18  11  15 -11  50   0 0.03  1.1   22 11.2 18 260   M    M  10 1      24 260
 7  17  10  14 -12  51   0 0.02  0.7   22 14.3 22 230   M    M   8 8      29 250
 8  19  15  17  -9  48   0 0.05  2.1   23  8.2 17 260   M    M  10 8      22 260
 9  21  14  18  -8  47   0 0.18  3.8   26  5.5 15 300   M    M  10 18     20 290
10  18   9  14 -12  51   0 0.03  1.0   25  6.7 16 320   M    M  10 18     20 320
11  18  -1   9 -17  56   0 0.01  0.2   25  5.4 14 190   M    M   8 18     17 180
12  21  -2  10 -16  55   0    T    T   23  8.0 14 180   M    M   7 18     17 180
13  29  20  25  -2  40   0 0.04  0.9   22  8.5 20 170   M    M  10 18     26 180
14  30  17  24  -3  41   0 0.03  0.5   22 11.3 20 320   M    M   9 18     26 300
15  21  12  17 -10  48   0    T    T   22  6.3 13 210   M    M   8 8      14 260
16  30  14  22  -5  43   0 0.07  2.0   23  6.2 15 340   M    M   7 18     17 320
17  20  10  15 -12  50   0 0.35  6.2   22 13.3 25 120   M    M   7 189    31 120
18  46  17  32   4  33   0 0.02  0.4   27 11.1 24 200   M    M   7 18     34 190
19  38  27  33   5  32   0 0.02    T   23  9.3 15 220   M    M   3 18     21 290
20  43  30  37   9  28   0 0.46    T   21 15.2 31 210   M    M   8 18     43 200
21  37  26  32   4  33   0 0.05  1.0   20 26.1 40 220   M    M   8 129    53 230
22  29  24  27  -1  38   0 0.00  0.0   15 13.8 21 230   M    M   3        29 260
23  25  17  21  -8  44   0 0.00  0.0   19 14.2 23 290   M    M   4        33 290
24  21  15  18 -11  47   0    T  0.1   19 11.0 20 270   M    M  10        29 280
25  20  12  16 -13  49   0 0.02  0.4   19 10.8 21 300   M    M  10 1      29 320
26  17   8  13 -16  52   0 0.04  1.1   19 17.2 35 220   M    M  10 89     44 240
27  18  -5   7 -23  58   0 0.01  0.3   20 15.1 31 330   M    M   9 89     41 340
28  20  -7   7 -23  58   0    T    T   20 11.1 21 160   M    M   8        27 170
================================================================================
SM  697  329      1297   0  1.81    27.1 288.5          M      224
================================================================================
AV 24.9 11.8                              10.3 FASTST   M    M   8    MAX(MPH)
                                 MISC ---->  # 40 220               # 53  230
================================================================================
NOTES:
# LAST OF SEVERAL OCCURRENCES

COLUMN 17 PEAK WIND IN M.P.H.

PRELIMINARY LOCAL CLIMATOLOGICAL DATA (WS FORM: F-6) , PAGE 2

                                          STATION:  MUSKEGON MI
                                          MONTH:    FEBRUARY
                                          YEAR:     2014
                                          LATITUDE:   43 10 N
                                          LONGITUDE:  86 14 W

[TEMPERATURE DATA]      [PRECIPITATION DATA]       SYMBOLS USED IN COLUMN 16

AVERAGE MONTHLY: 18.3   TOTAL FOR MONTH:   1.81    1 = FOG OR MIST
DPTR FM NORMAL:  -8.8   DPTR FM NORMAL:   -0.02    2 = FOG REDUCING VISIBILITY
HIGHEST:    46 ON 18    GRTST 24HR  0.46 ON 20-20      TO 1/4 MILE OR LESS
LOWEST:     -7 ON 28                               3 = THUNDER
                        SNOW, ICE PELLETS, HAIL    4 = ICE PELLETS
                        TOTAL MONTH:  27.1 INCHES  5 = HAIL
                        GRTST 24HR   6.2 ON   M    6 = FREEZING RAIN OR DRIZZLE
                        GRTST DEPTH:  27 ON 18     7 = DUSTSTORM OR SANDSTORM:
                                                       VSBY 1/2 MILE OR LESS
                                                   8 = SMOKE OR HAZE
[NO. OF DAYS WITH]      [WEATHER - DAYS WITH]      9 = BLOWING SNOW
                                                   X = TORNADO
MAX 32 OR BELOW:  24    0.01 INCH OR MORE:  19
MAX 90 OR ABOVE:   0    0.10 INCH OR MORE:   5
MIN 32 OR BELOW:  28    0.50 INCH OR MORE:   0
MIN  0 OR BELOW:   5    1.00 INCH OR MORE:   0

[HDD (BASE 65) ]
TOTAL THIS MO.  1297    CLEAR  (SCALE 0-3)   2
DPTR FM NORMAL   237    PTCLDY (SCALE 4-7)  12
TOTAL FM JUL 1  5140    CLOUDY (SCALE 8-10) 14
DPTR FM NORMAL   408

[CDD (BASE 65) ]
TOTAL THIS MO.     0
DPTR FM NORMAL     0    [PRESSURE DATA]
TOTAL FM JAN 1     0    HIGHEST SLP 30.52 ON 11
DPTR FM NORMAL     0    LOWEST  SLP 29.26 ON 20

[REMARKS]
#FINAL-02-14#
