000
CXUS53 KGRR 011010
CF6MKG
PRELIMINARY LOCAL CLIMATOLOGICAL DATA (WS FORM: F-6)
STATION: MUSKEGON
MONTH: NOVEMBER
YEAR: 2021
LATITUDE: 43 10 N
LONGITUDE: 86 14 W
TEMPERATURE IN F: :PCPN: SNOW: WIND :SUNSHINE: SKY :PK WND
================================================================================
1 2 3 4 5 6A 6B 7 8 9 10 11 12 13 14 15 16 17 18
12Z AVG MX 2MIN
DY MAX MIN AVG DEP HDD CDD WTR SNW DPTH SPD SPD DIR MIN PSBL S-S WX SPD DR
================================================================================
1 49 43 46 0 19 0 T 0.0 0 14.1 21 290 M M 8 30 290
2 46 34 40 -6 25 0 0.05 T 0 10.7 21 290 M M 9 1 30 290
3 46 30 38 -7 27 0 T T 0 2.9 14 260 M M 8 18 270
4 48 35 42 -3 23 0 0.00 0.0 0 3.4 10 260 M M 9 14 280
5 54 32 43 -2 22 0 0.00 0.0 0 9.1 21 200 M M 6 28 220
6 56 42 49 5 16 0 0.00 0.0 0 14.3 24 200 M M 3 32 210
7 60 45 53 9 12 0 0.00 0.0 0 11.1 18 200 M M 2 28 200
8 60 43 52 8 13 0 0.00 0.0 0 9.1 20 220 M M 2 1 26 220
9 61 35 48 5 17 0 0.00 0.0 0 4.6 10 360 M M 6 1 17 30
10 57 28 43 0 22 0 0.00 0.0 0 6.9 20 110 M M 6 1 28 110
11 58 46 52 10 13 0 0.42 0.0 0 16.3 29 220 M M 8 1 46 200
12 50 34 42 0 23 0 0.35 0.6 0 16.6 28 210 M M 9 13 37 230
13 43 33 38 -4 27 0 0.21 T T 10.4 20 290 M M 10 1 30 330
14 42 34 38 -3 27 0 0.46 0.5 0 10.7 20 340 M M 10 1 29 230
15 39 34 37 -4 28 0 T T 0 6.1 16 300 M M 10 26 290
16 47 29 38 -3 27 0 0.00 0.0 0 9.4 21 140 M M 8 18 30 130
17 58 46 52 12 13 0 0.04 0.0 0 11.4 21 270 M M 10 18 32 200
18 46 33 40 0 25 0 0.03 0.4 0 16.5 24 280 M M 10 37 290
19 42 35 39 -1 26 0 T T T 8.0 18 320 M M 9 26 320
20 48 34 41 2 24 0 0.00 0.0 0 9.7 20 200 M M 8 30 190
21 53 32 43 4 22 0 0.01 0.0 0 10.8 33 300 M M 7 18 54 300
22 37 29 33 -6 32 0 0.00 0.0 0 12.6 25 320 M M 8 40 310
23 44 19 32 -6 33 0 0.00 0.0 0 7.0 17 210 M M 3 23 180
24 53 38 46 8 19 0 T 0.0 0 17.6 28 200 M M 6 38 190
25 52 29 41 3 24 0 0.02 0.3 0 11.9 22 340 M M 10 1 32 340
26 32 27 30 -7 35 0 0.02 0.4 1 9.1 20 330 M M 10 27 330
27 32 25 29 -8 36 0 0.11 1.1 0 8.9 15 110 M M 9 16 20 120
28 38 30 34 -3 31 0 T T 1 11.5 25 320 M M 10 1 34 320
29 42 27 35 -1 30 0 0.14 2.3 T 6.6 18 240 M M 9 1 26 260
30 46 27 37 1 28 0 0.00 0.0 2 8.7 23 330 M M 8 1 35 320
================================================================================
SM 1439 1008 719 0 1.86 5.6 306.0 M 231
================================================================================
AV 48.0 33.6 10.2 FASTST M M 8 MAX(MPH)
MISC ----> 33 300 54 300
================================================================================
NOTES:
# LAST OF SEVERAL OCCURRENCES
COLUMN 17 PEAK WIND IN M.P.H.
PRELIMINARY LOCAL CLIMATOLOGICAL DATA (WS FORM: F-6) , PAGE 2
STATION: MUSKEGON
MONTH: NOVEMBER
YEAR: 2021
LATITUDE: 43 10 N
LONGITUDE: 86 14 W
[TEMPERATURE DATA] [PRECIPITATION DATA] SYMBOLS USED IN COLUMN 16
AVERAGE MONTHLY: 40.8 TOTAL FOR MONTH: 1.86 1 = FOG OR MIST
DPTR FM NORMAL: -0.2 DPTR FM NORMAL: -1.06 2 = FOG REDUCING VISIBILITY
HIGHEST: 61 ON 9 GRTST 24HR 0.55 ON 12-13 TO 1/4 MILE OR LESS
LOWEST: 19 ON 23 3 = THUNDER
SNOW, ICE PELLETS, HAIL 4 = ICE PELLETS
TOTAL MONTH: 5.6 INCHES 5 = HAIL
GRTST 24HR 2.3 ON 29-29 6 = FREEZING RAIN OR DRIZZLE
GRTST DEPTH: 2 ON 30 7 = DUSTSTORM OR SANDSTORM:
VSBY 1/2 MILE OR LESS
8 = SMOKE OR HAZE
[NO. OF DAYS WITH] [WEATHER - DAYS WITH] 9 = BLOWING SNOW
X = TORNADO
MAX 32 OR BELOW: 2 0.01 INCH OR MORE: 12
MAX 90 OR ABOVE: 0 0.10 INCH OR MORE: 6
MIN 32 OR BELOW: 13 0.50 INCH OR MORE: 0
MIN 0 OR BELOW: 0 1.00 INCH OR MORE: 0
[HDD (BASE 65) ]
TOTAL THIS MO. 719 CLEAR (SCALE 0-3) 3
DPTR FM NORMAL -3 PTCLDY (SCALE 4-7) 11
TOTAL FM JUL 1 1002 CLOUDY (SCALE 8-10) 16
DPTR FM NORMAL -270
[CDD (BASE 65) ]
TOTAL THIS MO. 0
DPTR FM NORMAL 0 [PRESSURE DATA]
TOTAL FM JAN 1 841 HIGHEST SLP 30.50 ON 19
DPTR FM NORMAL 191 LOWEST SLP 29.45 ON 11
[REMARKS]
#FINAL-11-21#