000
CXUS53 KGRR 011017
CF6MKG
PRELIMINARY LOCAL CLIMATOLOGICAL DATA (WS FORM: F-6)

                                          STATION:   MUSKEGON MI
                                          MONTH:     AUGUST
                                          YEAR:      2011
                                          LATITUDE:   43 10 N
                                          LONGITUDE:  86 14 W

  TEMPERATURE IN F:       :PCPN:    SNOW:  WIND      :SUNSHINE: SKY     :PK WND
================================================================================
1   2   3   4   5  6A  6B    7    8   9   10  11  12  13   14  15   16   17  18
                                     12Z  AVG MX 2MIN
DY MAX MIN AVG DEP HDD CDD  WTR  SNW DPTH SPD SPD DIR MIN PSBL S-S WX    SPD DR
================================================================================

 1  88  75  82  11   0  17 0.00  0.0    0  5.9 14 270   M    M   2 18     20 260
 2  86  74  80   9   0  15 0.28  0.0    0  6.8 20 200   M    M   6 138    23 200
 3  86  69  78   7   0  13 0.00  0.0    0 11.2 24 340   M    M   5 18     33 330
 4  81  67  74   3   0   9 0.00  0.0    0  4.7 12 100   M    M   4        26 320
 5  86  70  78   7   0  13 0.00  0.0    0  3.3 10 270   M    M   4        14 260
 6  84  68  76   5   0  11 0.13  0.0    0  3.2 21 190   M    M   6 18     32  90
 7  81  69  75   4   0  10    T  0.0    0  6.4 14 270   M    M   3 128    22 240
 8  82  66  74   3   0   9    T  0.0    0  4.0 12 270   M    M   3 1      15 290
 9  80  63  72   1   0   7 0.03  0.0    0  8.0 21 280   M    M   4 1      28 280
10  74  59  67  -4   0   2 0.00  0.0    0  9.8 22 290   M    M   3        29 320
11  79  54  67  -4   0   2 0.00  0.0    0  5.3 16 230   M    M   1        21 230
12  80  64  72   1   0   7 0.00  0.0    0  7.5 16 200   M    M   3        22 210
13  77  66  72   2   0   7 4.29  0.0    0  9.0 23 170   M    M   9 13     32 160
14  76  63  70   0   0   5 0.00  0.0    0  9.0 16 350   M    M   7        21 350
15  78  59  69  -1   0   4 0.00  0.0    0  5.3 14 290   M    M   1        18 300
16  80  58  69  -1   0   4 0.00  0.0    0  3.4 12 230   M    M   1        15 210
17  80  62  71   1   0   6 0.00  0.0    0  7.2 16 220   M    M   3        21 210
18  80  57  69  -1   0   4 0.00  0.0    0  4.5 13 280   M    M   1 1      18 270
19  84  55  70   0   0   5 0.00  0.0    0  3.5 12 230   M    M   0 1      16 230
20  77  64  71   1   0   6 0.13  0.0    0  3.3 22 300   M    M   3 138    38 330
21  76  57  67  -3   0   2 0.00  0.0    0  5.6 18 300   M    M   2        23 280
22  76  54  65  -4   0   0 0.00  0.0    0  3.3 12 250   M    M   1        18 270
23  79  59  69   0   0   4 0.60  0.0    0 10.6 25 190   M    M   3 13     36 180
24  83  70  77   8   0  12 0.00  0.0    0 12.3 22 310   M    M   7 18     30 320
25  78  59  69   0   0   4 0.00  0.0    0  9.6 17 330   M    M   3        26 320
26  78  53  66  -3   0   1 0.00  0.0    0  2.6 12 220   M    M   1        16 200
27  87  62  75   7   0  10 0.00  0.0    0  7.6 21 340   M    M   2        24 320
28  79  56  68   0   0   3 0.00  0.0    0  7.6 15 310   M    M   1        20 310
29  78  55  67  -1   0   2 0.00  0.0    0  3.5 10 240   M    M   1        16 260
30  76  57  67  -1   0   2    T  0.0    0  4.6 13 220   M    M   2        17 220
31  83  64  74   6   0   9 0.01  0.0    0  5.8 15 130   M    M   8        18 120
================================================================================
SM 2492 1928         0 205  5.47     0.0 194.4          M      100
================================================================================
AV 80.4 62.2                               6.3 FASTST   M    M   3    MAX(MPH)
                                 MISC ---->  # 25 190               # 38  330
================================================================================
NOTES:
# LAST OF SEVERAL OCCURRENCES

COLUMN 17 PEAK WIND IN M.P.H.

PRELIMINARY LOCAL CLIMATOLOGICAL DATA (WS FORM: F-6) , PAGE 2

                                          STATION:  MUSKEGON MI
                                          MONTH:    AUGUST
                                          YEAR:     2011
                                          LATITUDE:   43 10 N
                                          LONGITUDE:  86 14 W

[TEMPERATURE DATA]      [PRECIPITATION DATA]       SYMBOLS USED IN COLUMN 16

AVERAGE MONTHLY: 71.3   TOTAL FOR MONTH:   5.47    1 = FOG OR MIST
DPTR FM NORMAL:   1.4   DPTR FM NORMAL:    2.08    2 = FOG REDUCING VISIBILITY
HIGHEST:    88 ON  1    GRTST 24HR  4.29 ON 13-13      TO 1/4 MILE OR LESS
LOWEST:     53 ON 26                               3 = THUNDER
                        SNOW, ICE PELLETS, HAIL    4 = ICE PELLETS
                        TOTAL MONTH:   0.0 INCH    5 = HAIL
                        GRTST 24HR     0.0         6 = FREEZING RAIN OR DRIZZLE
                        GRTST DEPTH:   0           7 = DUSTSTORM OR SANDSTORM:
                                                       VSBY 1/2 MILE OR LESS
                                                   8 = SMOKE OR HAZE
[NO. OF DAYS WITH]      [WEATHER - DAYS WITH]      9 = BLOWING SNOW
                                                   X = TORNADO
MAX 32 OR BELOW:   0    0.01 INCH OR MORE:   7
MAX 90 OR ABOVE:   0    0.10 INCH OR MORE:   5
MIN 32 OR BELOW:   0    0.50 INCH OR MORE:   2
MIN  0 OR BELOW:   0    1.00 INCH OR MORE:   1

[HDD (BASE 65) ]
TOTAL THIS MO.     0    CLEAR  (SCALE 0-3)  19
DPTR FM NORMAL   -19    PTCLDY (SCALE 4-7)  11
TOTAL FM JUL 1     0    CLOUDY (SCALE 8-10)  1
DPTR FM NORMAL   -30

[CDD (BASE 65) ]
TOTAL THIS MO.   205
DPTR FM NORMAL    34    [PRESSURE DATA]
TOTAL FM JAN 1   691    HIGHEST SLP 30.12 ON 30
DPTR FM NORMAL   184    LOWEST  SLP 29.58 ON 24

[REMARKS]
#FINAL-08-11#
