000
CXUS53 KGRR 011017
CF6MKG
PRELIMINARY LOCAL CLIMATOLOGICAL DATA (WS FORM: F-6)

                                          STATION:   MUSKEGON
                                          MONTH:     SEPTEMBER
                                          YEAR:      2017
                                          LATITUDE:   43 10 N
                                          LONGITUDE:  86 14 W

  TEMPERATURE IN F:       :PCPN:    SNOW:  WIND      :SUNSHINE: SKY     :PK WND
================================================================================
1   2   3   4   5  6A  6B    7    8   9   10  11  12  13   14  15   16   17  18
                                     12Z  AVG MX 2MIN
DY MAX MIN AVG DEP HDD CDD  WTR  SNW DPTH SPD SPD DIR MIN PSBL S-S WX    SPD DR
================================================================================

 1  73  47  60  -7   5   0 0.00  0.0    0  9.1 17 120   M    M   4        23 110
 2  72  41  57 -10   8   0 0.08  0.0    0  4.7 15 270   M    M   6        17 270
 3  75  58  67   0   0   2    T  0.0    0  8.9 17 220   M    M   6        23 220
 4  76  54  65  -1   0   0 0.02  0.0    0 11.6 22 220   M    M   8 1      29 210
 5  67  47  57  -9   8   0 0.01  0.0    0 10.0 22 330   M    M   7 1      27 260
 6  65  46  56 -10   9   0 0.27  0.0    0  4.0 16 330   M    M   6 1      20  10
 7  64  48  56  -9   9   0 0.41  0.0    0  3.2 16 320   M    M   8 1      19 330
 8  71  49  60  -5   5   0 0.00  0.0    0  5.1 14 350   M    M   4 12     18 360
 9  71  44  58  -7   7   0 0.00  0.0    0  5.8 13 100   M    M   1        16  30
10  71  42  57  -7   8   0 0.00  0.0    0  3.7 12 120   M    M   0        19 100
11  71  45  58  -6   7   0 0.00  0.0    0  3.6 13 270   M    M   1        16 280
12  79  46  63  -1   2   0 0.00  0.0    0  3.9 10 290   M    M   4 1      14 110
13  81  49  65   2   0   0    T  0.0    0  3.3 12 220   M    M   6 12     15 130
14  75  59  67   4   0   2 0.00  0.0    0  4.3 13 210   M    M   6 12     17 210
15  81  55  68   6   0   3 0.00  0.0    0  6.3 17 200   M    M   1 1      20 190
16  84  60  72  10   0   7 0.00  0.0    0  8.1 15 190   M    M   2        18 190
17  79  63  71   9   0   6 0.00  0.0    0  8.8 17 200   M    M   5        23 200
18  77  52  65   4   0   0 0.00  0.0    0  4.7 13 270   M    M   4 12     16 270
19  78  60  69   8   0   4 0.00  0.0    0  7.3 14 100   M    M   6        17  90
20  90  61  76  16   0  11 0.00  0.0    0  7.3 16 190   M    M   5 128    21 190
21  86  71  79  19   0  14 0.00  0.0    0  5.7 17 280   M    M   6 1      24 270
22  90  68  79  19   0  14 0.00  0.0    0  4.8 12 230   M    M   2        15 200
23  92  68  80  21   0  15 0.00  0.0    0  4.2 10 250   M    M   1        14 250
24  89  64  77  18   0  12 0.00  0.0    0  4.4 13 220   M    M   1        17 250
25  89  63  76  18   0  11 0.00  0.0    0  4.8 10 190   M    M   3        14 200
26  88  61  75  17   0  10 0.00  0.0    0  6.7 18 270   M    M   5        23 270
27  73  53  63   5   2   0 0.00  0.0    0 11.3 20 330   M    M   8        27 320
28  69  52  61   4   4   0 0.00  0.0    0  7.4 15 280   M    M   7        20 270
29  70  50  60   3   5   0 0.03  0.0    0 12.5 25 340   M    M   6        32 330
30  64  40  52  -4  13   0 0.00  0.0    0  4.4 13 280   M    M   1        16 270
================================================================================
SM 2310 1616        92 111  0.82     0.0 189.9          M      130
================================================================================
AV 77.0 53.9                               6.3 FASTST   M    M   4    MAX(MPH)
                                 MISC ---->  # 25 340               # 32  330
================================================================================
NOTES:
# LAST OF SEVERAL OCCURRENCES

COLUMN 17 PEAK WIND IN M.P.H.

PRELIMINARY LOCAL CLIMATOLOGICAL DATA (WS FORM: F-6) , PAGE 2

                                          STATION:  MUSKEGON
                                          MONTH:    SEPTEMBER
                                          YEAR:     2017
                                          LATITUDE:   43 10 N
                                          LONGITUDE:  86 14 W

[TEMPERATURE DATA]      [PRECIPITATION DATA]       SYMBOLS USED IN COLUMN 16

AVERAGE MONTHLY: 65.4   TOTAL FOR MONTH:   0.82    1 = FOG OR MIST
DPTR FM NORMAL:   3.3   DPTR FM NORMAL:   -3.07    2 = FOG REDUCING VISIBILITY
HIGHEST:    92 ON 23    GRTST 24HR  0.41 ON  7- 7      TO 1/4 MILE OR LESS
LOWEST:     40 ON 30                               3 = THUNDER
                        SNOW, ICE PELLETS, HAIL    4 = ICE PELLETS
                        TOTAL MONTH:   0.0 INCH    5 = HAIL
                        GRTST 24HR     0.0         6 = FREEZING RAIN OR DRIZZLE
                        GRTST DEPTH:   0           7 = DUSTSTORM OR SANDSTORM:
                                                       VSBY 1/2 MILE OR LESS
                                                   8 = SMOKE OR HAZE
[NO. OF DAYS WITH]      [WEATHER - DAYS WITH]      9 = BLOWING SNOW
                                                   X = TORNADO
MAX 32 OR BELOW:   0    0.01 INCH OR MORE:   6
MAX 90 OR ABOVE:   3    0.10 INCH OR MORE:   2
MIN 32 OR BELOW:   0    0.50 INCH OR MORE:   0
MIN  0 OR BELOW:   0    1.00 INCH OR MORE:   0

[HDD (BASE 65) ]
TOTAL THIS MO.    92    CLEAR  (SCALE 0-3)  10
DPTR FM NORMAL   -51    PTCLDY (SCALE 4-7)  19
TOTAL FM JUL 1   105    CLOUDY (SCALE 8-10)  1
DPTR FM NORMAL   -68

[CDD (BASE 65) ]
TOTAL THIS MO.   111
DPTR FM NORMAL    57    [PRESSURE DATA]
TOTAL FM JAN 1   605    HIGHEST SLP 30.52 ON 10
DPTR FM NORMAL    44    LOWEST  SLP 29.63 ON  4

[REMARKS]
#FINAL-09-17#
