000
CXUS53 KGRR 011017
CF6MKG
PRELIMINARY LOCAL CLIMATOLOGICAL DATA (WS FORM: F-6)

                                          STATION:   MUSKEGON MI
                                          MONTH:     AUGUST
                                          YEAR:      2010
                                          LATITUDE:   43 10 N
                                          LONGITUDE:  86 14 W

  TEMPERATURE IN F:       :PCPN:    SNOW:  WIND      :SUNSHINE: SKY     :PK WND
================================================================================
1   2   3   4   5  6A  6B    7    8   9   10  11  12  13   14  15   16   17  18
                                     12Z  AVG MX 2MIN
DY MAX MIN AVG DEP HDD CDD  WTR  SNW DPTH SPD SPD DIR MIN PSBL S-S WX    SPD DR
================================================================================

 1  81  66  74   4   0   9 0.00  0.0    0  3.7 13 260   M    M   3 18     17 270
 2  84  66  75   5   0  10    T  0.0    0  6.9 20 210   M    M   2 18     24 210
 3  85  71  78   8   0  13 0.00  0.0    0  6.1 16 230   M    M   1 18     18 230
 4  85  68  77   7   0  12    T  0.0    0  4.1 10 320   M    M   4 18     16 290
 5  82  69  76   6   0  11 0.00  0.0    0 10.8 20 280   M    M   3 8      25 320
 6  79  61  70   0   0   5 0.00  0.0    0  6.9 17 300   M    M   2        23 300
 7  83  61  72   2   0   7 0.00  0.0    0  9.7 20 210   M    M   3        24 210
 8  84  76  80  10   0  15    T  0.0    0 12.9 21 220   M    M   5 8      29 230
 9  83  73  78   8   0  13 0.25  0.0    0  7.7 20 260   M    M   6 138    29 260
10  90  68  79   9   0  14 0.00  0.0    0  3.5 10 180   M    M   3 128    23  60
11  86  73  80  10   0  15 0.65  0.0    0  6.8 15 240   M    M   4 1238   20 220
12  88  71  80  11   0  15 0.00  0.0    0  3.2 12 260   M    M   3 128    20 140
13  89  72  81  12   0  16    T  0.0    0  6.2 14 220   M    M   0 18     17 210
14  83  75  79  10   0  14 0.00  0.0    0  7.5 14 240   M    M   5        18 270
15  81  74  78   9   0  13    T  0.0    0 11.0 22 280   M    M   3        29 290
16  78  70  74   5   0   9 0.00  0.0    0 13.4 23 290   M    M   2        38 280
17  76  65  71   2   0   6 0.00  0.0    0  7.2 15 290   M    M   1        21 280
18  78  61  70   1   0   5 0.00  0.0    0  5.8 15 220   M    M   2        21 220
19  82  66  74   6   0   9 0.00  0.0    0  5.8 16 280   M    M   4        21 270
20  92  68  80  12   0  15 0.16  0.0    0 10.0 22 180   M    M   3 18     31 180
21  82  69  76   8   0  11 0.73  0.0    0  7.5 14 360   M    M   7 138    20 190
22  84  65  75   7   0  10 0.00  0.0    0  9.2 15 330   M    M   4        20 290
23  82  64  73   6   0   8 0.00  0.0    0  5.1 14 230   M    M   5        22 120
24  79  63  71   4   0   6 0.01  0.0    0  5.0 12 260   M    M   5 1      17 260
25  76  60  68   1   0   3 0.00  0.0    0  8.9 20 330   M    M   3        29 270
26  74  50  62  -5   3   0 0.00  0.0    0  4.0 14 260   M    M   2        20 250
27  79  53  66  -1   0   1 0.00  0.0    0  8.1 21 210   M    M   1        25 220
28  83  63  73   7   0   8 0.00  0.0    0  7.0 15 200   M    M   0        20 200
29  88  61  75   9   0  10 0.00  0.0    0  7.0 17 210   M    M   0        22 190
30  90  75  83  17   0  18 0.00  0.0    0  9.3 17 210   M    M   0        23 200
31  89  76  83  18   0  18 0.00  0.0    0 14.6 23 190   M    M   1        32 200
================================================================================
SM 2575 2073         3 319  1.80     0.0 234.9          M       87
================================================================================
AV 83.1 66.9                               7.6 FASTST   M    M   3    MAX(MPH)
                                 MISC ---->  # 23 290               # 38  280
================================================================================
NOTES:
# LAST OF SEVERAL OCCURRENCES

COLUMN 17 PEAK WIND IN M.P.H.

PRELIMINARY LOCAL CLIMATOLOGICAL DATA (WS FORM: F-6) , PAGE 2

                                          STATION:  MUSKEGON MI
                                          MONTH:    AUGUST
                                          YEAR:     2010
                                          LATITUDE:   43 10 N
                                          LONGITUDE:  86 14 W

[TEMPERATURE DATA]      [PRECIPITATION DATA]       SYMBOLS USED IN COLUMN 16

AVERAGE MONTHLY: 75.0   TOTAL FOR MONTH:   1.80    1 = FOG OR MIST
DPTR FM NORMAL:   6.5   DPTR FM NORMAL:   -1.97    2 = FOG REDUCING VISIBILITY
HIGHEST:    92 ON 20    GRTST 24HR  0.89 ON 20-21      TO 1/4 MILE OR LESS
LOWEST:     50 ON 26                               3 = THUNDER
                        SNOW, ICE PELLETS, HAIL    4 = ICE PELLETS
                        TOTAL MONTH:   0.0 INCH    5 = HAIL
                        GRTST 24HR     0.0         6 = FREEZING RAIN OR DRIZZLE
                        GRTST DEPTH:   0           7 = DUSTSTORM OR SANDSTORM:
                                                       VSBY 1/2 MILE OR LESS
                                                   8 = SMOKE OR HAZE
[NO. OF DAYS WITH]      [WEATHER - DAYS WITH]      9 = BLOWING SNOW
                                                   X = TORNADO
MAX 32 OR BELOW:   0    0.01 INCH OR MORE:   5
MAX 90 OR ABOVE:   3    0.10 INCH OR MORE:   4
MIN 32 OR BELOW:   0    0.50 INCH OR MORE:   2
MIN  0 OR BELOW:   0    1.00 INCH OR MORE:   0

[HDD (BASE 65) ]
TOTAL THIS MO.     3    CLEAR  (SCALE 0-3)  19
DPTR FM NORMAL   -24    PTCLDY (SCALE 4-7)  12
TOTAL FM JUL 1     6    CLOUDY (SCALE 8-10)  0
DPTR FM NORMAL   -36

[CDD (BASE 65) ]
TOTAL THIS MO.   319
DPTR FM NORMAL   174    [PRESSURE DATA]
TOTAL FM JAN 1   844    HIGHEST SLP 30.24 ON 30
DPTR FM NORMAL   404    LOWEST  SLP 29.74 ON 14

[REMARKS]
#FINAL-08-10#
