000
CXUS53 KGRR 311017
CF6MKG
PRELIMINARY LOCAL CLIMATOLOGICAL DATA (WS FORM: F-6)

                                          STATION:   MUSKEGON MI
                                          MONTH:     DECEMBER
                                          YEAR:      2013
                                          LATITUDE:   43 10 N
                                          LONGITUDE:  86 14 W

  TEMPERATURE IN F:       :PCPN:    SNOW:  WIND      :SUNSHINE: SKY     :PK WND
================================================================================
1   2   3   4   5  6A  6B    7    8   9   10  11  12  13   14  15   16   17  18
                                     12Z  AVG MX 2MIN
DY MAX MIN AVG DEP HDD CDD  WTR  SNW DPTH SPD SPD DIR MIN PSBL S-S WX    SPD DR
================================================================================

 1  44  34  39   5  26   0 0.00  0.0    0  3.5 10  10   M    M   9 8      14  30
 2  41  29  35   1  30   0 0.00  0.0    0  4.8 12 100   M    M   7 18     14 110
 3  36  32  34   0  31   0 0.40    T    0 10.7 20 100   M    M  10 168    25 100
 4  58  36  47  13  18   0 0.07  0.0    0 11.4 25 200   M    M   9 128    33 210
 5  54  27  41   8  24   0 0.00  0.0    0 16.0 28 230   M    M   8        37 230
 6  27  21  24  -9  41   0 0.04  2.0    0 10.0 16 330   M    M  10        21 350
 7  21  13  17 -15  48   0    T  0.3    2  8.7 16 330   M    M  10        21 310
 8  21  15  18 -14  47   0 0.12  2.2    1  8.8 17  60   M    M  10 18     22  70
 9  31  16  24  -8  41   0 0.07  1.4    4 14.7 28 240   M    M  10 168    40 240
10  23  15  19 -13  46   0 0.03  1.4    4 16.2 33 230   M    M  10 9      41 220
11  21  13  17 -14  48   0 0.06  2.0    4 12.2 21 330   M    M  10 8      26 340
12  27  13  20 -11  45   0 0.04  1.5    5 12.7 25 240   M    M   9 9      36 240
13  28  21  25  -6  40   0 0.00  0.0    5  8.4 17  70   M    M  10        23  60
14  22  16  19 -11  46   0 0.13  2.1    5 11.7 21  70   M    M  10 8      28  70
15  27  16  22  -8  43   0 0.04  1.1    6 12.0 22 280   M    M  10 18     30 280
16  23   9  16 -14  49   0 0.04  0.9    6  7.4 15 140   M    M   9 18     18 140
17  34  19  27  -3  38   0 0.14  1.7    6 12.8 21 290   M    M  10 128    29 290
18  38  26  32   3  33   0    T    T    7 14.2 30 210   M    M   9        37 230
19  39  27  33   4  32   0 0.01  0.0    6  8.1 26 230   M    M   7 168    32 230
20  32  30  31   2  34   0 0.13  0.0    5  8.3 15  50   M    M  10 16     20  50
21  32  29  31   2  34   0 0.03  0.4    3  7.2 16  50   M    M  10 126    23  60
22  31  25  28   0  37   0 0.31  1.9    5  8.0 23  60   M    M  10 126    28  60
23  26  20  23  -5  42   0 0.16  5.6   10  6.3 21 230   M    M  10 12     26 250
24  23  14  19  -9  46   0 0.02  0.3   10  5.6 18  40   M    M  10 1      23  30
25  29  15  22  -6  43   0 0.38  7.0    9 12.2 22 220   M    M  10 1      26 220
26  33  23  28   0  37   0 0.33  3.9   14 10.6 23 290   M    M  10 1      30 290
27  41  20  31   3  34   0    T    T   15 10.2 24 220   M    M   9 18     30 200
28  43  31  37  10  28   0 0.00  0.0   12 13.9 23 200   M    M   1        31 200
29  41  19  30   3  35   0    T    T    9 15.1 24 340   M    M   7 8      30 320
30  19  15  17 -10  48   0 0.05  1.0   10  7.0 16 340   M    M  10        21 350
================================================================================
SM  965  639      1144   0  2.60    36.7 308.7          M      274
================================================================================
AV 32.2 21.3                              10.3 FASTST   M    M   9    MAX(MPH)
                                 MISC ---->  # 33 230               # 41  220
================================================================================
NOTES:
# LAST OF SEVERAL OCCURRENCES

COLUMN 17 PEAK WIND IN M.P.H.

PRELIMINARY LOCAL CLIMATOLOGICAL DATA (WS FORM: F-6) , PAGE 2

                                          STATION:  MUSKEGON MI
                                          MONTH:    DECEMBER
                                          YEAR:     2013
                                          LATITUDE:   43 10 N
                                          LONGITUDE:  86 14 W

[TEMPERATURE DATA]      [PRECIPITATION DATA]       SYMBOLS USED IN COLUMN 16

AVERAGE MONTHLY: 26.7   TOTAL FOR MONTH:   2.60    1 = FOG OR MIST
DPTR FM NORMAL:  -3.5   DPTR FM NORMAL:    0.12    2 = FOG REDUCING VISIBILITY
HIGHEST:    58 ON  4    GRTST 24HR  0.40 ON  3- 3      TO 1/4 MILE OR LESS
LOWEST:      9 ON 16                               3 = THUNDER
                        SNOW, ICE PELLETS, HAIL    4 = ICE PELLETS
                        TOTAL MONTH:  36.7 INCHES  5 = HAIL
                        GRTST 24HR   7.0 ON 25-25  6 = FREEZING RAIN OR DRIZZLE
                        GRTST DEPTH:  15 ON 27     7 = DUSTSTORM OR SANDSTORM:
                                                       VSBY 1/2 MILE OR LESS
                                                   8 = SMOKE OR HAZE
[NO. OF DAYS WITH]      [WEATHER - DAYS WITH]      9 = BLOWING SNOW
                                                   X = TORNADO
MAX 32 OR BELOW:  18    0.01 INCH OR MORE:  21
MAX 90 OR ABOVE:   0    0.10 INCH OR MORE:   9
MIN 32 OR BELOW:  28    0.50 INCH OR MORE:   0
MIN  0 OR BELOW:   0    1.00 INCH OR MORE:   0

[HDD (BASE 65) ]
TOTAL THIS MO.  1144    CLEAR  (SCALE 0-3)   1
DPTR FM NORMAL   102    PTCLDY (SCALE 4-7)   3
TOTAL FM JUL 1  2415    CLOUDY (SCALE 8-10) 26
DPTR FM NORMAL     6

[CDD (BASE 65) ]
TOTAL THIS MO.     0
DPTR FM NORMAL     0    [PRESSURE DATA]
TOTAL FM JAN 1   626    HIGHEST SLP M ON M
DPTR FM NORMAL    60    LOWEST  SLP 29.29 ON 30

[REMARKS]
