000
CXUS53 KGRR 011017
CF6MKG
PRELIMINARY LOCAL CLIMATOLOGICAL DATA (WS FORM: F-6)

                                          STATION:   MUSKEGON MI
                                          MONTH:     AUGUST
                                          YEAR:      2013
                                          LATITUDE:   43 10 N
                                          LONGITUDE:  86 14 W

  TEMPERATURE IN F:       :PCPN:    SNOW:  WIND      :SUNSHINE: SKY     :PK WND
================================================================================
1   2   3   4   5  6A  6B    7    8   9   10  11  12  13   14  15   16   17  18
                                     12Z  AVG MX 2MIN
DY MAX MIN AVG DEP HDD CDD  WTR  SNW DPTH SPD SPD DIR MIN PSBL S-S WX    SPD DR
================================================================================

 1  77  63  70  -1   0   5 0.00  0.0    0  6.4 16 300   M    M   2 1      21 300
 2  75  63  69  -2   0   4 0.06  0.0    0  8.2 20 200   M    M   7 1      28 200
 3  77  55  66  -5   0   1 0.00  0.0    0  5.4 17 320   M    M   3 12     24 320
 4  73  53  63  -8   2   0 0.00  0.0    0  6.4 16 310   M    M   5        21 290
 5  74  50  62  -9   3   0 0.01  0.0    0  5.1 14 180   M    M   7        17 200
 6  76  66  71   0   0   6    T  0.0    0  8.8 17 190   M    M   9 18     24 210
 7  79  64  72   1   0   7 0.27  0.0    0  9.4 24 310   M    M   6 13     31 290
 8  79  57  68  -3   0   3 0.00  0.0    0  6.6 14 310   M    M   4        17 300
 9  77  54  66  -5   0   1 0.00  0.0    0  4.9 15 220   M    M   5        18 220
10  79  57  68  -3   0   3 0.00  0.0    0  4.9 12 280   M    M   5        16 270
11  77  58  68  -3   0   3    T  0.0    0  2.8 14 260   M    M   8        17 250
12  77  64  71   0   0   6    T  0.0    0  5.2 15 330   M    M   8 1      20 310
13  70  54  62  -8   3   0 0.00  0.0    0 10.4 21 320   M    M   3        28 320
14  69  47  58 -12   7   0 0.00  0.0    0  5.3 15 290   M    M   2        20 280
15  75  49  62  -8   3   0 0.00  0.0    0  4.0 10 250   M    M   5         M  M
16  77  53  65  -5   0   0 0.00  0.0    0  4.3 13 220   M    M   3 18      M  M
17  81  54  68  -2   0   3 0.00  0.0    0  3.8 12 320   M    M   1 18     16 290
18  81  54  68  -2   0   3 0.00  0.0    0  3.2 12 280   M    M   2 18     15 260
19  80  53  67  -3   0   2 0.00  0.0    0  4.8 13 220   M    M   2 128    16 220
20  84  64  74   4   0   9 0.00  0.0    0  7.5 15 190   M    M   1 18     18 190
21  86  68  77   7   0  12 1.33  0.0    0 12.0 37 300   M    M   4 138    48 270
22  76  66  71   2   0   6 0.02  0.0    0  6.0 20 100   M    M   6 1      26 100
23  82  56  69   0   0   4 0.00  0.0    0  4.9 14 320   M    M   1        18 330
24  81  56  69   0   0   4 0.00  0.0    0  5.1 15 220   M    M   1        18 220
25  83  63  73   4   0   8 0.00  0.0    0 11.7 22 200   M    M   1        29 200
26  82  72  77   8   0  12 0.00  0.0    0  8.3 16 220   M    M   6        22 220
27  84  74  79  11   0  14 0.19  0.0    0 10.9 22 200   M    M   8 138    30 190
28  87  69  78  10   0  13 0.00  0.0    0  4.9 13  70   M    M   6 1      16  60
29  86  67  77   9   0  12 0.00  0.0    0  2.5 10 260   M    M   4 12     13 240
30  85  65  75   7   0  10 0.06  0.0    0  9.2 22 200   M    M   5 138    29 200
31  84  66  75   7   0  10 0.00  0.0    0  4.4 12  70   M    M   6        15  70
================================================================================
SM 2453 1854        18 161  1.94     0.0 197.3          M      136
================================================================================
AV 79.1 59.8                               6.4 FASTST   M    M   4    MAX(MPH)
                                 MISC ---->  # 37 300               # 48  270
================================================================================
NOTES:
# LAST OF SEVERAL OCCURRENCES

COLUMN 17 PEAK WIND IN M.P.H.

PRELIMINARY LOCAL CLIMATOLOGICAL DATA (WS FORM: F-6) , PAGE 2

                                          STATION:  MUSKEGON MI
                                          MONTH:    AUGUST
                                          YEAR:     2013
                                          LATITUDE:   43 10 N
                                          LONGITUDE:  86 14 W

[TEMPERATURE DATA]      [PRECIPITATION DATA]       SYMBOLS USED IN COLUMN 16

AVERAGE MONTHLY: 69.5   TOTAL FOR MONTH:   1.94    1 = FOG OR MIST
DPTR FM NORMAL:  -0.4   DPTR FM NORMAL:   -1.45    2 = FOG REDUCING VISIBILITY
HIGHEST:    87 ON 28    GRTST 24HR  1.35 ON 21-22      TO 1/4 MILE OR LESS
LOWEST:     47 ON 14                               3 = THUNDER
                        SNOW, ICE PELLETS, HAIL    4 = ICE PELLETS
                        TOTAL MONTH:   0.0 INCH    5 = HAIL
                        GRTST 24HR     0.0         6 = FREEZING RAIN OR DRIZZLE
                        GRTST DEPTH:   0           7 = DUSTSTORM OR SANDSTORM:
                                                       VSBY 1/2 MILE OR LESS
                                                   8 = SMOKE OR HAZE
[NO. OF DAYS WITH]      [WEATHER - DAYS WITH]      9 = BLOWING SNOW
                                                   X = TORNADO
MAX 32 OR BELOW:   0    0.01 INCH OR MORE:   7
MAX 90 OR ABOVE:   0    0.10 INCH OR MORE:   3
MIN 32 OR BELOW:   0    0.50 INCH OR MORE:   1
MIN  0 OR BELOW:   0    1.00 INCH OR MORE:   1

[HDD (BASE 65) ]
TOTAL THIS MO.    18    CLEAR  (SCALE 0-3)  11
DPTR FM NORMAL    -1    PTCLDY (SCALE 4-7)  19
TOTAL FM JUL 1    35    CLOUDY (SCALE 8-10)  1
DPTR FM NORMAL     5

[CDD (BASE 65) ]
TOTAL THIS MO.   161
DPTR FM NORMAL   -10    [PRESSURE DATA]
TOTAL FM JAN 1   539    HIGHEST SLP 30.30 ON 24
DPTR FM NORMAL    32    LOWEST  SLP 29.75 ON 30

[REMARKS]
#FINAL-08-13#
