000
CDUS43 KGRR 220512
CLIMKG


CLIMATE REPORT
NATIONAL WEATHER SERVICE GRAND RAPIDS, MI
112 AM EDT WED OCT 22 2014


...................................

...THE MUSKEGON MI CLIMATE SUMMARY FOR OCTOBER 21 2014...

CLIMATE NORMAL PERIOD 1981 TO 2010
CLIMATE RECORD PERIOD 1896 TO 2014


WEATHER ITEM   OBSERVED TIME   RECORD YEAR NORMAL DEPARTURE LAST
                VALUE   (LST)  VALUE       VALUE  FROM      YEAR
                                                  NORMAL
..................................................................
TEMPERATURE (F)
 YESTERDAY
  MAXIMUM         56    350 PM  81    1953  57     -1       58
  MINIMUM         37   1159 PM  22    1952  41     -4       41
  AVERAGE         47                        49     -2       50

PRECIPITATION (IN)
  YESTERDAY        T             1.23 1933   0.09  -0.09      T
  MONTH TO DATE    2.69                      2.08   0.61     2.87
  SINCE SEP 1      5.89                      5.97  -0.08     4.82
  SINCE JAN 1     32.50                     26.55   5.95    36.07

SNOWFALL (IN)
  YESTERDAY       MM             T    1981   0.0   MM        0.0
  MONTH TO DATE    0.0                       0.0    0.0      0.0
  SINCE SEP 1      0.0                       0.0    0.0      0.0
  SINCE JUL 1      0.0                       0.0    0.0      0.0
  SNOW DEPTH       0

DEGREE DAYS
 HEATING
  YESTERDAY       18                        16      2       15
  MONTH TO DATE  260                       272    -12      169
  SINCE SEP 1    415                       415      0      276
  SINCE JUL 1    464                       445     19      311

 COOLING
  YESTERDAY        0                         0      0        0
  MONTH TO DATE    0                         2     -2       10
  SINCE SEP 1     46                        56    -10       87
  SINCE JAN 1    442                       563   -121      626
..................................................................


WIND (MPH)
  RESULTANT WIND SPEED   9   RESULTANT WIND DIRECTION   N (0)
  HIGHEST WIND SPEED    17   HIGHEST WIND DIRECTION     N (20)
  HIGHEST GUST SPEED    26   HIGHEST GUST DIRECTION     N (350)
  AVERAGE WIND SPEED     9.3


SKY COVER
  AVERAGE SKY COVER 0.7


WEATHER CONDITIONS
 THE FOLLOWING WEATHER WAS RECORDED YESTERDAY.
  LIGHT RAIN
  FOG


RELATIVE HUMIDITY (PERCENT)
 HIGHEST    86           400 AM
 LOWEST     47           300 PM
 AVERAGE    67

..........................................................


THE MUSKEGON MI CLIMATE NORMALS FOR TODAY
                         NORMAL    RECORD    YEAR
 MAXIMUM TEMPERATURE (F)   57        80      1953
 MINIMUM TEMPERATURE (F)   41        23      1944


SUNRISE AND SUNSET
OCTOBER 22 2014.......SUNRISE   807 AM EDT   SUNSET   651 PM EDT
OCTOBER 23 2014.......SUNRISE   808 AM EDT   SUNSET   649 PM EDT


-  INDICATES NEGATIVE NUMBERS.
R  INDICATES RECORD WAS SET OR TIED.
MM INDICATES DATA IS MISSING.
T  INDICATES TRACE AMOUNT.




$$
