000
CDUS43 KGRR 140558
CLIMKG


CLIMATE REPORT
NATIONAL WEATHER SERVICE GRAND RAPIDS, MI
1258 AM EST SUN JAN 14 2018


...................................

...THE MUSKEGON MI CLIMATE SUMMARY FOR JANUARY 13 2018...

CLIMATE NORMAL PERIOD 1981 TO 2010
CLIMATE RECORD PERIOD 1896 TO 2018


WEATHER ITEM   OBSERVED TIME   RECORD YEAR NORMAL DEPARTURE LAST
                VALUE   (LST)  VALUE       VALUE  FROM      YEAR
                                                  NORMAL
..................................................................
TEMPERATURE (F)
 YESTERDAY
  MAXIMUM         19    214 PM  52    1932  31    -12       23
  MINIMUM         15   1159 PM  -2    2015  20     -5       18
                                      1912
  AVERAGE         17                        25     -8       21

PRECIPITATION (IN)
  YESTERDAY        T             1.17 1950   0.07  -0.07      T
  MONTH TO DATE    1.90                      0.92   0.98     1.04
  SINCE DEC 1      4.67                      3.47   1.20     3.26
  SINCE JAN 1      1.90                      0.92   0.98     1.04

SNOWFALL (IN)
  YESTERDAY        T            13.9  1979   0.9   -0.9       T
  MONTH TO DATE   11.5                      11.7   -0.2     11.8
  SINCE DEC 1     63.2                      40.6   22.6     34.8
  SINCE JUL 1     63.2                      46.8   16.4     35.8
  SNOW DEPTH       0

DEGREE DAYS
 HEATING
  YESTERDAY       48                        40      8       44
  MONTH TO DATE  544                       507     37      522
  SINCE DEC 1   1738                      1586    152     1582
  SINCE JUL 1   2897                      2953    -56     2487

 COOLING
  YESTERDAY        0                         0      0        0
  MONTH TO DATE    0                         0      0        0
  SINCE DEC 1      0                         0      0        0
  SINCE JAN 1      0                         0      0        0
..................................................................


WIND (MPH)
  RESULTANT WIND SPEED   9   RESULTANT WIND DIRECTION   N (350)
  HIGHEST WIND SPEED    21   HIGHEST WIND DIRECTION     N (350)
  HIGHEST GUST SPEED    27   HIGHEST GUST DIRECTION     N (340)
  AVERAGE WIND SPEED     9.9


SKY COVER
  AVERAGE SKY COVER 1.0


WEATHER CONDITIONS
 THE FOLLOWING WEATHER WAS RECORDED YESTERDAY.
  LIGHT SNOW


RELATIVE HUMIDITY (PERCENT)
 HIGHEST    67           500 AM
 LOWEST     49           400 PM
 AVERAGE    58

..........................................................


THE MUSKEGON MI CLIMATE NORMALS FOR TODAY
                         NORMAL    RECORD    YEAR
 MAXIMUM TEMPERATURE (F)   31        53      1952
 MINIMUM TEMPERATURE (F)   20        -8      1914


SUNRISE AND SUNSET
JANUARY 14 2018.......SUNRISE   814 AM EST   SUNSET   534 PM EST
JANUARY 15 2018.......SUNRISE   814 AM EST   SUNSET   535 PM EST


-  INDICATES NEGATIVE NUMBERS.
R  INDICATES RECORD WAS SET OR TIED.
MM INDICATES DATA IS MISSING.
T  INDICATES TRACE AMOUNT.




$$
