000
CDUS43 KGRR 230518
CLIMKG


CLIMATE REPORT
NATIONAL WEATHER SERVICE GRAND RAPIDS, MI
118 AM EDT FRI SEP 23 2016


...................................

...THE MUSKEGON MI CLIMATE SUMMARY FOR SEPTEMBER 22 2016...

CLIMATE NORMAL PERIOD 1981 TO 2010
CLIMATE RECORD PERIOD 1896 TO 2016


WEATHER ITEM   OBSERVED TIME   RECORD YEAR NORMAL DEPARTURE LAST
                VALUE   (LST)  VALUE       VALUE  FROM      YEAR
                                                  NORMAL
..................................................................
TEMPERATURE (F)
 YESTERDAY
  MAXIMUM         79   1151 AM  86    1946  69     10       75
  MINIMUM         64    720 AM  31    1976  50     14       50
  AVERAGE         72                        60     12       63

PRECIPITATION (IN)
  YESTERDAY        T             2.62 1988   0.13  -0.13     0.00
  MONTH TO DATE    5.18                      2.85   2.33     2.34
  SINCE SEP 1      5.18                      2.85   2.33     2.34
  SINCE JAN 1     30.33                     23.43   6.90    25.47

SNOWFALL (IN)
  YESTERDAY        0.0           T    1983   0.0    0.0      0.0
                                      1949
  MONTH TO DATE    0.0                       0.0    0.0      0.0
  SINCE SEP 1      0.0                       0.0    0.0      0.0
  SINCE JUL 1      0.0                       0.0    0.0      0.0
  SNOW DEPTH       0

DEGREE DAYS
 HEATING
  YESTERDAY        0                         6     -6        2
  MONTH TO DATE    4                        79    -75       39
  SINCE SEP 1      4                        79    -75       39
  SINCE JUL 1     13                       109    -96       71

 COOLING
  YESTERDAY        7                         1      6        0
  MONTH TO DATE   99                        49     50      105
  SINCE SEP 1     99                        49     50      105
  SINCE JAN 1    763                       556    207      559
..................................................................


WIND (MPH)
  RESULTANT WIND SPEED   4   RESULTANT WIND DIRECTION   S (170)
  HIGHEST WIND SPEED    14   HIGHEST WIND DIRECTION     S (170)
  HIGHEST GUST SPEED    17   HIGHEST GUST DIRECTION     S (180)
  AVERAGE WIND SPEED     5.6


SKY COVER
  AVERAGE SKY COVER 0.8


WEATHER CONDITIONS
 THE FOLLOWING WEATHER WAS RECORDED YESTERDAY.
  LIGHT RAIN
  FOG


RELATIVE HUMIDITY (PERCENT)
 HIGHEST    93          1200 AM
 LOWEST     62          1200 PM
 AVERAGE    78

..........................................................


THE MUSKEGON MI CLIMATE NORMALS FOR TODAY
                         NORMAL    RECORD    YEAR
 MAXIMUM TEMPERATURE (F)   68        85      2010
 MINIMUM TEMPERATURE (F)   50        31      1896


SUNRISE AND SUNSET
SEPTEMBER 23 2016.....SUNRISE   734 AM EDT   SUNSET   740 PM EDT
SEPTEMBER 24 2016.....SUNRISE   735 AM EDT   SUNSET   738 PM EDT


-  INDICATES NEGATIVE NUMBERS.
R  INDICATES RECORD WAS SET OR TIED.
MM INDICATES DATA IS MISSING.
T  INDICATES TRACE AMOUNT.




$$
