000
CDUS43 KGRR 280516
CLIMKG


CLIMATE REPORT
NATIONAL WEATHER SERVICE GRAND RAPIDS, MI
116 AM EDT TUE MAR 28 2017


...................................

...THE MUSKEGON MI CLIMATE SUMMARY FOR MARCH 27 2017...

CLIMATE NORMAL PERIOD 1981 TO 2010
CLIMATE RECORD PERIOD 1896 TO 2017


WEATHER ITEM   OBSERVED TIME   RECORD YEAR NORMAL DEPARTURE LAST
                VALUE   (LST)  VALUE       VALUE  FROM      YEAR
                                                  NORMAL
..................................................................
TEMPERATURE (F)
 YESTERDAY
  MAXIMUM         48    121 PM  77    1945  48      0       65
  MINIMUM         38   1148 PM   2    1996  30      8       36
  AVERAGE         43                        39      4       51

PRECIPITATION (IN)
  YESTERDAY        0.01          2.10 1991   0.07  -0.06     0.09
  MONTH TO DATE    1.46                      1.93  -0.47     2.68
  SINCE MAR 1      1.46                      1.93  -0.47     2.68
  SINCE JAN 1      7.16                      5.79   1.37     6.89

SNOWFALL (IN)
  YESTERDAY        0.0           8.0  1940   0.2   -0.2      0.0
  MONTH TO DATE    4.5                       8.3   -3.8      4.9
  SINCE MAR 1      4.5                       8.3   -3.8      4.9
  SINCE JUL 1     49.0                      90.7  -41.7     59.4
  SNOW DEPTH       0

DEGREE DAYS
 HEATING
  YESTERDAY       22                        26     -4       14
  MONTH TO DATE  809                       830    -21      691
  SINCE MAR 1    809                       830    -21      691
  SINCE JUL 1   4674                      5562   -888     4711

 COOLING
  YESTERDAY        0                         0      0        0
  MONTH TO DATE    0                         0      0        0
  SINCE MAR 1      0                         0      0        0
  SINCE JAN 1      0                         0      0        0
..................................................................


WIND (MPH)
  RESULTANT WIND SPEED   5   RESULTANT WIND DIRECTION  NW (300)
  HIGHEST WIND SPEED    12   HIGHEST WIND DIRECTION     N (350)
  HIGHEST GUST SPEED    15   HIGHEST GUST DIRECTION     W (280)
  AVERAGE WIND SPEED     5.9


SKY COVER
  AVERAGE SKY COVER 0.9


WEATHER CONDITIONS
 THE FOLLOWING WEATHER WAS RECORDED YESTERDAY.
  RAIN
  LIGHT RAIN
  FOG


RELATIVE HUMIDITY (PERCENT)
 HIGHEST   100           300 AM
 LOWEST     76           100 PM
 AVERAGE    88

..........................................................


THE MUSKEGON MI CLIMATE NORMALS FOR TODAY
                         NORMAL    RECORD    YEAR
 MAXIMUM TEMPERATURE (F)   48        73      2004
 MINIMUM TEMPERATURE (F)   31         8      1923


SUNRISE AND SUNSET
MARCH 28 2017.........SUNRISE   734 AM EDT   SUNSET   807 PM EDT
MARCH 29 2017.........SUNRISE   732 AM EDT   SUNSET   808 PM EDT


-  INDICATES NEGATIVE NUMBERS.
R  INDICATES RECORD WAS SET OR TIED.
MM INDICATES DATA IS MISSING.
T  INDICATES TRACE AMOUNT.




$$
