000
CDUS43 KGRR 262135
CLIMKG


CLIMATE REPORT
NATIONAL WEATHER SERVICE GRAND RAPIDS, MI
530 PM EDT SUN OCT 26 2014


...................................

...THE MUSKEGON MI CLIMATE SUMMARY FOR OCTOBER 26 2014...
VALID TODAY AS OF 0500 PM LOCAL TIME.

CLIMATE NORMAL PERIOD 1981 TO 2010
CLIMATE RECORD PERIOD 1896 TO 2014


WEATHER ITEM   OBSERVED TIME   RECORD YEAR NORMAL DEPARTURE LAST
                VALUE   (LST)  VALUE       VALUE  FROM      YEAR
                                                  NORMAL
..................................................................
TEMPERATURE (F)
 TODAY
  MAXIMUM         56   1240 PM  74    1963  55      1       55
  MINIMUM         39    741 AM  23    1990  40     -1       42
  AVERAGE         48                        47      1       49

PRECIPITATION (IN)
  TODAY            0.00          0.86 1991   0.11  -0.11      T
  MONTH TO DATE    2.69                      2.59   0.10     3.33
  SINCE SEP 1      5.89                      6.48  -0.59     5.28
  SINCE JAN 1     32.50                     27.06   5.44    36.53

SNOWFALL (IN)
  TODAY            0.0           0.6  1962   0.0    0.0      0.0
  MONTH TO DATE    0.0                       0.1   -0.1       T
  SINCE SEP 1      0.0                       0.1   -0.1       T
  SINCE JUL 1      0.0                       0.1   -0.1       T
  SNOW DEPTH       0

DEGREE DAYS
 HEATING
  TODAY           17                        18     -1       16
  MONTH TO DATE  344                       357    -13      277
  SINCE SEP 1    499                       500     -1      384
  SINCE JUL 1    548                       530     18      419

 COOLING
  TODAY            0                         0      0        0
  MONTH TO DATE    0                         2     -2       10
  SINCE SEP 1     46                        56    -10       87
  SINCE JAN 1    442                       563   -121      626
..................................................................


WIND (MPH)
  RESULTANT WIND SPEED   7   RESULTANT WIND DIRECTION  NW (310)
  HIGHEST WIND SPEED    15   HIGHEST WIND DIRECTION    NW (320)
  HIGHEST GUST SPEED    23   HIGHEST GUST DIRECTION    NW (320)
  AVERAGE WIND SPEED     8.1


SKY COVER
  AVERAGE SKY COVER 0.1


WEATHER CONDITIONS
 THE FOLLOWING WEATHER WAS RECORDED TODAY.
  NO SIGNIFICANT WEATHER WAS OBSERVED.


RELATIVE HUMIDITY (PERCENT)
 HIGHEST    85           800 AM
 LOWEST     47          1200 PM
 AVERAGE    66

..........................................................


THE MUSKEGON MI CLIMATE NORMALS FOR TOMORROW
                         NORMAL    RECORD    YEAR
 MAXIMUM TEMPERATURE (F)   55        74      1971
 MINIMUM TEMPERATURE (F)   40        22      1976


SUNRISE AND SUNSET
OCTOBER 26 2014.......SUNRISE   812 AM EDT   SUNSET   645 PM EDT
OCTOBER 27 2014.......SUNRISE   813 AM EDT   SUNSET   644 PM EDT


-  INDICATES NEGATIVE NUMBERS.
R  INDICATES RECORD WAS SET OR TIED.
MM INDICATES DATA IS MISSING.
T  INDICATES TRACE AMOUNT.




$$

63
