000
CDUS43 KGRR 200512
CLIMKG


CLIMATE REPORT
NATIONAL WEATHER SERVICE GRAND RAPIDS, MI
111 AM EDT WED AUG 20 2014


...................................

...THE MUSKEGON MI CLIMATE SUMMARY FOR AUGUST 19 2014...

CLIMATE NORMAL PERIOD 1981 TO 2010
CLIMATE RECORD PERIOD 1896 TO 2014


WEATHER ITEM   OBSERVED TIME   RECORD YEAR NORMAL DEPARTURE LAST
                VALUE   (LST)  VALUE       VALUE  FROM      YEAR
                                                  NORMAL
..................................................................
TEMPERATURE (F)
 YESTERDAY
  MAXIMUM         77    243 PM  94    1947  79     -2       80
  MINIMUM         66   1159 PM  45    1943  61      5       53
  AVERAGE         72                        70      2       67

PRECIPITATION (IN)
  YESTERDAY        0.59          1.52 1905   0.10   0.49     0.00
  MONTH TO DATE    1.27                      2.06  -0.79     0.34
  SINCE JUN 1     12.02                      6.98   5.04     6.96
  SINCE JAN 1     25.32                     19.25   6.07    29.65

SNOWFALL (IN)
  YESTERDAY        0.0          MM      MM   0.0    0.0      0.0
  MONTH TO DATE    0.0                       0.0    0.0      0.0
  SINCE JUN 1      0.0                       0.0    0.0      0.0
  SINCE JUL 1      0.0                       0.0    0.0      0.0
  SNOW DEPTH       0

DEGREE DAYS
 HEATING
  YESTERDAY        0                         1     -1        0
  MONTH TO DATE   17                         2     15       18
  SINCE JUN 1     79                        79      0       87
  SINCE JUL 1     48                        13     35       35

 COOLING
  YESTERDAY        7                         5      2        2
  MONTH TO DATE   84                       112    -28       47
  SINCE JUN 1    293                       419   -126      365
  SINCE JAN 1    310                       448   -138      425
..................................................................


WIND (MPH)
  RESULTANT WIND SPEED   7   RESULTANT WIND DIRECTION   S (200)
  HIGHEST WIND SPEED    28   HIGHEST WIND DIRECTION    SW (230)
  HIGHEST GUST SPEED    39   HIGHEST GUST DIRECTION     W (250)
  AVERAGE WIND SPEED     7.9


SKY COVER
  AVERAGE SKY COVER 0.6


WEATHER CONDITIONS
 THE FOLLOWING WEATHER WAS RECORDED YESTERDAY.
  THUNDERSTORM
  HEAVY RAIN
  RAIN
  LIGHT RAIN
  FOG
  FOG W/VISIBILITY <= 1/4 MILE
  HAZE


RELATIVE HUMIDITY (PERCENT)
 HIGHEST    93           900 AM
 LOWEST     76           200 PM
 AVERAGE    85

..........................................................


THE MUSKEGON MI CLIMATE NORMALS FOR TODAY
                         NORMAL    RECORD    YEAR
 MAXIMUM TEMPERATURE (F)   79        94      1947
 MINIMUM TEMPERATURE (F)   61        42      1992
                                             1908


SUNRISE AND SUNSET
AUGUST 20 2014........SUNRISE   656 AM EDT   SUNSET   840 PM EDT
AUGUST 21 2014........SUNRISE   657 AM EDT   SUNSET   838 PM EDT


-  INDICATES NEGATIVE NUMBERS.
R  INDICATES RECORD WAS SET OR TIED.
MM INDICATES DATA IS MISSING.
T  INDICATES TRACE AMOUNT.




$$
