000
CDUS43 KGRR 200513
CLIMKG


CLIMATE REPORT
NATIONAL WEATHER SERVICE GRAND RAPIDS, MI
113 AM EDT MON OCT 20 2014


...................................

...THE MUSKEGON MI CLIMATE SUMMARY FOR OCTOBER 19 2014...

CLIMATE NORMAL PERIOD 1981 TO 2010
CLIMATE RECORD PERIOD 1896 TO 2014


WEATHER ITEM   OBSERVED TIME   RECORD YEAR NORMAL DEPARTURE LAST
                VALUE   (LST)  VALUE       VALUE  FROM      YEAR
                                                  NORMAL
..................................................................
TEMPERATURE (F)
 YESTERDAY
  MAXIMUM         54   1000 PM  77    1971  58     -4       55
                                      1910
  MINIMUM         29        MM  22    1972  42    -13       41
  AVERAGE         42                        50     -8       48

PRECIPITATION (IN)
  YESTERDAY        T             1.25 1911   0.09  -0.09     0.17
                                      1906
  MONTH TO DATE    2.65                      1.89   0.76     2.81
  SINCE SEP 1      5.85                      5.78   0.07     4.76
  SINCE JAN 1     32.46                     26.36   6.10    36.01

SNOWFALL (IN)
  YESTERDAY       MM             4.1  1989   0.0   MM        0.0
  MONTH TO DATE    0.0                       0.0    0.0      0.0
  SINCE SEP 1      0.0                       0.0    0.0      0.0
  SINCE JUL 1      0.0                       0.0    0.0      0.0
  SNOW DEPTH       0

DEGREE DAYS
 HEATING
  YESTERDAY       23                        15      8       17
  MONTH TO DATE  231                       240     -9      141
  SINCE SEP 1    386                       383      3      248
  SINCE JUL 1    435                       413     22      283

 COOLING
  YESTERDAY        0                         0      0        0
  MONTH TO DATE    0                         2     -2       10
  SINCE SEP 1     46                        56    -10       87
  SINCE JAN 1    442                       563   -121      626
..................................................................


WIND (MPH)
  RESULTANT WIND SPEED   8   RESULTANT WIND DIRECTION   S (200)
  HIGHEST WIND SPEED    18   HIGHEST WIND DIRECTION    SW (210)
  HIGHEST GUST SPEED    25   HIGHEST GUST DIRECTION     S (200)
  AVERAGE WIND SPEED     8.8


SKY COVER
  AVERAGE SKY COVER 0.6


WEATHER CONDITIONS
 THE FOLLOWING WEATHER WAS RECORDED YESTERDAY.
  NO SIGNIFICANT WEATHER WAS OBSERVED.


RELATIVE HUMIDITY (PERCENT)
 HIGHEST    92           500 AM
 LOWEST     59          1200 PM
 AVERAGE    76

..........................................................


THE MUSKEGON MI CLIMATE NORMALS FOR TODAY
                         NORMAL    RECORD    YEAR
 MAXIMUM TEMPERATURE (F)   57        80      1971
 MINIMUM TEMPERATURE (F)   41        24      1952


SUNRISE AND SUNSET
OCTOBER 20 2014.......SUNRISE   805 AM EDT   SUNSET   654 PM EDT
OCTOBER 21 2014.......SUNRISE   806 AM EDT   SUNSET   653 PM EDT


-  INDICATES NEGATIVE NUMBERS.
R  INDICATES RECORD WAS SET OR TIED.
MM INDICATES DATA IS MISSING.
T  INDICATES TRACE AMOUNT.




$$
