000
CDUS43 KGRR 150547
CLIMKG


CLIMATE REPORT
NATIONAL WEATHER SERVICE GRAND RAPIDS, MI
1246 AM EST SUN JAN 15 2017


...................................

...THE MUSKEGON MI CLIMATE SUMMARY FOR JANUARY 14 2017...

CLIMATE NORMAL PERIOD 1981 TO 2010
CLIMATE RECORD PERIOD 1896 TO 2017


WEATHER ITEM   OBSERVED TIME   RECORD YEAR NORMAL DEPARTURE LAST
                VALUE   (LST)  VALUE       VALUE  FROM      YEAR
                                                  NORMAL
..................................................................
TEMPERATURE (F)
 YESTERDAY
  MAXIMUM         32    413 PM  53    1952  31      1       34
  MINIMUM         17   1058 PM  -8    1914  20     -3       24
  AVERAGE         25                        25      0       29

PRECIPITATION (IN)
  YESTERDAY        0.00          1.18 1995   0.06  -0.06     0.00
  MONTH TO DATE    1.04                      0.98   0.06     1.61
  SINCE DEC 1      3.26                      3.53  -0.27     6.51
  SINCE JAN 1      1.04                      0.98   0.06     1.61

SNOWFALL (IN)
  YESTERDAY        0.0          16.3  2012   0.9   -0.9      0.0
  MONTH TO DATE   11.8                      12.6   -0.8     21.1
  SINCE DEC 1     32.2                      41.5   -9.3     26.0
  SINCE JUL 1     33.2                      47.7  -14.5     29.9
  SNOW DEPTH       0

DEGREE DAYS
 HEATING
  YESTERDAY       40                        40      0       36
  MONTH TO DATE  562                       547     15      518
  SINCE DEC 1   1622                      1626     -4     1291
  SINCE JUL 1   2527                      2993   -466     2358

 COOLING
  YESTERDAY        0                         0      0        0
  MONTH TO DATE    0                         0      0        0
  SINCE DEC 1      0                         0      0        0
  SINCE JAN 1      0                         0      0        0
..................................................................


WIND (MPH)
  RESULTANT WIND SPEED   2   RESULTANT WIND DIRECTION   E (80)
  HIGHEST WIND SPEED    12   HIGHEST WIND DIRECTION    NW (330)
  HIGHEST GUST SPEED    14   HIGHEST GUST DIRECTION    NW (330)
  AVERAGE WIND SPEED     3.9


SKY COVER
  AVERAGE SKY COVER 0.7


WEATHER CONDITIONS
 THE FOLLOWING WEATHER WAS RECORDED YESTERDAY.
  FOG
  HAZE


RELATIVE HUMIDITY (PERCENT)
 HIGHEST    92          1100 PM
 LOWEST     58           100 PM
 AVERAGE    75

..........................................................


THE MUSKEGON MI CLIMATE NORMALS FOR TODAY
                         NORMAL    RECORD    YEAR
 MAXIMUM TEMPERATURE (F)   31        57      1949
 MINIMUM TEMPERATURE (F)   20       -12      1972


SUNRISE AND SUNSET
JANUARY 15 2017.......SUNRISE   814 AM EST   SUNSET   536 PM EST
JANUARY 16 2017.......SUNRISE   813 AM EST   SUNSET   537 PM EST


-  INDICATES NEGATIVE NUMBERS.
R  INDICATES RECORD WAS SET OR TIED.
MM INDICATES DATA IS MISSING.
T  INDICATES TRACE AMOUNT.




$$
