000
CDUS43 KGRR 192139
CLIMKG


CLIMATE REPORT
NATIONAL WEATHER SERVICE GRAND RAPIDS, MI
537 PM EDT FRI AUG 19 2016


...................................

...THE MUSKEGON MI CLIMATE SUMMARY FOR AUGUST 19 2016...
VALID TODAY AS OF 0500 PM LOCAL TIME.

CLIMATE NORMAL PERIOD 1981 TO 2010
CLIMATE RECORD PERIOD 1896 TO 2016


WEATHER ITEM   OBSERVED TIME   RECORD YEAR NORMAL DEPARTURE LAST
                VALUE   (LST)  VALUE       VALUE  FROM      YEAR
                                                  NORMAL
..................................................................
TEMPERATURE (F)
 TODAY
  MAXIMUM         82   1022 AM  94    1947  79      3       80
  MINIMUM         73    502 AM  45    1943  61     12       66
  AVERAGE         78                        70      8       73

PRECIPITATION (IN)
  TODAY            0.01          1.52 1905   0.10  -0.09     0.07
  MONTH TO DATE    0.97                      2.06  -1.09     1.33
  SINCE JUN 1      9.33                      6.98   2.35     9.68
  SINCE JAN 1     23.26                     19.25   4.01    22.11

SNOWFALL (IN)
  TODAY            0.0          MM      MM   0.0    0.0      0.0
  MONTH TO DATE    0.0                       0.0    0.0      0.0
  SINCE JUN 1      0.0                       0.0    0.0      0.0
  SINCE JUL 1      0.0                       0.0    0.0      0.0
  SNOW DEPTH       0

DEGREE DAYS
 HEATING
  TODAY            0                         1     -1        0
  MONTH TO DATE    0                         2     -2        0
  SINCE JUN 1     47                        79    -32       48
  SINCE JUL 1      9                        13     -4       15

 COOLING
  TODAY           13                         5      8        8
  MONTH TO DATE  185                       112     73      154
  SINCE JUN 1    543                       419    124      394
  SINCE JAN 1    587                       448    139      433
..................................................................


WIND (MPH)
  RESULTANT WIND SPEED   9   RESULTANT WIND DIRECTION   S (200)
  HIGHEST WIND SPEED    21   HIGHEST WIND DIRECTION     W (280)
  HIGHEST GUST SPEED    29   HIGHEST GUST DIRECTION     W (270)
  AVERAGE WIND SPEED    10.1


SKY COVER
  AVERAGE SKY COVER 0.7


WEATHER CONDITIONS
 THE FOLLOWING WEATHER WAS RECORDED TODAY.
  LIGHT RAIN


RELATIVE HUMIDITY (PERCENT)
 HIGHEST    94           700 AM
 LOWEST     67           200 PM
 AVERAGE    81

..........................................................


THE MUSKEGON MI CLIMATE NORMALS FOR TOMORROW
                         NORMAL    RECORD    YEAR
 MAXIMUM TEMPERATURE (F)   79        94      1947
 MINIMUM TEMPERATURE (F)   61        42      1992
                                             1908


SUNRISE AND SUNSET
AUGUST 19 2016........SUNRISE   655 AM EDT   SUNSET   841 PM EDT
AUGUST 20 2016........SUNRISE   657 AM EDT   SUNSET   839 PM EDT


-  INDICATES NEGATIVE NUMBERS.
R  INDICATES RECORD WAS SET OR TIED.
MM INDICATES DATA IS MISSING.
T  INDICATES TRACE AMOUNT.




$$

63
