000
CDUS43 KGRR 080522
CLIMKG


CLIMATE REPORT
NATIONAL WEATHER SERVICE GRAND RAPIDS, MI
1220 AM EST MON FEB 8 2016


...................................

...THE MUSKEGON MI CLIMATE SUMMARY FOR FEBRUARY 7 2016...

CLIMATE NORMAL PERIOD 1981 TO 2010
CLIMATE RECORD PERIOD 1896 TO 2016


WEATHER ITEM   OBSERVED TIME   RECORD YEAR NORMAL DEPARTURE LAST
                VALUE   (LST)  VALUE       VALUE  FROM      YEAR
                                                  NORMAL
..................................................................
TEMPERATURE (F)
 YESTERDAY
  MAXIMUM         43   1244 PM  49    1928  31     12       39
                                      1925
  MINIMUM         36   1159 PM -11    1905  20     16       25
  AVERAGE         40                        26     14       32

PRECIPITATION (IN)
  YESTERDAY        0.00          0.82 2013   0.06  -0.06     0.00
  MONTH TO DATE    1.30                      0.40   0.90     0.56
  SINCE DEC 1      8.66                      4.98   3.68     4.00
  SINCE JAN 1      3.76                      2.43   1.33     2.28

SNOWFALL (IN)
  YESTERDAY        0.0           9.7  2013   0.7   -0.7      0.0
  MONTH TO DATE    0.6                       5.6   -5.0      7.8
  SINCE DEC 1     42.7                      62.5  -19.8     41.7
  SINCE JUL 1     46.6                      68.7  -22.1     66.2
  SNOW DEPTH       T

DEGREE DAYS
 HEATING
  YESTERDAY       25                        39    -14       33
  MONTH TO DATE  229                       277    -48      304
  SINCE DEC 1   2169                      2582   -413     2578
  SINCE JUL 1   3236                      3949   -713     4061

 COOLING
  YESTERDAY        0                         0      0        0
  MONTH TO DATE    0                         0      0        0
  SINCE DEC 1      0                         0      0        0
  SINCE JAN 1      0                         0      0        0
..................................................................


WIND (MPH)
  RESULTANT WIND SPEED  13   RESULTANT WIND DIRECTION   S (200)
  HIGHEST WIND SPEED    24   HIGHEST WIND DIRECTION     S (200)
  HIGHEST GUST SPEED    32   HIGHEST GUST DIRECTION     S (190)
  AVERAGE WIND SPEED    13.2


SKY COVER
  AVERAGE SKY COVER 0.8


WEATHER CONDITIONS
 THE FOLLOWING WEATHER WAS RECORDED YESTERDAY.
  FOG


RELATIVE HUMIDITY (PERCENT)
 HIGHEST    89           200 AM
 LOWEST     65           100 PM
 AVERAGE    77

..........................................................


THE MUSKEGON MI CLIMATE NORMALS FOR TODAY
                         NORMAL    RECORD    YEAR
 MAXIMUM TEMPERATURE (F)   32        57      1990
                                             1900
 MINIMUM TEMPERATURE (F)   20       -16      1934


SUNRISE AND SUNSET
FEBRUARY  8 2016......SUNRISE   753 AM EST   SUNSET   606 PM EST
FEBRUARY  9 2016......SUNRISE   751 AM EST   SUNSET   607 PM EST


-  INDICATES NEGATIVE NUMBERS.
R  INDICATES RECORD WAS SET OR TIED.
MM INDICATES DATA IS MISSING.
T  INDICATES TRACE AMOUNT.




$$

63
