000
CDUS43 KGRR 022243
CLIMKG


CLIMATE REPORT
NATIONAL WEATHER SERVICE GRAND RAPIDS, MI
541 PM EST MON MAR 2 2015


...................................

...THE MUSKEGON MI CLIMATE SUMMARY FOR MARCH 2 2015...
VALID TODAY AS OF 0500 PM LOCAL TIME.

CLIMATE NORMAL PERIOD 1981 TO 2010
CLIMATE RECORD PERIOD 1896 TO 2015


WEATHER ITEM   OBSERVED TIME   RECORD YEAR NORMAL DEPARTURE LAST
                VALUE   (LST)  VALUE       VALUE  FROM      YEAR
                                                  NORMAL
..................................................................
TEMPERATURE (F)
 TODAY
  MAXIMUM         28    338 PM  55    2008  38    -10       16
                                      1983
                                      1964
  MINIMUM         21    734 AM  -9    1912  23     -2       -2
  AVERAGE         25                        30     -5        7

PRECIPITATION (IN)
  TODAY            0.00          1.98 1976   0.08  -0.08     0.02
  MONTH TO DATE    0.09                      0.15  -0.06     0.21
  SINCE MAR 1      0.09                      0.15  -0.06     0.21
  SINCE JAN 1      3.38                      4.01  -0.63     5.34

SNOWFALL (IN)
  TODAY            0.0          10.5  2002   0.4   -0.4      0.2
  MONTH TO DATE    1.8                       0.9    0.9      2.8
  SINCE MAR 1      1.8                       0.9    0.9      2.8
  SINCE JUL 1     89.9                      83.3    6.6    126.4
  SNOW DEPTH      17

DEGREE DAYS
 HEATING
  TODAY           40                        35      5       58
  MONTH TO DATE   83                        70     13      105
  SINCE MAR 1     83                        70     13      105
  SINCE JUL 1   5208                      4802    406     5245

 COOLING
  TODAY            0                         0      0        0
  MONTH TO DATE    0                         0      0        0
  SINCE MAR 1      0                         0      0        0
  SINCE JAN 1      0                         0      0        0
..................................................................


WIND (MPH)
  RESULTANT WIND SPEED   8   RESULTANT WIND DIRECTION   W (290)
  HIGHEST WIND SPEED    20   HIGHEST WIND DIRECTION    NW (300)
  HIGHEST GUST SPEED    26   HIGHEST GUST DIRECTION    NW (310)
  AVERAGE WIND SPEED     9.3


SKY COVER
  AVERAGE SKY COVER 0.5


WEATHER CONDITIONS
 THE FOLLOWING WEATHER WAS RECORDED TODAY.
  NO SIGNIFICANT WEATHER WAS OBSERVED.


RELATIVE HUMIDITY (PERCENT)
 HIGHEST    65           600 AM
 LOWEST     50          1100 AM
 AVERAGE    58

..........................................................


THE MUSKEGON MI CLIMATE NORMALS FOR TOMORROW
                         NORMAL    RECORD    YEAR
 MAXIMUM TEMPERATURE (F)   38        69      1983
 MINIMUM TEMPERATURE (F)   24       -10      1943


SUNRISE AND SUNSET
MARCH  2 2015.........SUNRISE   720 AM EST   SUNSET   635 PM EST
MARCH  3 2015.........SUNRISE   718 AM EST   SUNSET   636 PM EST


-  INDICATES NEGATIVE NUMBERS.
R  INDICATES RECORD WAS SET OR TIED.
MM INDICATES DATA IS MISSING.
T  INDICATES TRACE AMOUNT.




$$

63
