471
CDUS43 KGRR 110520
CLIMKG


CLIMATE REPORT
NATIONAL WEATHER SERVICE GRAND RAPIDS, MI
1217 AM EST THU FEB 11 2016


...................................

...THE MUSKEGON MI CLIMATE SUMMARY FOR FEBRUARY 10 2016...

CLIMATE NORMAL PERIOD 1981 TO 2010
CLIMATE RECORD PERIOD 1896 TO 2016


WEATHER ITEM   OBSERVED TIME   RECORD YEAR NORMAL DEPARTURE LAST
                VALUE   (LST)  VALUE       VALUE  FROM      YEAR
                                                  NORMAL
..................................................................
TEMPERATURE (F)
 YESTERDAY
  MAXIMUM         22   1236 PM  54    1966  32    -10       29
  MINIMUM         14    740 PM -22    1912  20     -6        9
  AVERAGE         18                        26     -8       19

PRECIPITATION (IN)
  YESTERDAY        T             0.92 1981   0.07  -0.07     0.00
  MONTH TO DATE    1.31                      0.59   0.72     0.56
  SINCE DEC 1      8.67                      5.17   3.50     4.00
  SINCE JAN 1      3.77                      2.62   1.15     2.28

SNOWFALL (IN)
  YESTERDAY        T            13.6  1981   0.8   -0.8      0.0
  MONTH TO DATE    0.6                       7.8   -7.2      7.8
  SINCE DEC 1     42.7                      64.7  -22.0     41.7
  SINCE JUL 1     46.6                      70.9  -24.3     66.2
  SNOW DEPTH       T

DEGREE DAYS
 HEATING
  YESTERDAY       47                        39      8       46
  MONTH TO DATE  344                       394    -50      425
  SINCE DEC 1   2284                      2699   -415     2699
  SINCE JUL 1   3351                      4066   -715     4182

 COOLING
  YESTERDAY        0                         0      0        0
  MONTH TO DATE    0                         0      0        0
  SINCE DEC 1      0                         0      0        0
  SINCE JAN 1      0                         0      0        0
..................................................................


WIND (MPH)
  RESULTANT WIND SPEED  13   RESULTANT WIND DIRECTION  NW (330)
  HIGHEST WIND SPEED    23   HIGHEST WIND DIRECTION    NW (320)
  HIGHEST GUST SPEED    30   HIGHEST GUST DIRECTION    NW (320)
  AVERAGE WIND SPEED    12.8


SKY COVER
  AVERAGE SKY COVER 1.0


WEATHER CONDITIONS
 THE FOLLOWING WEATHER WAS RECORDED YESTERDAY.
  LIGHT SNOW
  HAZE


RELATIVE HUMIDITY (PERCENT)
 HIGHEST    74           800 AM
 LOWEST     57           200 PM
 AVERAGE    66

..........................................................


THE MUSKEGON MI CLIMATE NORMALS FOR TODAY
                         NORMAL    RECORD    YEAR
 MAXIMUM TEMPERATURE (F)   32        67      1999
 MINIMUM TEMPERATURE (F)   21       -30      1899


SUNRISE AND SUNSET
FEBRUARY 11 2016......SUNRISE   749 AM EST   SUNSET   610 PM EST
FEBRUARY 12 2016......SUNRISE   748 AM EST   SUNSET   611 PM EST


-  INDICATES NEGATIVE NUMBERS.
R  INDICATES RECORD WAS SET OR TIED.
MM INDICATES DATA IS MISSING.
T  INDICATES TRACE AMOUNT.




$$

63
