000
CDUS43 KGRR 130517
CLIMKG


CLIMATE REPORT
NATIONAL WEATHER SERVICE GRAND RAPIDS, MI
116 AM EDT SUN APR 13 2014


...................................

...THE MUSKEGON MI CLIMATE SUMMARY FOR APRIL 12 2014...

CLIMATE NORMAL PERIOD 1981 TO 2010
CLIMATE RECORD PERIOD 1895 TO 2014


WEATHER ITEM   OBSERVED TIME   RECORD YEAR NORMAL DEPARTURE LAST
                VALUE   (LST)  VALUE       VALUE  FROM      YEAR
                                                  NORMAL
..................................................................
TEMPERATURE (F)
 YESTERDAY
  MAXIMUM         65   1045 AM  77    1941  55     10       40
  MINIMUM         40    137 AM  19    1975  36      4       35
                                      1923
  AVERAGE         53                        45      8       38

PRECIPITATION (IN)
  YESTERDAY        0.12          1.30 1971   0.10   0.02     0.14
  MONTH TO DATE    0.60                      1.15  -0.55     3.37
  SINCE MAR 1      2.27                      3.40  -1.13     4.62
  SINCE JAN 1      7.40                      7.26   0.14    14.06

SNOWFALL (IN)
  YESTERDAY        0.0           1.7  2007   0.1   -0.1       T
  MONTH TO DATE    T                         1.7   -1.7       T
  SINCE MAR 1      7.5                      10.7   -3.2      5.7
  SINCE JUL 1    131.1                      93.1   38.0     98.6
  SNOW DEPTH       0

DEGREE DAYS
 HEATING
  YESTERDAY       12                        20     -8       27
  MONTH TO DATE  270                       264      6      316
  SINCE MAR 1   1458                      1194    264     1350
  SINCE JUL 1   6598                      5926    672     5772

 COOLING
  YESTERDAY        0                         0      0        0
  MONTH TO DATE    0                         0      0        0
  SINCE MAR 1      0                         0      0        0
  SINCE JAN 1      0                         0      0        0
..................................................................


WIND (MPH)
  RESULTANT WIND SPEED   4   RESULTANT WIND DIRECTION   E (80)
  HIGHEST WIND SPEED    33   HIGHEST WIND DIRECTION    NW (310)
  HIGHEST GUST SPEED    60   HIGHEST GUST DIRECTION    NW (320)
  AVERAGE WIND SPEED     9.0


SKY COVER
  AVERAGE SKY COVER 0.6


WEATHER CONDITIONS
 THE FOLLOWING WEATHER WAS RECORDED YESTERDAY.
  THUNDERSTORM
  LIGHT RAIN
  HAZE


RELATIVE HUMIDITY (PERCENT)
 HIGHEST    71           200 PM
 LOWEST     28          1100 AM
 AVERAGE    50

..........................................................


THE MUSKEGON MI CLIMATE NORMALS FOR TODAY
                         NORMAL    RECORD    YEAR
 MAXIMUM TEMPERATURE (F)   55        74      1968
 MINIMUM TEMPERATURE (F)   37        12      1917


SUNRISE AND SUNSET
APRIL 13 2014.........SUNRISE   706 AM EDT   SUNSET   825 PM EDT
APRIL 14 2014.........SUNRISE   705 AM EDT   SUNSET   827 PM EDT


-  INDICATES NEGATIVE NUMBERS.
R  INDICATES RECORD WAS SET OR TIED.
MM INDICATES DATA IS MISSING.
T  INDICATES TRACE AMOUNT.




$$
