000
CDUS43 KGRR 180522
CLIMKG


CLIMATE REPORT
NATIONAL WEATHER SERVICE GRAND RAPIDS, MI
1220 AM EST THU DEC 18 2014


...................................

...THE MUSKEGON MI CLIMATE SUMMARY FOR DECEMBER 17 2014...

CLIMATE NORMAL PERIOD 1981 TO 2010
CLIMATE RECORD PERIOD 1896 TO 2014


WEATHER ITEM   OBSERVED TIME   RECORD YEAR NORMAL DEPARTURE LAST
                VALUE   (LST)  VALUE       VALUE  FROM      YEAR
                                                  NORMAL
..................................................................
TEMPERATURE (F)
 YESTERDAY
  MAXIMUM         34    114 AM  50    1939  35     -1       34
  MINIMUM         28    331 PM   0    1973  25      3       19
  AVERAGE         31                        30      1       27

PRECIPITATION (IN)
  YESTERDAY        T             0.61 1921   0.08  -0.08     0.14
  MONTH TO DATE    0.44                      1.53  -1.09     1.18
  SINCE DEC 1      0.44                      1.53  -1.09     1.18
  SINCE JAN 1     37.32                     32.47   4.85    42.24

SNOWFALL (IN)
  YESTERDAY        T            14.8  1963   1.0   -1.0      1.7
  MONTH TO DATE    1.1                      14.9  -13.8     16.6
  SINCE DEC 1      1.1                      14.9  -13.8     16.6
  SINCE JUL 1     25.6                      21.1    4.5     25.5
  SNOW DEPTH       0

DEGREE DAYS
 HEATING
  YESTERDAY       34                        35     -1       38
  MONTH TO DATE  530                       563    -33      661
  SINCE DEC 1    530                       563    -33      661
  SINCE JUL 1   2013                      1930     83     1932

 COOLING
  YESTERDAY        0                         0      0        0
  MONTH TO DATE    0                         0      0        0
  SINCE DEC 1      0                         0      0        0
  SINCE JAN 1    442                       566   -124      626
..................................................................


WIND (MPH)
  RESULTANT WIND SPEED  13   RESULTANT WIND DIRECTION  NW (300)
  HIGHEST WIND SPEED    23   HIGHEST WIND DIRECTION     W (290)
  HIGHEST GUST SPEED    31   HIGHEST GUST DIRECTION     W (290)
  AVERAGE WIND SPEED    13.5


SKY COVER
  AVERAGE SKY COVER 1.0


WEATHER CONDITIONS
 THE FOLLOWING WEATHER WAS RECORDED YESTERDAY.
  LIGHT SNOW
  FOG


RELATIVE HUMIDITY (PERCENT)
 HIGHEST    82          1200 AM
 LOWEST     63           900 AM
 AVERAGE    73

..........................................................


THE MUSKEGON MI CLIMATE NORMALS FOR TODAY
                         NORMAL    RECORD    YEAR
 MAXIMUM TEMPERATURE (F)   34        53      1939
 MINIMUM TEMPERATURE (F)   25         2      1945
                                             1922
                                             1919


SUNRISE AND SUNSET
DECEMBER 18 2014......SUNRISE   812 AM EST   SUNSET   511 PM EST
DECEMBER 19 2014......SUNRISE   812 AM EST   SUNSET   512 PM EST


-  INDICATES NEGATIVE NUMBERS.
R  INDICATES RECORD WAS SET OR TIED.
MM INDICATES DATA IS MISSING.
T  INDICATES TRACE AMOUNT.




$$

CAS
