000
CDUS43 KGRR 300524
CLIMKG


CLIMATE REPORT
NATIONAL WEATHER SERVICE GRAND RAPIDS, MI
1224 AM EST WED NOV 30 2016


...................................

...THE MUSKEGON MI CLIMATE SUMMARY FOR NOVEMBER 29 2016...

CLIMATE NORMAL PERIOD 1981 TO 2010
CLIMATE RECORD PERIOD 1896 TO 2016


WEATHER ITEM   OBSERVED TIME   RECORD YEAR NORMAL DEPARTURE LAST
                VALUE   (LST)  VALUE       VALUE  FROM      YEAR
                                                  NORMAL
..................................................................
TEMPERATURE (F)
 YESTERDAY
  MAXIMUM         54    829 PM  65    1998  40     14       43
  MINIMUM         47    731 PM   5    1929  30     17       18
  AVERAGE         51                        35     16       31

PRECIPITATION (IN)
  YESTERDAY        0.34          1.32 1919   0.11   0.23     0.00
  MONTH TO DATE    2.47                      3.26  -0.79     3.22
  SINCE SEP 1     12.17                     10.26   1.91     8.36
  SINCE JAN 1     37.32                     30.84   6.48    31.49

SNOWFALL (IN)
  YESTERDAY        0.0           8.6  1971   0.4   -0.4      0.0
  MONTH TO DATE    1.0                       5.6   -4.6      3.9
  SINCE SEP 1      1.0                       5.8   -4.8      3.9
  SINCE JUL 1      1.0                       5.8   -4.8      3.9
  SNOW DEPTH       0

DEGREE DAYS
 HEATING
  YESTERDAY       14                        30    -16       34
  MONTH TO DATE  534                       714   -180      548
  SINCE SEP 1    877                      1307   -430     1006
  SINCE JUL 1    886                      1337   -451     1038

 COOLING
  YESTERDAY        0                         0      0        0
  MONTH TO DATE    0                         0      0        0
  SINCE SEP 1    110                        59     51      116
  SINCE JAN 1    774                       566    208      570
..................................................................


WIND (MPH)
  RESULTANT WIND SPEED  15   RESULTANT WIND DIRECTION   S (200)
  HIGHEST WIND SPEED    30   HIGHEST WIND DIRECTION    SW (210)
  HIGHEST GUST SPEED    45   HIGHEST GUST DIRECTION     S (180)
  AVERAGE WIND SPEED    15.8


SKY COVER
  AVERAGE SKY COVER 0.6


WEATHER CONDITIONS
 THE FOLLOWING WEATHER WAS RECORDED YESTERDAY.
  HEAVY RAIN
  RAIN
  LIGHT RAIN
  FOG


RELATIVE HUMIDITY (PERCENT)
 HIGHEST    96          1200 AM
 LOWEST     64           800 PM
 AVERAGE    80

..........................................................


THE MUSKEGON MI CLIMATE NORMALS FOR TODAY
                         NORMAL    RECORD    YEAR
 MAXIMUM TEMPERATURE (F)   40        61      1975
 MINIMUM TEMPERATURE (F)   30         9      1958
                                             1929


SUNRISE AND SUNSET
NOVEMBER 30 2016......SUNRISE   756 AM EST   SUNSET   511 PM EST
DECEMBER  1 2016......SUNRISE   757 AM EST   SUNSET   511 PM EST


-  INDICATES NEGATIVE NUMBERS.
R  INDICATES RECORD WAS SET OR TIED.
MM INDICATES DATA IS MISSING.
T  INDICATES TRACE AMOUNT.




$$
