000
CDUS43 KGRR 240528
CLIMKG


CLIMATE REPORT
NATIONAL WEATHER SERVICE GRAND RAPIDS, MI
127 AM EDT TUE MAR 24 2015


...................................

...THE MUSKEGON MI CLIMATE SUMMARY FOR MARCH 23 2015...

CLIMATE NORMAL PERIOD 1981 TO 2010
CLIMATE RECORD PERIOD 1896 TO 2015


WEATHER ITEM   OBSERVED TIME   RECORD YEAR NORMAL DEPARTURE LAST
                VALUE   (LST)  VALUE       VALUE  FROM      YEAR
                                                  NORMAL
..................................................................
TEMPERATURE (F)
 YESTERDAY
  MAXIMUM         38    524 PM  73    1907  46     -8       25
  MINIMUM         26   1159 PM   4    1906  29     -3       15
  AVERAGE         32                        37     -5       20

PRECIPITATION (IN)
  YESTERDAY        0.00          1.00 1913   0.08  -0.08     0.01
  MONTH TO DATE    0.46                      1.64  -1.18     0.63
  SINCE MAR 1      0.46                      1.64  -1.18     0.63
  SINCE JAN 1      3.75                      5.50  -1.75     5.76

SNOWFALL (IN)
  YESTERDAY        0.0           6.3  1956   0.2   -0.2      0.1
  MONTH TO DATE    4.0                       7.5   -3.5      6.4
  SINCE MAR 1      4.0                       7.5   -3.5      6.4
  SINCE JUL 1     92.1                      89.9    2.2    130.0
  SNOW DEPTH       0

DEGREE DAYS
 HEATING
  YESTERDAY       33                        28      5       45
  MONTH TO DATE  751                       723     28      938
  SINCE MAR 1    751                       723     28      938
  SINCE JUL 1   5876                      5455    421     6078

 COOLING
  YESTERDAY        0                         0      0        0
  MONTH TO DATE    0                         0      0        0
  SINCE MAR 1      0                         0      0        0
  SINCE JAN 1      0                         0      0        0
..................................................................


WIND (MPH)
  RESULTANT WIND SPEED   7   RESULTANT WIND DIRECTION   E (80)
  HIGHEST WIND SPEED    15   HIGHEST WIND DIRECTION     E (90)
  HIGHEST GUST SPEED    20   HIGHEST GUST DIRECTION     E (80)
  AVERAGE WIND SPEED     8.9


SKY COVER
  AVERAGE SKY COVER 0.7


WEATHER CONDITIONS
 THE FOLLOWING WEATHER WAS RECORDED YESTERDAY.
  NO SIGNIFICANT WEATHER WAS OBSERVED.


RELATIVE HUMIDITY (PERCENT)
 HIGHEST    63           800 PM
 LOWEST     35           300 PM
 AVERAGE    49

..........................................................


THE MUSKEGON MI CLIMATE NORMALS FOR TODAY
                         NORMAL    RECORD    YEAR
 MAXIMUM TEMPERATURE (F)   46        73      1945
 MINIMUM TEMPERATURE (F)   29         5      1974


SUNRISE AND SUNSET
MARCH 24 2015.........SUNRISE   742 AM EDT   SUNSET   802 PM EDT
MARCH 25 2015.........SUNRISE   740 AM EDT   SUNSET   803 PM EDT


-  INDICATES NEGATIVE NUMBERS.
R  INDICATES RECORD WAS SET OR TIED.
MM INDICATES DATA IS MISSING.
T  INDICATES TRACE AMOUNT.




$$
