000
CDUS43 KGRR 200519
CLIMKG


CLIMATE REPORT
NATIONAL WEATHER SERVICE GRAND RAPIDS, MI
1219 AM EST MON NOV 20 2017


...................................

...THE MUSKEGON MI CLIMATE SUMMARY FOR NOVEMBER 19 2017...

CLIMATE NORMAL PERIOD 1981 TO 2010
CLIMATE RECORD PERIOD 1896 TO 2017


WEATHER ITEM   OBSERVED TIME   RECORD YEAR NORMAL DEPARTURE LAST
                VALUE   (LST)  VALUE       VALUE  FROM      YEAR
                                                  NORMAL
..................................................................
TEMPERATURE (F)
 YESTERDAY
  MAXIMUM         38   1231 AM  74    1930  45     -7       44
  MINIMUM         31    525 PM  10    1986  33     -2       32
  AVERAGE         35                        39     -4       38

PRECIPITATION (IN)
  YESTERDAY        0.01          1.35 1913   0.12  -0.11     0.20
  MONTH TO DATE    2.46                      2.18   0.28     0.63
  SINCE SEP 1     12.53                      9.18   3.35    10.33
  SINCE JAN 1     33.69                     29.76   3.93    35.48

SNOWFALL (IN)
  YESTERDAY        T             5.0  1914   0.2   -0.2      1.0
  MONTH TO DATE    T                         2.3   -2.3      1.0
  SINCE SEP 1      T                         2.5   -2.5      1.0
  SINCE JUL 1      T                         2.5   -2.5      1.0
  SNOW DEPTH       0

DEGREE DAYS
 HEATING
  YESTERDAY       30                        26      4       27
  MONTH TO DATE  494                       433     61      284
  SINCE SEP 1    880                      1026   -146      627
  SINCE JUL 1    893                      1056   -163      636

 COOLING
  YESTERDAY        0                         0      0        0
  MONTH TO DATE    0                         0      0        0
  SINCE SEP 1    121                        59     62      110
  SINCE JAN 1    615                       566     49      774
..................................................................


WIND (MPH)
  RESULTANT WIND SPEED  12   RESULTANT WIND DIRECTION  NW (300)
  HIGHEST WIND SPEED    21   HIGHEST WIND DIRECTION    NW (330)
  HIGHEST GUST SPEED    31   HIGHEST GUST DIRECTION     W (260)
  AVERAGE WIND SPEED    13.6


SKY COVER
  AVERAGE SKY COVER 1.0


WEATHER CONDITIONS
 THE FOLLOWING WEATHER WAS RECORDED YESTERDAY.
  LIGHT RAIN
  LIGHT SNOW
  FOG


RELATIVE HUMIDITY (PERCENT)
 HIGHEST    82           300 AM
 LOWEST     51           700 PM
 AVERAGE    67

..........................................................


THE MUSKEGON MI CLIMATE NORMALS FOR TODAY
                         NORMAL    RECORD    YEAR
 MAXIMUM TEMPERATURE (F)   44        76      1930
 MINIMUM TEMPERATURE (F)   33        18      1959
                                             1951


SUNRISE AND SUNSET
NOVEMBER 20 2017......SUNRISE   744 AM EST   SUNSET   517 PM EST
NOVEMBER 21 2017......SUNRISE   746 AM EST   SUNSET   516 PM EST


-  INDICATES NEGATIVE NUMBERS.
R  INDICATES RECORD WAS SET OR TIED.
MM INDICATES DATA IS MISSING.
T  INDICATES TRACE AMOUNT.




$$
