000
CDUS43 KGRR 280515
CLIMKG


CLIMATE REPORT
NATIONAL WEATHER SERVICE GRAND RAPIDS, MI
115 AM EDT SUN SEP 28 2014


...................................

...THE MUSKEGON MI CLIMATE SUMMARY FOR SEPTEMBER 27 2014...

CLIMATE NORMAL PERIOD 1981 TO 2010
CLIMATE RECORD PERIOD 1896 TO 2014


WEATHER ITEM   OBSERVED TIME   RECORD YEAR NORMAL DEPARTURE LAST
                VALUE   (LST)  VALUE       VALUE  FROM      YEAR
                                                  NORMAL
..................................................................
TEMPERATURE (F)
 YESTERDAY
  MAXIMUM         79    320 PM  81    1946  67     12       79
  MINIMUM         49    600 AM  27    1989  48      1       46
  AVERAGE         64                        58      6       63

PRECIPITATION (IN)
  YESTERDAY        0.00          1.41 1945   0.12  -0.12     0.00
  MONTH TO DATE    3.14                      3.51  -0.37     1.53
  SINCE SEP 1      3.14                      3.51  -0.37     1.53
  SINCE JAN 1     29.75                     24.09   5.66    32.78

SNOWFALL (IN)
  YESTERDAY        0.0           T    1942   0.0    0.0      0.0
  MONTH TO DATE    0.0                       0.0    0.0      0.0
  SINCE SEP 1      0.0                       0.0    0.0      0.0
  SINCE JUL 1      0.0                       0.0    0.0      0.0
  SNOW DEPTH       0

DEGREE DAYS
 HEATING
  YESTERDAY        1                         8     -7        2
  MONTH TO DATE  138                       116     22       98
  SINCE SEP 1    138                       116     22       98
  SINCE JUL 1    187                       146     41      133

 COOLING
  YESTERDAY        0                         1     -1        0
  MONTH TO DATE   46                        54     -8       75
  SINCE SEP 1     46                        54     -8       75
  SINCE JAN 1    442                       561   -119      614
..................................................................


WIND (MPH)
  RESULTANT WIND SPEED   1   RESULTANT WIND DIRECTION   E (90)
  HIGHEST WIND SPEED    10   HIGHEST WIND DIRECTION     E (80)
  HIGHEST GUST SPEED    13   HIGHEST GUST DIRECTION    NE (60)
  AVERAGE WIND SPEED     2.6


SKY COVER
  AVERAGE SKY COVER 0.5


WEATHER CONDITIONS
 THE FOLLOWING WEATHER WAS RECORDED YESTERDAY.
  FOG
  HAZE


RELATIVE HUMIDITY (PERCENT)
 HIGHEST    93           600 AM
 LOWEST     39           300 PM
 AVERAGE    66

..........................................................


THE MUSKEGON MI CLIMATE NORMALS FOR TODAY
                         NORMAL    RECORD    YEAR
 MAXIMUM TEMPERATURE (F)   66        90      1905
 MINIMUM TEMPERATURE (F)   48        27      1991


SUNRISE AND SUNSET
SEPTEMBER 28 2014.....SUNRISE   739 AM EDT   SUNSET   731 PM EDT
SEPTEMBER 29 2014.....SUNRISE   740 AM EDT   SUNSET   730 PM EDT


-  INDICATES NEGATIVE NUMBERS.
R  INDICATES RECORD WAS SET OR TIED.
MM INDICATES DATA IS MISSING.
T  INDICATES TRACE AMOUNT.




$$
