000
CDUS43 KGRR 240521
CLIMKG


CLIMATE REPORT
NATIONAL WEATHER SERVICE GRAND RAPIDS, MI
118 AM EDT SAT JUN 24 2017


...................................

...THE MUSKEGON MI CLIMATE SUMMARY FOR JUNE 23 2017...

CLIMATE NORMAL PERIOD 1981 TO 2010
CLIMATE RECORD PERIOD 1896 TO 2017


WEATHER ITEM   OBSERVED TIME   RECORD YEAR NORMAL DEPARTURE LAST
                VALUE   (LST)  VALUE       VALUE  FROM      YEAR
                                                  NORMAL
..................................................................
TEMPERATURE (F)
 YESTERDAY
  MAXIMUM         79    253 PM  91    1923  78      1       81
  MINIMUM         66    906 PM  39    1918  59      7       60
  AVERAGE         73                        68      5       71

PRECIPITATION (IN)
  YESTERDAY        0.44          2.18 1994   0.08   0.36     0.09
  MONTH TO DATE    1.99                      2.00  -0.01     1.88
  SINCE JUN 1      1.99                      2.00  -0.01     1.88
  SINCE JAN 1     16.47                     14.27   2.20    15.81

SNOWFALL (IN)
  YESTERDAY        0.0          MM      MM   0.0    0.0      0.0
  MONTH TO DATE    0.0                       0.0    0.0      0.0
  SINCE JUN 1      0.0                       0.0    0.0      0.0
  SINCE JUL 1     49.0                      93.7  -44.7     61.8
  SNOW DEPTH       0

DEGREE DAYS
 HEATING
  YESTERDAY        0                         1     -1        0
  MONTH TO DATE   20                        59    -39       33
  SINCE JUN 1     20                        59    -39       33
  SINCE JUL 1   5491                      6553  -1062     5652

 COOLING
  YESTERDAY        8                         5      3        6
  MONTH TO DATE  117                        69     48       87
  SINCE JUN 1    117                        69     48       87
  SINCE JAN 1    139                        98     41      131
..................................................................


WIND (MPH)
  RESULTANT WIND SPEED   6   RESULTANT WIND DIRECTION   W (260)
  HIGHEST WIND SPEED    24   HIGHEST WIND DIRECTION     S (200)
  HIGHEST GUST SPEED    35   HIGHEST GUST DIRECTION     S (200)
  AVERAGE WIND SPEED     8.3


SKY COVER
  AVERAGE SKY COVER 0.7


WEATHER CONDITIONS
 THE FOLLOWING WEATHER WAS RECORDED YESTERDAY.
  THUNDERSTORM
  RAIN
  LIGHT RAIN
  FOG


RELATIVE HUMIDITY (PERCENT)
 HIGHEST    93           500 AM
 LOWEST     47           400 PM
 AVERAGE    70

..........................................................


THE MUSKEGON MI CLIMATE NORMALS FOR TODAY
                         NORMAL    RECORD    YEAR
 MAXIMUM TEMPERATURE (F)   78        94      1901
 MINIMUM TEMPERATURE (F)   59        40      1936


SUNRISE AND SUNSET
JUNE 24 2017..........SUNRISE   606 AM EDT   SUNSET   929 PM EDT
JUNE 25 2017..........SUNRISE   606 AM EDT   SUNSET   929 PM EDT


-  INDICATES NEGATIVE NUMBERS.
R  INDICATES RECORD WAS SET OR TIED.
MM INDICATES DATA IS MISSING.
T  INDICATES TRACE AMOUNT.




$$

63
