000
CDUS43 KGRR 270517
CLIMKG


CLIMATE REPORT
NATIONAL WEATHER SERVICE GRAND RAPIDS, MI
116 AM EDT MON MAR 27 2017


...................................

...THE MUSKEGON MI CLIMATE SUMMARY FOR MARCH 26 2017...

CLIMATE NORMAL PERIOD 1981 TO 2010
CLIMATE RECORD PERIOD 1896 TO 2017


WEATHER ITEM   OBSERVED TIME   RECORD YEAR NORMAL DEPARTURE LAST
                VALUE   (LST)  VALUE       VALUE  FROM      YEAR
                                                  NORMAL
..................................................................
TEMPERATURE (F)
 YESTERDAY
  MAXIMUM         52    542 PM  72    1989  47      5       55
                                      1976
  MINIMUM         41    821 AM   4    1996  30     11       25
  AVERAGE         47                        38      9       40

PRECIPITATION (IN)
  YESTERDAY        0.30          0.75 1970   0.08   0.22     0.00
  MONTH TO DATE    1.45                      1.86  -0.41     2.59
  SINCE MAR 1      1.45                      1.86  -0.41     2.59
  SINCE JAN 1      7.15                      5.72   1.43     6.80

SNOWFALL (IN)
  YESTERDAY        0.0           9.1  1970   0.2   -0.2      0.0
  MONTH TO DATE    4.5                       8.1   -3.6      4.9
  SINCE MAR 1      4.5                       8.1   -3.6      4.9
  SINCE JUL 1     49.0                      90.5  -41.5     59.4
  SNOW DEPTH       0

DEGREE DAYS
 HEATING
  YESTERDAY       18                        27     -9       25
  MONTH TO DATE  787                       804    -17      677
  SINCE MAR 1    787                       804    -17      677
  SINCE JUL 1   4652                      5536   -884     4697

 COOLING
  YESTERDAY        0                         0      0        0
  MONTH TO DATE    0                         0      0        0
  SINCE MAR 1      0                         0      0        0
  SINCE JAN 1      0                         0      0        0
..................................................................


WIND (MPH)
  RESULTANT WIND SPEED   8   RESULTANT WIND DIRECTION   E (110)
  HIGHEST WIND SPEED    20   HIGHEST WIND DIRECTION    NE (30)
  HIGHEST GUST SPEED    38   HIGHEST GUST DIRECTION     N (350)
  AVERAGE WIND SPEED     9.6


SKY COVER
  AVERAGE SKY COVER 1.0


WEATHER CONDITIONS
 THE FOLLOWING WEATHER WAS RECORDED YESTERDAY.
  HEAVY RAIN
  RAIN
  LIGHT RAIN
  FOG
  FOG W/VISIBILITY <= 1/4 MILE


RELATIVE HUMIDITY (PERCENT)
 HIGHEST    96           900 AM
 LOWEST     89           100 AM
 AVERAGE    93

..........................................................


THE MUSKEGON MI CLIMATE NORMALS FOR TODAY
                         NORMAL    RECORD    YEAR
 MAXIMUM TEMPERATURE (F)   48        77      1945
 MINIMUM TEMPERATURE (F)   30         2      1996


SUNRISE AND SUNSET
MARCH 27 2017.........SUNRISE   735 AM EDT   SUNSET   806 PM EDT
MARCH 28 2017.........SUNRISE   734 AM EDT   SUNSET   807 PM EDT


-  INDICATES NEGATIVE NUMBERS.
R  INDICATES RECORD WAS SET OR TIED.
MM INDICATES DATA IS MISSING.
T  INDICATES TRACE AMOUNT.




$$
