742
CDUS43 KGRR 242127
CLIMKG


CLIMATE REPORT
NATIONAL WEATHER SERVICE GRAND RAPIDS, MI
526 PM EDT MON JUL 24 2017


...................................

...THE MUSKEGON MI CLIMATE SUMMARY FOR JULY 24 2017...
VALID TODAY AS OF 0500 PM LOCAL TIME.

CLIMATE NORMAL PERIOD 1981 TO 2010
CLIMATE RECORD PERIOD 1896 TO 2017


WEATHER ITEM   OBSERVED TIME   RECORD YEAR NORMAL DEPARTURE LAST
                VALUE   (LST)  VALUE       VALUE  FROM      YEAR
                                                  NORMAL
..................................................................
TEMPERATURE (F)
 TODAY
  MAXIMUM         82    341 PM  93    1964  81      1       88
                                      1940
                                      1917
  MINIMUM         63    428 AM  43    1921  62      1       69
  AVERAGE         73                        71      2       79

PRECIPITATION (IN)
  TODAY            0.00          2.93 2016   0.08  -0.08     2.93
  MONTH TO DATE    1.54                      1.76  -0.22     4.18
  SINCE JUN 1      5.18                      4.31   0.87     6.52
  SINCE JAN 1     19.66                     16.58   3.08    20.45

SNOWFALL (IN)
  TODAY            0.0          MM      MM   0.0    0.0      0.0
  MONTH TO DATE    0.0                       0.0    0.0      0.0
  SINCE JUN 1      0.0                       0.0    0.0      0.0
  SINCE JUL 1      0.0                       0.0    0.0      0.0
  SNOW DEPTH       0

DEGREE DAYS
 HEATING
  TODAY            0                         0      0        0
  MONTH TO DATE    0                         4     -4        9
  SINCE JUN 1     34                        70    -36       47
  SINCE JUL 1      0                         4     -4        9

 COOLING
  TODAY            8                         7      1       14
  MONTH TO DATE  163                       159      4      178
  SINCE JUN 1    293                       264     29      295
  SINCE JAN 1    315                       293     22      339
..................................................................


WIND (MPH)
  RESULTANT WIND SPEED   8   RESULTANT WIND DIRECTION   N (20)
  HIGHEST WIND SPEED    18   HIGHEST WIND DIRECTION    NE (50)
  HIGHEST GUST SPEED    31   HIGHEST GUST DIRECTION    NE (30)
  AVERAGE WIND SPEED     9.1


SKY COVER
  AVERAGE SKY COVER 0.6


WEATHER CONDITIONS
 THE FOLLOWING WEATHER WAS RECORDED TODAY.
  NO SIGNIFICANT WEATHER WAS OBSERVED.


RELATIVE HUMIDITY (PERCENT)
 HIGHEST    93           200 AM
 LOWEST     42           200 PM
 AVERAGE    68

..........................................................


THE MUSKEGON MI CLIMATE NORMALS FOR TOMORROW
                         NORMAL    RECORD    YEAR
 MAXIMUM TEMPERATURE (F)   80        94      1940
 MINIMUM TEMPERATURE (F)   62        47      1920


SUNRISE AND SUNSET
JULY 24 2017..........SUNRISE   627 AM EDT   SUNSET   915 PM EDT
JULY 25 2017..........SUNRISE   628 AM EDT   SUNSET   914 PM EDT


-  INDICATES NEGATIVE NUMBERS.
R  INDICATES RECORD WAS SET OR TIED.
MM INDICATES DATA IS MISSING.
T  INDICATES TRACE AMOUNT.




$$
