000
CDUS43 KGRR 130521
CLIMKG


CLIMATE REPORT
NATIONAL WEATHER SERVICE GRAND RAPIDS, MI
121 AM EDT FRI OCT 13 2017


...................................

...THE MUSKEGON MI CLIMATE SUMMARY FOR OCTOBER 12 2017...

CLIMATE NORMAL PERIOD 1981 TO 2010
CLIMATE RECORD PERIOD 1896 TO 2017


WEATHER ITEM   OBSERVED TIME   RECORD YEAR NORMAL DEPARTURE LAST
                VALUE   (LST)  VALUE       VALUE  FROM      YEAR
                                                  NORMAL
..................................................................
TEMPERATURE (F)
 YESTERDAY
  MAXIMUM         60    237 PM  80    2008  60      0       69
                                      1943
  MINIMUM         50    724 AM  27    1993  44      6       49
  AVERAGE         55                        52      3       59

PRECIPITATION (IN)
  YESTERDAY        0.00          1.33 1985   0.10  -0.10     0.28
  MONTH TO DATE    2.01                      1.23   0.78     0.87
  SINCE SEP 1      2.83                      5.12  -2.29     6.79
  SINCE JAN 1     23.99                     25.70  -1.71    31.94

SNOWFALL (IN)
  YESTERDAY        0.0           T    2006   0.0    0.0      0.0
                                      1988
  MONTH TO DATE    0.0                       0.0    0.0      0.0
  SINCE SEP 1      0.0                       0.0    0.0      0.0
  SINCE JUL 1      0.0                       0.0    0.0      0.0
  SNOW DEPTH       0

DEGREE DAYS
 HEATING
  YESTERDAY       10                        13     -3        6
  MONTH TO DATE   57                       138    -81       65
  SINCE SEP 1    149                       281   -132       90
  SINCE JUL 1    162                       311   -149       99

 COOLING
  YESTERDAY        0                         0      0        0
  MONTH TO DATE    8                         2      6        3
  SINCE SEP 1    119                        56     63      104
  SINCE JAN 1    613                       563     50      768
..................................................................


WIND (MPH)
  RESULTANT WIND SPEED   7   RESULTANT WIND DIRECTION   E (100)
  HIGHEST WIND SPEED    14   HIGHEST WIND DIRECTION    SE (120)
  HIGHEST GUST SPEED    17   HIGHEST GUST DIRECTION     E (90)
  AVERAGE WIND SPEED     7.5


SKY COVER
  AVERAGE SKY COVER 1.0


WEATHER CONDITIONS
 THE FOLLOWING WEATHER WAS RECORDED YESTERDAY.
  NO SIGNIFICANT WEATHER WAS OBSERVED.


RELATIVE HUMIDITY (PERCENT)
 HIGHEST    86           900 PM
 LOWEST     72          1100 AM
 AVERAGE    79

..........................................................


THE MUSKEGON MI CLIMATE NORMALS FOR TODAY
                         NORMAL    RECORD    YEAR
 MAXIMUM TEMPERATURE (F)   60        76      1995
                                             1975
                                             1899
 MINIMUM TEMPERATURE (F)   43        25      1993


SUNRISE AND SUNSET
OCTOBER 13 2017.......SUNRISE   757 AM EDT   SUNSET   705 PM EDT
OCTOBER 14 2017.......SUNRISE   758 AM EDT   SUNSET   703 PM EDT


-  INDICATES NEGATIVE NUMBERS.
R  INDICATES RECORD WAS SET OR TIED.
MM INDICATES DATA IS MISSING.
T  INDICATES TRACE AMOUNT.




$$
