000
CDUS43 KGRR 220520
CLIMKG


CLIMATE REPORT
NATIONAL WEATHER SERVICE GRAND RAPIDS, MI
119 AM EDT MON MAY 22 2017


...................................

...THE MUSKEGON MI CLIMATE SUMMARY FOR MAY 21 2017...

CLIMATE NORMAL PERIOD 1981 TO 2010
CLIMATE RECORD PERIOD 1896 TO 2017


WEATHER ITEM   OBSERVED TIME   RECORD YEAR NORMAL DEPARTURE LAST
                VALUE   (LST)  VALUE       VALUE  FROM      YEAR
                                                  NORMAL
..................................................................
TEMPERATURE (F)
 YESTERDAY
  MAXIMUM         65   1250 PM  88    1977  68     -3       79
  MINIMUM         49   1159 PM  27    2002  48      1       50
  AVERAGE         57                        58     -1       65

PRECIPITATION (IN)
  YESTERDAY        0.35          2.30 2004   0.11   0.24     0.00
  MONTH TO DATE    1.34                      2.21  -0.87     2.02
  SINCE MAR 1      8.62                      7.37   1.25     9.36
  SINCE JAN 1     14.32                     11.23   3.09    13.57

SNOWFALL (IN)
  YESTERDAY        0.0           T    1963   0.0    0.0      0.0
  MONTH TO DATE    0.0                       0.0    0.0      0.0
  SINCE MAR 1      4.5                      11.3   -6.8      7.3
  SINCE JUL 1     49.0                      93.7  -44.7     61.8
  SNOW DEPTH       0

DEGREE DAYS
 HEATING
  YESTERDAY        8                         8      0        0
  MONTH TO DATE  240                       215     25      249
  SINCE MAR 1   1567                      1701   -134     1593
  SINCE JUL 1   5432                      6433  -1001     5613

 COOLING
  YESTERDAY        0                         1     -1        0
  MONTH TO DATE   17                        13      4        0
  SINCE MAR 1     22                        17      5        0
  SINCE JAN 1     22                        17      5        0
..................................................................


WIND (MPH)
  RESULTANT WIND SPEED   6   RESULTANT WIND DIRECTION  SW (210)
  HIGHEST WIND SPEED    20   HIGHEST WIND DIRECTION    SW (230)
  HIGHEST GUST SPEED    27   HIGHEST GUST DIRECTION    SW (230)
  AVERAGE WIND SPEED    11.8


SKY COVER
  AVERAGE SKY COVER 0.8


WEATHER CONDITIONS
 THE FOLLOWING WEATHER WAS RECORDED YESTERDAY.
  HEAVY RAIN
  RAIN
  LIGHT RAIN
  FOG


RELATIVE HUMIDITY (PERCENT)
 HIGHEST    93           400 AM
 LOWEST     56           400 PM
 AVERAGE    75

..........................................................


THE MUSKEGON MI CLIMATE NORMALS FOR TODAY
                         NORMAL    RECORD    YEAR
 MAXIMUM TEMPERATURE (F)   69        88      1977
 MINIMUM TEMPERATURE (F)   49        34      1979
                                             1971


SUNRISE AND SUNSET
MAY 22 2017...........SUNRISE   614 AM EDT   SUNSET   909 PM EDT
MAY 23 2017...........SUNRISE   614 AM EDT   SUNSET   910 PM EDT


-  INDICATES NEGATIVE NUMBERS.
R  INDICATES RECORD WAS SET OR TIED.
MM INDICATES DATA IS MISSING.
T  INDICATES TRACE AMOUNT.




$$
