000
CDUS43 KGRR 040520
CLIMKG


CLIMATE REPORT
NATIONAL WEATHER SERVICE GRAND RAPIDS, MI
118 AM EDT SAT JUL 4 2015


...................................

...THE MUSKEGON MI CLIMATE SUMMARY FOR JULY 3 2015...

CLIMATE NORMAL PERIOD 1981 TO 2010
CLIMATE RECORD PERIOD 1896 TO 2015


WEATHER ITEM   OBSERVED TIME   RECORD YEAR NORMAL DEPARTURE LAST
                VALUE   (LST)  VALUE       VALUE  FROM      YEAR
                                                  NORMAL
..................................................................
TEMPERATURE (F)
 YESTERDAY
  MAXIMUM         76    112 PM  95    1949  80     -4       71
                                      1911
  MINIMUM         50    521 AM  42    1907  61    -11       58
  AVERAGE         63                        70     -7       65

PRECIPITATION (IN)
  YESTERDAY        0.00          2.50 1902   0.07  -0.07      T
  MONTH TO DATE    0.00                      0.22  -0.22     0.13
  SINCE JUN 1      3.30                      2.77   0.53     7.15
  SINCE JAN 1     15.73                     15.04   0.69    20.45

SNOWFALL (IN)
  YESTERDAY        0.0          MM      MM   0.0    0.0      0.0
  MONTH TO DATE    0.0                       0.0    0.0      0.0
  SINCE JUN 1      0.0                       0.0    0.0      0.0
  SINCE JUL 1      0.0                       0.0    0.0      0.0
  SNOW DEPTH       0

DEGREE DAYS
 HEATING
  YESTERDAY        2                         1      1        0
  MONTH TO DATE    9                         3      6        0
  SINCE JUN 1     42                        69    -27       31
  SINCE JUL 1      9                         3      6        0

 COOLING
  YESTERDAY        0                         6     -6        0
  MONTH TO DATE    0                        18    -18        5
  SINCE JUN 1     63                       123    -60      140
  SINCE JAN 1    102                       152    -50      157
..................................................................


WIND (MPH)
  RESULTANT WIND SPEED   2   RESULTANT WIND DIRECTION   W (270)
  HIGHEST WIND SPEED    13   HIGHEST WIND DIRECTION     W (250)
  HIGHEST GUST SPEED    15   HIGHEST GUST DIRECTION     W (250)
  AVERAGE WIND SPEED     3.8


SKY COVER
  AVERAGE SKY COVER 0.4


WEATHER CONDITIONS
 THE FOLLOWING WEATHER WAS RECORDED YESTERDAY.
  FOG
  HAZE


RELATIVE HUMIDITY (PERCENT)
 HIGHEST    89           200 AM
 LOWEST     41           300 PM
 AVERAGE    65

..........................................................


THE MUSKEGON MI CLIMATE NORMALS FOR TODAY
                         NORMAL    RECORD    YEAR
 MAXIMUM TEMPERATURE (F)   80        97      1911
 MINIMUM TEMPERATURE (F)   61        46      1963


SUNRISE AND SUNSET
JULY  4 2015..........SUNRISE   611 AM EDT   SUNSET   928 PM EDT
JULY  5 2015..........SUNRISE   611 AM EDT   SUNSET   928 PM EDT


-  INDICATES NEGATIVE NUMBERS.
R  INDICATES RECORD WAS SET OR TIED.
MM INDICATES DATA IS MISSING.
T  INDICATES TRACE AMOUNT.




$$
