000
CDUS43 KGRR 160545
CLIMKG


CLIMATE REPORT
NATIONAL WEATHER SERVICE GRAND RAPIDS, MI
1244 AM EST TUE JAN 16 2018


...................................

...THE MUSKEGON MI CLIMATE SUMMARY FOR JANUARY 15 2018...

CLIMATE NORMAL PERIOD 1981 TO 2010
CLIMATE RECORD PERIOD 1896 TO 2018


WEATHER ITEM   OBSERVED TIME   RECORD YEAR NORMAL DEPARTURE LAST
                VALUE   (LST)  VALUE       VALUE  FROM      YEAR
                                                  NORMAL
..................................................................
TEMPERATURE (F)
 YESTERDAY
  MAXIMUM         20    633 PM  57    1949  31    -11       36
  MINIMUM         14   1159 PM -12    1972  20     -6       12
  AVERAGE         17                        25     -8       24

PRECIPITATION (IN)
  YESTERDAY        0.12          0.71 1960   0.07   0.05     0.00
  MONTH TO DATE    2.13                      1.05   1.08     1.04
  SINCE DEC 1      4.90                      3.60   1.30     3.26
  SINCE JAN 1      2.13                      1.05   1.08     1.04

SNOWFALL (IN)
  YESTERDAY        1.4           6.7  1979   0.9    0.5      0.0
  MONTH TO DATE   17.2                      13.5    3.7     11.8
  SINCE DEC 1     68.9                      42.4   26.5     34.8
  SINCE JUL 1     68.9                      48.6   20.3     35.8
  SNOW DEPTH       4

DEGREE DAYS
 HEATING
  YESTERDAY       48                        40      8       41
  MONTH TO DATE  640                       587     53      603
  SINCE DEC 1   1834                      1666    168     1663
  SINCE JUL 1   2993                      3033    -40     2568

 COOLING
  YESTERDAY        0                         0      0        0
  MONTH TO DATE    0                         0      0        0
  SINCE DEC 1      0                         0      0        0
  SINCE JAN 1      0                         0      0        0
..................................................................


WIND (MPH)
  RESULTANT WIND SPEED   9   RESULTANT WIND DIRECTION   E (110)
  HIGHEST WIND SPEED    18   HIGHEST WIND DIRECTION    SE (120)
  HIGHEST GUST SPEED    24   HIGHEST GUST DIRECTION    SE (140)
  AVERAGE WIND SPEED    10.1


SKY COVER
  AVERAGE SKY COVER 1.0


WEATHER CONDITIONS
 THE FOLLOWING WEATHER WAS RECORDED YESTERDAY.
  LIGHT SNOW
  HAZE


RELATIVE HUMIDITY (PERCENT)
 HIGHEST    80           100 AM
 LOWEST     73          1200 AM
 AVERAGE    77

..........................................................


THE MUSKEGON MI CLIMATE NORMALS FOR TODAY
                         NORMAL    RECORD    YEAR
 MAXIMUM TEMPERATURE (F)   31        52      1990
 MINIMUM TEMPERATURE (F)   20       -11      1972


SUNRISE AND SUNSET
JANUARY 16 2018.......SUNRISE   813 AM EST   SUNSET   537 PM EST
JANUARY 17 2018.......SUNRISE   813 AM EST   SUNSET   538 PM EST


-  INDICATES NEGATIVE NUMBERS.
R  INDICATES RECORD WAS SET OR TIED.
MM INDICATES DATA IS MISSING.
T  INDICATES TRACE AMOUNT.




$$
