000
CDUS43 KGRR 022127
CLIMKG


CLIMATE REPORT
NATIONAL WEATHER SERVICE GRAND RAPIDS, MI
527 PM EDT TUE SEP 2 2014


...................................

...THE MUSKEGON MI CLIMATE SUMMARY FOR SEPTEMBER 2 2014...
VALID TODAY AS OF 0500 PM LOCAL TIME.

CLIMATE NORMAL PERIOD 1981 TO 2010
CLIMATE RECORD PERIOD 1896 TO 2014


WEATHER ITEM   OBSERVED TIME   RECORD YEAR NORMAL DEPARTURE LAST
                VALUE   (LST)  VALUE       VALUE  FROM      YEAR
                                                  NORMAL
..................................................................
TEMPERATURE (F)
 TODAY
  MAXIMUM         78    306 PM  94    1913  76      2       72
  MINIMUM         65    547 AM  33    1909  58      7       61
  AVERAGE         72                        67      5       67

PRECIPITATION (IN)
  TODAY            0.00          3.34 2010   0.12  -0.12     0.00
  MONTH TO DATE    0.05                      0.24  -0.19     0.00
  SINCE SEP 1      0.05                      0.24  -0.19     0.00
  SINCE JAN 1     26.66                     20.82   5.84    31.25

SNOWFALL (IN)
  TODAY            0.0          MM      MM   0.0    0.0      0.0
  MONTH TO DATE    0.0                       0.0    0.0      0.0
  SINCE SEP 1      0.0                       0.0    0.0      0.0
  SINCE JUL 1      0.0                       0.0    0.0      0.0
  SNOW DEPTH       0

DEGREE DAYS
 HEATING
  TODAY            0                         2     -2        0
  MONTH TO DATE    0                         4     -4        0
  SINCE SEP 1      0                         4     -4        0
  SINCE JUL 1     49                        34     15       35

 COOLING
  TODAY            7                         4      3        2
  MONTH TO DATE   17                         8      9        9
  SINCE SEP 1     17                         8      9        9
  SINCE JAN 1    413                       515   -102      548
..................................................................


WIND (MPH)
  RESULTANT WIND SPEED   5   RESULTANT WIND DIRECTION   W (290)
  HIGHEST WIND SPEED    12   HIGHEST WIND DIRECTION     W (260)
  HIGHEST GUST SPEED    15   HIGHEST GUST DIRECTION     W (250)
  AVERAGE WIND SPEED     6.2


SKY COVER
  AVERAGE SKY COVER 0.3


WEATHER CONDITIONS
 THE FOLLOWING WEATHER WAS RECORDED TODAY.
  NO SIGNIFICANT WEATHER WAS OBSERVED.


RELATIVE HUMIDITY (PERCENT)
 HIGHEST    87           500 AM
 LOWEST     47          1100 AM
 AVERAGE    67

..........................................................


THE MUSKEGON MI CLIMATE NORMALS FOR TOMORROW
                         NORMAL    RECORD    YEAR
 MAXIMUM TEMPERATURE (F)   76        94      1953
 MINIMUM TEMPERATURE (F)   57        34      1946


SUNRISE AND SUNSET
SEPTEMBER  2 2014.....SUNRISE   710 AM EDT   SUNSET   818 PM EDT
SEPTEMBER  3 2014.....SUNRISE   711 AM EDT   SUNSET   816 PM EDT


-  INDICATES NEGATIVE NUMBERS.
R  INDICATES RECORD WAS SET OR TIED.
MM INDICATES DATA IS MISSING.
T  INDICATES TRACE AMOUNT.




$$
