000
CDUS43 KGRR 300546
CLIMKG


CLIMATE REPORT
NATIONAL WEATHER SERVICE GRAND RAPIDS, MI
145 AM EDT THU OCT 30 2014


...................................

...THE MUSKEGON MI CLIMATE SUMMARY FOR OCTOBER 29 2014...

CLIMATE NORMAL PERIOD 1981 TO 2010
CLIMATE RECORD PERIOD 1896 TO 2014


WEATHER ITEM   OBSERVED TIME   RECORD YEAR NORMAL DEPARTURE LAST
                VALUE   (LST)  VALUE       VALUE  FROM      YEAR
                                                  NORMAL
..................................................................
TEMPERATURE (F)
 YESTERDAY
  MAXIMUM         51    110 AM  74    1896  54     -3       49
  MINIMUM         44   1159 PM  19    1905  39      5       34
  AVERAGE         48                        46      2       42

PRECIPITATION (IN)
  YESTERDAY        0.01          1.25 1900   0.10  -0.09      T
  MONTH TO DATE    2.70                      2.90  -0.20     3.33
  SINCE SEP 1      5.90                      6.79  -0.89     5.28
  SINCE JAN 1     32.51                     27.37   5.14    36.53

SNOWFALL (IN)
  YESTERDAY       MM             4.0  1910   0.1   MM        0.0
  MONTH TO DATE    0.0                       0.2   -0.2       T
  SINCE SEP 1      0.0                       0.2   -0.2       T
  SINCE JUL 1      0.0                       0.2   -0.2       T
  SNOW DEPTH       0

DEGREE DAYS
 HEATING
  YESTERDAY       17                        19     -2       23
  MONTH TO DATE  377                       412    -35      342
  SINCE SEP 1    532                       555    -23      449
  SINCE JUL 1    581                       585     -4      484

 COOLING
  YESTERDAY        0                         0      0        0
  MONTH TO DATE    0                         2     -2       10
  SINCE SEP 1     46                        56    -10       87
  SINCE JAN 1    442                       563   -121      626
..................................................................


WIND (MPH)
  RESULTANT WIND SPEED  10   RESULTANT WIND DIRECTION  NW (300)
  HIGHEST WIND SPEED    24   HIGHEST WIND DIRECTION     W (290)
  HIGHEST GUST SPEED    33   HIGHEST GUST DIRECTION     W (290)
  AVERAGE WIND SPEED    10.4


SKY COVER
  AVERAGE SKY COVER 0.0


WEATHER CONDITIONS
 THE FOLLOWING WEATHER WAS RECORDED YESTERDAY.
  NO SIGNIFICANT WEATHER WAS OBSERVED.


RELATIVE HUMIDITY (PERCENT)
 HIGHEST     0          1200 AM
 LOWEST      0          1200 AM
 AVERAGE     0

..........................................................


THE MUSKEGON MI CLIMATE NORMALS FOR TODAY
                         NORMAL    RECORD    YEAR
 MAXIMUM TEMPERATURE (F)   54        75      1971
 MINIMUM TEMPERATURE (F)   39        21      1980


SUNRISE AND SUNSET
OCTOBER 30 2014.......SUNRISE   817 AM EDT   SUNSET   639 PM EDT
OCTOBER 31 2014.......SUNRISE   818 AM EDT   SUNSET   638 PM EDT


-  INDICATES NEGATIVE NUMBERS.
R  INDICATES RECORD WAS SET OR TIED.
MM INDICATES DATA IS MISSING.
T  INDICATES TRACE AMOUNT.




$$
