000
CDUS43 KGRR 030514
CLIMKG


CLIMATE REPORT
NATIONAL WEATHER SERVICE GRAND RAPIDS, MI
113 AM EDT THU SEP 3 2015


...................................

...THE MUSKEGON MI CLIMATE SUMMARY FOR SEPTEMBER 2 2015...

CLIMATE NORMAL PERIOD 1981 TO 2010
CLIMATE RECORD PERIOD 1896 TO 2015


WEATHER ITEM   OBSERVED TIME   RECORD YEAR NORMAL DEPARTURE LAST
                VALUE   (LST)  VALUE       VALUE  FROM      YEAR
                                                  NORMAL
..................................................................
TEMPERATURE (F)
 YESTERDAY
  MAXIMUM         83    110 PM  94    1913  76      7       78
  MINIMUM         73   1142 PM  33    1909  58     15       63
  AVERAGE         78                        67     11       71

PRECIPITATION (IN)
  YESTERDAY        0.00          3.34 2010   0.12  -0.12     0.00
  MONTH TO DATE    0.00                      0.24  -0.24     0.05
  SINCE SEP 1      0.00                      0.24  -0.24     0.05
  SINCE JAN 1     23.13                     20.82   2.31    26.66

SNOWFALL (IN)
  YESTERDAY        0.0          MM      MM   0.0    0.0      0.0
  MONTH TO DATE    0.0                       0.0    0.0      0.0
  SINCE SEP 1      0.0                       0.0    0.0      0.0
  SINCE JUL 1      0.0                       0.0    0.0      0.0
  SNOW DEPTH       0

DEGREE DAYS
 HEATING
  YESTERDAY        0                         2     -2        0
  MONTH TO DATE    0                         4     -4        0
  SINCE SEP 1      0                         4     -4        0
  SINCE JUL 1     32                        34     -2       49

 COOLING
  YESTERDAY       13                         4      9        6
  MONTH TO DATE   22                         8     14       16
  SINCE SEP 1     22                         8     14       16
  SINCE JAN 1    476                       515    -39      412
..................................................................


WIND (MPH)
  RESULTANT WIND SPEED   7   RESULTANT WIND DIRECTION  SW (220)
  HIGHEST WIND SPEED    16   HIGHEST WIND DIRECTION    SW (210)
  HIGHEST GUST SPEED    22   HIGHEST GUST DIRECTION    SW (210)
  AVERAGE WIND SPEED     7.4


SKY COVER
  AVERAGE SKY COVER 0.5


WEATHER CONDITIONS
 THE FOLLOWING WEATHER WAS RECORDED YESTERDAY.
  FOG
  HAZE


RELATIVE HUMIDITY (PERCENT)
 HIGHEST    87           200 AM
 LOWEST     65           100 PM
 AVERAGE    76

..........................................................


THE MUSKEGON MI CLIMATE NORMALS FOR TODAY
                         NORMAL    RECORD    YEAR
 MAXIMUM TEMPERATURE (F)   76        94      1953
 MINIMUM TEMPERATURE (F)   57        34      1946


SUNRISE AND SUNSET
SEPTEMBER  3 2015.....SUNRISE   711 AM EDT   SUNSET   817 PM EDT
SEPTEMBER  4 2015.....SUNRISE   712 AM EDT   SUNSET   815 PM EDT


-  INDICATES NEGATIVE NUMBERS.
R  INDICATES RECORD WAS SET OR TIED.
MM INDICATES DATA IS MISSING.
T  INDICATES TRACE AMOUNT.




$$
