000
CDUS43 KGRR 170553
CLIMKG


CLIMATE REPORT
NATIONAL WEATHER SERVICE GRAND RAPIDS, MI
1252 AM EST TUE JAN 17 2017


...................................

...THE MUSKEGON MI CLIMATE SUMMARY FOR JANUARY 16 2017...

CLIMATE NORMAL PERIOD 1981 TO 2010
CLIMATE RECORD PERIOD 1896 TO 2017


WEATHER ITEM   OBSERVED TIME   RECORD YEAR NORMAL DEPARTURE LAST
                VALUE   (LST)  VALUE       VALUE  FROM      YEAR
                                                  NORMAL
..................................................................
TEMPERATURE (F)
 YESTERDAY
  MAXIMUM         36   1159 PM  52    1990  31      5       32
  MINIMUM         20    320 AM -11    1972  20      0       16
  AVERAGE         28                        25      3       24

PRECIPITATION (IN)
  YESTERDAY        0.29          0.86 1980   0.07   0.22     0.01
  MONTH TO DATE    1.33                      1.12   0.21     1.64
  SINCE DEC 1      3.55                      3.67  -0.12     6.54
  SINCE JAN 1      1.33                      1.12   0.21     1.64

SNOWFALL (IN)
  YESTERDAY        T             8.0  1924   0.9   -0.9      0.2
  MONTH TO DATE   11.8                      14.4   -2.6     21.3
  SINCE DEC 1     32.2                      43.3  -11.1     26.2
  SINCE JUL 1     33.2                      49.5  -16.3     30.1
  SNOW DEPTH       0

DEGREE DAYS
 HEATING
  YESTERDAY       37                        40     -3       41
  MONTH TO DATE  640                       627     13      590
  SINCE DEC 1   1700                      1706     -6     1363
  SINCE JUL 1   2605                      3073   -468     2430

 COOLING
  YESTERDAY        0                         0      0        0
  MONTH TO DATE    0                         0      0        0
  SINCE DEC 1      0                         0      0        0
  SINCE JAN 1      0                         0      0        0
..................................................................


WIND (MPH)
  RESULTANT WIND SPEED   6   RESULTANT WIND DIRECTION   E (100)
  HIGHEST WIND SPEED    15   HIGHEST WIND DIRECTION     E (100)
  HIGHEST GUST SPEED    20   HIGHEST GUST DIRECTION     E (110)
  AVERAGE WIND SPEED     6.4


SKY COVER
  AVERAGE SKY COVER 0.8


WEATHER CONDITIONS
 THE FOLLOWING WEATHER WAS RECORDED YESTERDAY.
  LIGHT RAIN
  LT FREEZING RAIN
  LIGHT SNOW
  FOG
  HAZE


RELATIVE HUMIDITY (PERCENT)
 HIGHEST   100           900 PM
 LOWEST     78          1200 PM
 AVERAGE    89

..........................................................


THE MUSKEGON MI CLIMATE NORMALS FOR TODAY
                         NORMAL    RECORD    YEAR
 MAXIMUM TEMPERATURE (F)   31        52      1990
 MINIMUM TEMPERATURE (F)   20        -9      1982


SUNRISE AND SUNSET
JANUARY 17 2017.......SUNRISE   813 AM EST   SUNSET   538 PM EST
JANUARY 18 2017.......SUNRISE   812 AM EST   SUNSET   539 PM EST


-  INDICATES NEGATIVE NUMBERS.
R  INDICATES RECORD WAS SET OR TIED.
MM INDICATES DATA IS MISSING.
T  INDICATES TRACE AMOUNT.




$$
