000
CDUS43 KGRR 210519
CLIMKG


CLIMATE REPORT
NATIONAL WEATHER SERVICE GRAND RAPIDS, MI
119 AM EDT SAT MAY 21 2016


...................................

...THE MUSKEGON MI CLIMATE SUMMARY FOR MAY 20 2016...

CLIMATE NORMAL PERIOD 1981 TO 2010
CLIMATE RECORD PERIOD 1896 TO 2016


WEATHER ITEM   OBSERVED TIME   RECORD YEAR NORMAL DEPARTURE LAST
                VALUE   (LST)  VALUE       VALUE  FROM      YEAR
                                                  NORMAL
..................................................................
TEMPERATURE (F)
 YESTERDAY
  MAXIMUM         75    105 PM  90    2012  68      7       54
  MINIMUM         41    336 AM  30    1924  48     -7       35
                                      1906
  AVERAGE         58                        58      0       45

PRECIPITATION (IN)
  YESTERDAY        0.00          1.47 1996   0.12  -0.12     0.00
  MONTH TO DATE    2.02                      2.10  -0.08     2.28
  SINCE MAR 1      9.36                      7.26   2.10     8.13
  SINCE JAN 1     13.57                     11.12   2.45    11.42

SNOWFALL (IN)
  YESTERDAY        0.0           0.0    MM   0.0    0.0      0.0
  MONTH TO DATE    0.0                       0.0    0.0      0.0
  SINCE MAR 1      7.3                      11.3   -4.0      4.0
  SINCE JUL 1     61.8                      93.7  -31.9     92.1
  SNOW DEPTH       0

DEGREE DAYS
 HEATING
  YESTERDAY        7                         8     -1       20
  MONTH TO DATE  249                       207     42      148
  SINCE MAR 1   1593                      1693   -100     1690
  SINCE JUL 1   5613                      6425   -812     6815

 COOLING
  YESTERDAY        0                         1     -1        0
  MONTH TO DATE    0                        12    -12       22
  SINCE MAR 1      0                        16    -16       22
  SINCE JAN 1      0                        16    -16       22
..................................................................


WIND (MPH)
  RESULTANT WIND SPEED   3   RESULTANT WIND DIRECTION  NW (320)
  HIGHEST WIND SPEED    13   HIGHEST WIND DIRECTION     W (280)
  HIGHEST GUST SPEED    16   HIGHEST GUST DIRECTION    NW (330)
  AVERAGE WIND SPEED     4.4


SKY COVER
  AVERAGE SKY COVER 0.6


WEATHER CONDITIONS
 THE FOLLOWING WEATHER WAS RECORDED YESTERDAY.
  NO SIGNIFICANT WEATHER WAS OBSERVED.


RELATIVE HUMIDITY (PERCENT)
 HIGHEST    76           200 AM
 LOWEST     31          1200 PM
 AVERAGE    54

..........................................................


THE MUSKEGON MI CLIMATE NORMALS FOR TODAY
                         NORMAL    RECORD    YEAR
 MAXIMUM TEMPERATURE (F)   68        88      1977
 MINIMUM TEMPERATURE (F)   48        27      2002


SUNRISE AND SUNSET
MAY 21 2016...........SUNRISE   615 AM EDT   SUNSET   909 PM EDT
MAY 22 2016...........SUNRISE   614 AM EDT   SUNSET   910 PM EDT


-  INDICATES NEGATIVE NUMBERS.
R  INDICATES RECORD WAS SET OR TIED.
MM INDICATES DATA IS MISSING.
T  INDICATES TRACE AMOUNT.




$$
