000
CDUS43 KGRR 140526
CLIMKG


CLIMATE REPORT
NATIONAL WEATHER SERVICE GRAND RAPIDS, MI
126 AM EDT THU SEP 14 2017


...................................

...THE MUSKEGON MI CLIMATE SUMMARY FOR SEPTEMBER 13 2017...

CLIMATE NORMAL PERIOD 1981 TO 2010
CLIMATE RECORD PERIOD 1896 TO 2017


WEATHER ITEM   OBSERVED TIME   RECORD YEAR NORMAL DEPARTURE LAST
                VALUE   (LST)  VALUE       VALUE  FROM      YEAR
                                                  NORMAL
..................................................................
TEMPERATURE (F)
 YESTERDAY
  MAXIMUM         81    147 PM  92    1952  73      8       77
  MINIMUM         49    642 AM  36    1946  54     -5       62
  AVERAGE         65                        63      2       70

PRECIPITATION (IN)
  YESTERDAY        T             2.24 1962   0.13  -0.13     0.03
  MONTH TO DATE    0.79                      1.62  -0.83     4.52
  SINCE SEP 1      0.79                      1.62  -0.83     4.52
  SINCE JAN 1     21.95                     22.20  -0.25    29.67

SNOWFALL (IN)
  YESTERDAY       MM            MM      MM   0.0   MM        0.0
  MONTH TO DATE    0.0                       0.0    0.0      0.0
  SINCE SEP 1      0.0                       0.0    0.0      0.0
  SINCE JUL 1      0.0                       0.0    0.0      0.0
  SNOW DEPTH       0

DEGREE DAYS
 HEATING
  YESTERDAY        0                         4     -4        0
  MONTH TO DATE   68                        33     35        4
  SINCE SEP 1     68                        33     35        4
  SINCE JUL 1     81                        63     18       13

 COOLING
  YESTERDAY        0                         2     -2        5
  MONTH TO DATE    2                        37    -35       66
  SINCE SEP 1      2                        37    -35       66
  SINCE JAN 1    496                       544    -48      730
..................................................................


WIND (MPH)
  RESULTANT WIND SPEED   1   RESULTANT WIND DIRECTION   S (180)
  HIGHEST WIND SPEED    12   HIGHEST WIND DIRECTION    SW (220)
  HIGHEST GUST SPEED    15   HIGHEST GUST DIRECTION    SE (130)
  AVERAGE WIND SPEED     3.3


SKY COVER
  AVERAGE SKY COVER 0.6


WEATHER CONDITIONS
 THE FOLLOWING WEATHER WAS RECORDED YESTERDAY.
  FOG
  FOG W/VISIBILITY <= 1/4 MILE


RELATIVE HUMIDITY (PERCENT)
 HIGHEST   100           200 AM
 LOWEST     42           100 PM
 AVERAGE    71

..........................................................


THE MUSKEGON MI CLIMATE NORMALS FOR TODAY
                         NORMAL    RECORD    YEAR
 MAXIMUM TEMPERATURE (F)   72        87      1897
 MINIMUM TEMPERATURE (F)   53        34      1919


SUNRISE AND SUNSET
SEPTEMBER 14 2017.....SUNRISE   724 AM EDT   SUNSET   756 PM EDT
SEPTEMBER 15 2017.....SUNRISE   725 AM EDT   SUNSET   754 PM EDT


-  INDICATES NEGATIVE NUMBERS.
R  INDICATES RECORD WAS SET OR TIED.
MM INDICATES DATA IS MISSING.
T  INDICATES TRACE AMOUNT.




$$
