000
CDUS43 KGRR 182129
CLIMKG


CLIMATE REPORT
NATIONAL WEATHER SERVICE GRAND RAPIDS, MI
529 PM EDT TUE APR 18 2017


...................................

...THE MUSKEGON MI CLIMATE SUMMARY FOR APRIL 18 2017...
VALID TODAY AS OF 0500 PM LOCAL TIME.

CLIMATE NORMAL PERIOD 1981 TO 2010
CLIMATE RECORD PERIOD 1896 TO 2017


WEATHER ITEM   OBSERVED TIME   RECORD YEAR NORMAL DEPARTURE LAST
                VALUE   (LST)  VALUE       VALUE  FROM      YEAR
                                                  NORMAL
..................................................................
TEMPERATURE (F)
 TODAY
  MAXIMUM         71    359 PM  84    2002  57     14       76
  MINIMUM         43    629 AM  20    1907  38      5       34
  AVERAGE         57                        48      9       55

PRECIPITATION (IN)
  TODAY            0.00          2.02 2013   0.10  -0.10     0.00
  MONTH TO DATE    2.13                      1.75   0.38     1.08
  SINCE MAR 1      4.74                      4.00   0.74     6.02
  SINCE JAN 1     10.44                      7.86   2.58    10.23

SNOWFALL (IN)
  TODAY            0.0           3.0  1912   0.0    0.0      0.0
  MONTH TO DATE    0.0                       2.1   -2.1      2.4
  SINCE MAR 1      4.5                      11.1   -6.6      7.3
  SINCE JUL 1     49.0                      93.5  -44.5     61.8
  SNOW DEPTH       0

DEGREE DAYS
 HEATING
  TODAY            8                        17     -9       10
  MONTH TO DATE  282                       374    -92      417
  SINCE MAR 1   1186                      1304   -118     1192
  SINCE JUL 1   5051                      6036   -985     5212

 COOLING
  TODAY            0                         0      0        0
  MONTH TO DATE    0                         0      0        0
  SINCE MAR 1      0                         0      0        0
  SINCE JAN 1      0                         0      0        0
..................................................................


WIND (MPH)
  RESULTANT WIND SPEED   9   RESULTANT WIND DIRECTION  SE (120)
  HIGHEST WIND SPEED    18   HIGHEST WIND DIRECTION    SE (140)
  HIGHEST GUST SPEED    23   HIGHEST GUST DIRECTION     E (110)
  AVERAGE WIND SPEED    11.5


SKY COVER
  AVERAGE SKY COVER 0.6


WEATHER CONDITIONS
 THE FOLLOWING WEATHER WAS RECORDED TODAY.
  NO SIGNIFICANT WEATHER WAS OBSERVED.


RELATIVE HUMIDITY (PERCENT)
 HIGHEST    89           500 AM
 LOWEST     29           400 PM
 AVERAGE    59

..........................................................


THE MUSKEGON MI CLIMATE NORMALS FOR TOMORROW
                         NORMAL    RECORD    YEAR
 MAXIMUM TEMPERATURE (F)   58        79      1957
 MINIMUM TEMPERATURE (F)   39        20      1983


SUNRISE AND SUNSET
APRIL 18 2017.........SUNRISE   658 AM EDT   SUNSET   832 PM EDT
APRIL 19 2017.........SUNRISE   656 AM EDT   SUNSET   833 PM EDT


-  INDICATES NEGATIVE NUMBERS.
R  INDICATES RECORD WAS SET OR TIED.
MM INDICATES DATA IS MISSING.
T  INDICATES TRACE AMOUNT.




$$
