000
CDUS43 KGRR 220518
CLIMKG


CLIMATE REPORT
NATIONAL WEATHER SERVICE GRAND RAPIDS, MI
1218 AM EST THU JAN 22 2015


...................................

...THE MUSKEGON MI CLIMATE SUMMARY FOR JANUARY 21 2015...

CLIMATE NORMAL PERIOD 1981 TO 2010
CLIMATE RECORD PERIOD 1896 TO 2015


WEATHER ITEM   OBSERVED TIME   RECORD YEAR NORMAL DEPARTURE LAST
                VALUE   (LST)  VALUE       VALUE  FROM      YEAR
                                                  NORMAL
..................................................................
TEMPERATURE (F)
 YESTERDAY
  MAXIMUM         30    513 PM  49    1997  30      0       15
  MINIMUM         26   1047 AM  -5    1924  20      6        6
  AVERAGE         28                        25      3       11

PRECIPITATION (IN)
  YESTERDAY        0.06          0.73 1958   0.06   0.00      T
  MONTH TO DATE    1.71                      1.43   0.28     2.28
  SINCE DEC 1      3.43                      3.98  -0.55     4.98
  SINCE JAN 1      1.71                      1.43   0.28     2.28

SNOWFALL (IN)
  YESTERDAY        1.1           7.9  1959   0.9    0.2       T
  MONTH TO DATE   32.2                      18.9   13.3     19.1
  SINCE DEC 1     33.6                      47.8  -14.2     58.3
  SINCE JUL 1     58.1                      54.0    4.1     67.2
  SNOW DEPTH       4

DEGREE DAYS
 HEATING
  YESTERDAY       37                        40     -3       54
  MONTH TO DATE  893                       827     66      892
  SINCE DEC 1   1885                      1906    -21     2085
  SINCE JUL 1   3368                      3273     95     3356

 COOLING
  YESTERDAY        0                         0      0        0
  MONTH TO DATE    0                         0      0        0
  SINCE DEC 1      0                         0      0        0
  SINCE JAN 1      0                         0      0        0
..................................................................


WIND (MPH)
  RESULTANT WIND SPEED   6   RESULTANT WIND DIRECTION  NE (50)
  HIGHEST WIND SPEED    10   HIGHEST WIND DIRECTION    NE (60)
  HIGHEST GUST SPEED    13   HIGHEST GUST DIRECTION     E (70)
  AVERAGE WIND SPEED     6.0


SKY COVER
  AVERAGE SKY COVER 1.0


WEATHER CONDITIONS
 THE FOLLOWING WEATHER WAS RECORDED YESTERDAY.
  LIGHT SNOW
  FOG
  HAZE


RELATIVE HUMIDITY (PERCENT)
 HIGHEST    84           600 AM
 LOWEST     69           400 PM
 AVERAGE    77

..........................................................


THE MUSKEGON MI CLIMATE NORMALS FOR TODAY
                         NORMAL    RECORD    YEAR
 MAXIMUM TEMPERATURE (F)   30        52      1964
                                             1933
 MINIMUM TEMPERATURE (F)   20        -2      1920


SUNRISE AND SUNSET
JANUARY 22 2015.......SUNRISE   810 AM EST   SUNSET   544 PM EST
JANUARY 23 2015.......SUNRISE   809 AM EST   SUNSET   545 PM EST


-  INDICATES NEGATIVE NUMBERS.
R  INDICATES RECORD WAS SET OR TIED.
MM INDICATES DATA IS MISSING.
T  INDICATES TRACE AMOUNT.




$$
