000
CDUS43 KGRR 162139
CLIMKG


CLIMATE REPORT
NATIONAL WEATHER SERVICE GRAND RAPIDS, MI
538 PM EDT TUE AUG 16 2016


...................................

...THE MUSKEGON MI CLIMATE SUMMARY FOR AUGUST 16 2016...
VALID TODAY AS OF 0500 PM LOCAL TIME.

CLIMATE NORMAL PERIOD 1981 TO 2010
CLIMATE RECORD PERIOD 1896 TO 2016


WEATHER ITEM   OBSERVED TIME   RECORD YEAR NORMAL DEPARTURE LAST
                VALUE   (LST)  VALUE       VALUE  FROM      YEAR
                                                  NORMAL
..................................................................
TEMPERATURE (F)
 TODAY
  MAXIMUM         84   1248 PM  95    1988  79      5       87
  MINIMUM         71    710 AM  36    1979  61     10       68
  AVERAGE         78                        70      8       78

PRECIPITATION (IN)
  TODAY            T             3.28 1987   0.12  -0.12     0.00
  MONTH TO DATE    0.96                      1.73  -0.77     0.67
  SINCE JUN 1      9.32                      6.65   2.67     9.02
  SINCE JAN 1     23.25                     18.92   4.33    21.45

SNOWFALL (IN)
  TODAY            0.0          MM      MM   0.0    0.0      0.0
  MONTH TO DATE    0.0                       0.0    0.0      0.0
  SINCE JUN 1      0.0                       0.0    0.0      0.0
  SINCE JUL 1      0.0                       0.0    0.0      0.0
  SNOW DEPTH       0

DEGREE DAYS
 HEATING
  TODAY            0                         0      0        0
  MONTH TO DATE    0                         0      0        0
  SINCE JUN 1     47                        77    -30       48
  SINCE JUL 1      9                        11     -2       15

 COOLING
  TODAY           13                         6      7       13
  MONTH TO DATE  154                        96     58      122
  SINCE JUN 1    512                       403    109      362
  SINCE JAN 1    556                       432    124      401
..................................................................


WIND (MPH)
  RESULTANT WIND SPEED   5   RESULTANT WIND DIRECTION   N (340)
  HIGHEST WIND SPEED    15   HIGHEST WIND DIRECTION    NE (40)
  HIGHEST GUST SPEED    20   HIGHEST GUST DIRECTION    NE (40)
  AVERAGE WIND SPEED     9.4


SKY COVER
  AVERAGE SKY COVER 0.7


WEATHER CONDITIONS
 THE FOLLOWING WEATHER WAS RECORDED TODAY.
  LIGHT RAIN


RELATIVE HUMIDITY (PERCENT)
 HIGHEST    93          1200 AM
 LOWEST     58           100 PM
 AVERAGE    76

..........................................................


THE MUSKEGON MI CLIMATE NORMALS FOR TOMORROW
                         NORMAL    RECORD    YEAR
 MAXIMUM TEMPERATURE (F)   79        93      1988
 MINIMUM TEMPERATURE (F)   61        44      1954


SUNRISE AND SUNSET
AUGUST 16 2016........SUNRISE   652 AM EDT   SUNSET   845 PM EDT
AUGUST 17 2016........SUNRISE   653 AM EDT   SUNSET   844 PM EDT


-  INDICATES NEGATIVE NUMBERS.
R  INDICATES RECORD WAS SET OR TIED.
MM INDICATES DATA IS MISSING.
T  INDICATES TRACE AMOUNT.




$$

EBW
