000
CDUS43 KGRR 102229
CLIMKG


CLIMATE REPORT
NATIONAL WEATHER SERVICE GRAND RAPIDS, MI
528 PM EST FRI NOV 10 2017


...................................

...THE MUSKEGON MI CLIMATE SUMMARY FOR NOVEMBER 10 2017...
VALID TODAY AS OF 0500 PM LOCAL TIME.

CLIMATE NORMAL PERIOD 1981 TO 2010
CLIMATE RECORD PERIOD 1896 TO 2017


WEATHER ITEM   OBSERVED TIME   RECORD YEAR NORMAL DEPARTURE LAST
                VALUE   (LST)  VALUE       VALUE  FROM      YEAR
                                                  NORMAL
..................................................................
TEMPERATURE (F)
 TODAY
  MAXIMUM         29    250 PM  70    1911  49    -20       59
  MINIMUM         20R   618 AM  21    1981  36    -16       51
  AVERAGE         25                        42    -17       55

PRECIPITATION (IN)
  TODAY            T             2.02 1995   0.11  -0.11     0.00
  MONTH TO DATE    0.45                      1.14  -0.69     0.31
  SINCE SEP 1     10.52                      8.14   2.38    10.01
  SINCE JAN 1     31.68                     28.72   2.96    35.16

SNOWFALL (IN)
  TODAY            T             3.5  1979   0.1   -0.1      0.0
  MONTH TO DATE    T                         0.8   -0.8      0.0
  SINCE SEP 1      T                         1.0   -1.0      0.0
  SINCE JUL 1      T                         1.0   -1.0      0.0
  SNOW DEPTH       0

DEGREE DAYS
 HEATING
  TODAY           40                        23     17       10
  MONTH TO DATE  249                       212     37      124
  SINCE SEP 1    635                       805   -170      467
  SINCE JUL 1    648                       835   -187      476

 COOLING
  TODAY            0                         0      0        0
  MONTH TO DATE    0                         0      0        0
  SINCE SEP 1    121                        59     62      110
  SINCE JAN 1    615                       566     49      774
..................................................................


WIND (MPH)
  RESULTANT WIND SPEED   8   RESULTANT WIND DIRECTION  NE (60)
  HIGHEST WIND SPEED    17   HIGHEST WIND DIRECTION    NE (60)
  HIGHEST GUST SPEED    23   HIGHEST GUST DIRECTION    NE (60)
  AVERAGE WIND SPEED     9.8


SKY COVER
  AVERAGE SKY COVER 0.7


WEATHER CONDITIONS
 THE FOLLOWING WEATHER WAS RECORDED TODAY.
  NO SIGNIFICANT WEATHER WAS OBSERVED.


RELATIVE HUMIDITY (PERCENT)
 HIGHEST    68           600 AM
 LOWEST     31           400 PM
 AVERAGE    50

..........................................................


THE MUSKEGON MI CLIMATE NORMALS FOR TOMORROW
                         NORMAL    RECORD    YEAR
 MAXIMUM TEMPERATURE (F)   49        70      2012
                                             1911
 MINIMUM TEMPERATURE (F)   35        17      1987


SUNRISE AND SUNSET
NOVEMBER 10 2017......SUNRISE   732 AM EST   SUNSET   526 PM EST
NOVEMBER 11 2017......SUNRISE   733 AM EST   SUNSET   525 PM EST


-  INDICATES NEGATIVE NUMBERS.
R  INDICATES RECORD WAS SET OR TIED.
MM INDICATES DATA IS MISSING.
T  INDICATES TRACE AMOUNT.




$$

JAM
