000
CDUS43 KGRR 220522
CLIMKG


CLIMATE REPORT
NATIONAL WEATHER SERVICE GRAND RAPIDS, MI
122 AM EDT SAT APR 22 2017


...................................

...THE MUSKEGON MI CLIMATE SUMMARY FOR APRIL 21 2017...

CLIMATE NORMAL PERIOD 1981 TO 2010
CLIMATE RECORD PERIOD 1896 TO 2017


WEATHER ITEM   OBSERVED TIME   RECORD YEAR NORMAL DEPARTURE LAST
                VALUE   (LST)  VALUE       VALUE  FROM      YEAR
                                                  NORMAL
..................................................................
TEMPERATURE (F)
 YESTERDAY
  MAXIMUM         53    454 PM  79    1985  58     -5       60
  MINIMUM         41    821 AM  23    2013  39      2       49
  AVERAGE         47                        49     -2       55

PRECIPITATION (IN)
  YESTERDAY        T             2.12 1967   0.10  -0.10     0.24
  MONTH TO DATE    2.96                      2.04   0.92     1.32
  SINCE MAR 1      5.57                      4.29   1.28     6.26
  SINCE JAN 1     11.27                      8.15   3.12    10.47

SNOWFALL (IN)
  YESTERDAY        0.0           0.5  1912   0.0    0.0      0.0
  MONTH TO DATE    0.0                       2.2   -2.2      2.4
  SINCE MAR 1      4.5                      11.2   -6.7      7.3
  SINCE JUL 1     49.0                      93.6  -44.6     61.8
  SNOW DEPTH       0

DEGREE DAYS
 HEATING
  YESTERDAY       18                        16      2       10
  MONTH TO DATE  316                       424   -108      440
  SINCE MAR 1   1220                      1354   -134     1215
  SINCE JUL 1   5085                      6086  -1001     5235

 COOLING
  YESTERDAY        0                         0      0        0
  MONTH TO DATE    0                         0      0        0
  SINCE MAR 1      0                         0      0        0
  SINCE JAN 1      0                         0      0        0
..................................................................


WIND (MPH)
  RESULTANT WIND SPEED  12   RESULTANT WIND DIRECTION  NW (330)
  HIGHEST WIND SPEED    22   HIGHEST WIND DIRECTION     N (340)
  HIGHEST GUST SPEED    32   HIGHEST GUST DIRECTION    NW (300)
  AVERAGE WIND SPEED    13.4


SKY COVER
  AVERAGE SKY COVER 0.9


WEATHER CONDITIONS
 THE FOLLOWING WEATHER WAS RECORDED YESTERDAY.
  LIGHT RAIN
  FOG


RELATIVE HUMIDITY (PERCENT)
 HIGHEST    83           200 AM
 LOWEST     50           400 PM
 AVERAGE    67

..........................................................


THE MUSKEGON MI CLIMATE NORMALS FOR TODAY
                         NORMAL    RECORD    YEAR
 MAXIMUM TEMPERATURE (F)   59        84      1985
 MINIMUM TEMPERATURE (F)   40        22      1926


SUNRISE AND SUNSET
APRIL 22 2017.........SUNRISE   651 AM EDT   SUNSET   836 PM EDT
APRIL 23 2017.........SUNRISE   650 AM EDT   SUNSET   837 PM EDT


-  INDICATES NEGATIVE NUMBERS.
R  INDICATES RECORD WAS SET OR TIED.
MM INDICATES DATA IS MISSING.
T  INDICATES TRACE AMOUNT.




$$

jam
