000
CDUS43 KGRR 252225
CLIMKG


CLIMATE REPORT
NATIONAL WEATHER SERVICE GRAND RAPIDS, MI
525 PM EST WED FEB 25 2015


...................................

...THE MUSKEGON MI CLIMATE SUMMARY FOR FEBRUARY 25 2015...
VALID TODAY AS OF 0500 PM LOCAL TIME.

CLIMATE NORMAL PERIOD 1981 TO 2010
CLIMATE RECORD PERIOD 1896 TO 2015


WEATHER ITEM   OBSERVED TIME   RECORD YEAR NORMAL DEPARTURE LAST
                VALUE   (LST)  VALUE       VALUE  FROM      YEAR
                                                  NORMAL
..................................................................
TEMPERATURE (F)
 TODAY
  MAXIMUM         20   1221 AM  60    2000  36    -16       20
  MINIMUM          4    759 AM -10    1904  23    -19       12
  AVERAGE         12                        29    -17       16

PRECIPITATION (IN)
  TODAY            T             1.39 1957   0.08  -0.08     0.02
  MONTH TO DATE    1.56                      1.61  -0.05     1.76
  SINCE DEC 1      5.00                      6.19  -1.19     7.78
  SINCE JAN 1      3.28                      3.64  -0.36     5.08

SNOWFALL (IN)
  TODAY            T             9.0  1935   0.6   -0.6      0.4
  MONTH TO DATE   29.5                      17.8   11.7     25.7
  SINCE DEC 1     63.4                      74.7  -11.3    113.3
  SINCE JUL 1     87.9                      80.9    7.0    122.2
  SNOW DEPTH      20

DEGREE DAYS
 HEATING
  TODAY           53                        36     17       49
  MONTH TO DATE 1200                       955    245     1129
  SINCE DEC 1   3474                      3260    214     3701
  SINCE JUL 1   4957                      4627    330     4972

 COOLING
  TODAY            0                         0      0        0
  MONTH TO DATE    0                         0      0        0
  SINCE DEC 1      0                         0      0        0
  SINCE JAN 1      0                         0      0        0
..................................................................


WIND (MPH)
  RESULTANT WIND SPEED   5   RESULTANT WIND DIRECTION   N (340)
  HIGHEST WIND SPEED    22   HIGHEST WIND DIRECTION    NW (330)
  HIGHEST GUST SPEED    28   HIGHEST GUST DIRECTION    NW (330)
  AVERAGE WIND SPEED     6.3


SKY COVER
  AVERAGE SKY COVER 0.7


WEATHER CONDITIONS
 THE FOLLOWING WEATHER WAS RECORDED TODAY.
  LIGHT SNOW
  HAZE


RELATIVE HUMIDITY (PERCENT)
 HIGHEST    83           800 AM
 LOWEST     49           100 PM
 AVERAGE    66

..........................................................


THE MUSKEGON MI CLIMATE NORMALS FOR TOMORROW
                         NORMAL    RECORD    YEAR
 MAXIMUM TEMPERATURE (F)   36        66      2000
 MINIMUM TEMPERATURE (F)   23       -12      1963


SUNRISE AND SUNSET
FEBRUARY 25 2015......SUNRISE   728 AM EST   SUNSET   629 PM EST
FEBRUARY 26 2015......SUNRISE   726 AM EST   SUNSET   630 PM EST


-  INDICATES NEGATIVE NUMBERS.
R  INDICATES RECORD WAS SET OR TIED.
MM INDICATES DATA IS MISSING.
T  INDICATES TRACE AMOUNT.




$$
