000
CDUS43 KGRR 292129
CLIMKG


CLIMATE REPORT
NATIONAL WEATHER SERVICE GRAND RAPIDS, MI
528 PM EDT FRI MAY 29 2015


...................................

...THE MUSKEGON MI CLIMATE SUMMARY FOR MAY 29 2015...
VALID TODAY AS OF 0500 PM LOCAL TIME.

CLIMATE NORMAL PERIOD 1981 TO 2010
CLIMATE RECORD PERIOD 1896 TO 2015


WEATHER ITEM   OBSERVED TIME   RECORD YEAR NORMAL DEPARTURE LAST
                VALUE   (LST)  VALUE       VALUE  FROM      YEAR
                                                  NORMAL
..................................................................
TEMPERATURE (F)
 TODAY
  MAXIMUM         81    247 PM  93    1962  71     10       78
  MINIMUM         63    148 AM  33    2008  51     12       52
  AVERAGE         72                        61     11       65

PRECIPITATION (IN)
  TODAY            T             2.00 1913   0.10  -0.10     0.00
  MONTH TO DATE    3.11                      3.05   0.06     3.72
  SINCE MAR 1      8.96                      8.21   0.75     8.17
  SINCE JAN 1     12.25                     12.07   0.18    13.30

SNOWFALL (IN)
  TODAY            0.0           T    1947   0.0    0.0      0.0
  MONTH TO DATE    0.0                       0.0    0.0      0.0
  SINCE MAR 1      4.0                      11.3   -7.3      9.1
  SINCE JUL 1     92.1                      93.7   -1.6    132.7
  SNOW DEPTH       0

DEGREE DAYS
 HEATING
  TODAY            0                         6     -6        0
  MONTH TO DATE  193                       267    -74      259
  SINCE MAR 1   1735                      1753    -18     2024
  SINCE JUL 1   6860                      6485    375     7164

 COOLING
  TODAY            7                         1      6        0
  MONTH TO DATE   39                        21     18        9
  SINCE MAR 1     39                        25     14        9
  SINCE JAN 1     39                        25     14        9
..................................................................


WIND (MPH)
  RESULTANT WIND SPEED   9   RESULTANT WIND DIRECTION   S (160)
  HIGHEST WIND SPEED    22   HIGHEST WIND DIRECTION     S (200)
  HIGHEST GUST SPEED    31   HIGHEST GUST DIRECTION     S (200)
  AVERAGE WIND SPEED    10.4


SKY COVER
  AVERAGE SKY COVER 0.6


WEATHER CONDITIONS
 THE FOLLOWING WEATHER WAS RECORDED TODAY.
  THUNDERSTORM
  LIGHT RAIN


RELATIVE HUMIDITY (PERCENT)
 HIGHEST    78           100 AM
 LOWEST     58           200 PM
 AVERAGE    68

..........................................................


THE MUSKEGON MI CLIMATE NORMALS FOR TOMORROW
                         NORMAL    RECORD    YEAR
 MAXIMUM TEMPERATURE (F)   71        86      2013
                                             2011
                                             2010
 MINIMUM TEMPERATURE (F)   51        33      1945


SUNRISE AND SUNSET
MAY 29 2015...........SUNRISE   610 AM EDT   SUNSET   915 PM EDT
MAY 30 2015...........SUNRISE   609 AM EDT   SUNSET   916 PM EDT


-  INDICATES NEGATIVE NUMBERS.
R  INDICATES RECORD WAS SET OR TIED.
MM INDICATES DATA IS MISSING.
T  INDICATES TRACE AMOUNT.




$$

JAM
