000
CDUS43 KGRR 180559
CLIMKG


CLIMATE REPORT
NATIONAL WEATHER SERVICE GRAND RAPIDS, MI
158 AM EDT THU MAY 18 2017


...................................

...THE MUSKEGON MI CLIMATE SUMMARY FOR MAY 17 2017...

CLIMATE NORMAL PERIOD 1981 TO 2010
CLIMATE RECORD PERIOD 1896 TO 2017


WEATHER ITEM   OBSERVED TIME   RECORD YEAR NORMAL DEPARTURE LAST
                VALUE   (LST)  VALUE       VALUE  FROM      YEAR
                                                  NORMAL
..................................................................
TEMPERATURE (F)
 YESTERDAY
  MAXIMUM         83    301 PM  88    1962  67     16       65
  MINIMUM         68    550 AM  28    1983  47     21       48
  AVERAGE         76                        57     19       57

PRECIPITATION (IN)
  YESTERDAY        T             1.22 2000   0.11  -0.11     0.00
  MONTH TO DATE    0.83                      1.76  -0.93     2.02
  SINCE MAR 1      8.11                      6.92   1.19     9.36
  SINCE JAN 1     13.81                     10.78   3.03    13.57

SNOWFALL (IN)
  YESTERDAY        0.0           0.0    MM   0.0    0.0      0.0
  MONTH TO DATE    0.0                       0.0    0.0      0.0
  SINCE MAR 1      4.5                      11.3   -6.8      7.3
  SINCE JUL 1     49.0                      93.7  -44.7     61.8
  SNOW DEPTH       0

DEGREE DAYS
 HEATING
  YESTERDAY        0                         9     -9        8
  MONTH TO DATE  201                       183     18      215
  SINCE MAR 1   1528                      1669   -141     1559
  SINCE JUL 1   5393                      6401  -1008     5579

 COOLING
  YESTERDAY       11                         1     10        0
  MONTH TO DATE   17                         9      8        0
  SINCE MAR 1     22                        13      9        0
  SINCE JAN 1     22                        13      9        0
..................................................................


WIND (MPH)
  RESULTANT WIND SPEED  19   RESULTANT WIND DIRECTION   S (190)
  HIGHEST WIND SPEED    30   HIGHEST WIND DIRECTION     S (190)
  HIGHEST GUST SPEED    43   HIGHEST GUST DIRECTION     S (180)
  AVERAGE WIND SPEED    19.8


SKY COVER
  AVERAGE SKY COVER 0.6


WEATHER CONDITIONS
 THE FOLLOWING WEATHER WAS RECORDED YESTERDAY.
  NO SIGNIFICANT WEATHER WAS OBSERVED.


RELATIVE HUMIDITY (PERCENT)
 HIGHEST    73           800 AM
 LOWEST     42           700 PM
 AVERAGE    58

..........................................................


THE MUSKEGON MI CLIMATE NORMALS FOR TODAY
                         NORMAL    RECORD    YEAR
 MAXIMUM TEMPERATURE (F)   68        86      1998
 MINIMUM TEMPERATURE (F)   47        30      1973


SUNRISE AND SUNSET
MAY 18 2017...........SUNRISE   618 AM EDT   SUNSET   905 PM EDT
MAY 19 2017...........SUNRISE   617 AM EDT   SUNSET   906 PM EDT


-  INDICATES NEGATIVE NUMBERS.
R  INDICATES RECORD WAS SET OR TIED.
MM INDICATES DATA IS MISSING.
T  INDICATES TRACE AMOUNT.




$$
