000
CDUS43 KGRR 270514
CLIMKG


CLIMATE REPORT
NATIONAL WEATHER SERVICE GRAND RAPIDS, MI
114 AM EDT THU AUG 27 2015


...................................

...THE MUSKEGON MI CLIMATE SUMMARY FOR AUGUST 26 2015...

CLIMATE NORMAL PERIOD 1981 TO 2010
CLIMATE RECORD PERIOD 1896 TO 2015


WEATHER ITEM   OBSERVED TIME   RECORD YEAR NORMAL DEPARTURE LAST
                VALUE   (LST)  VALUE       VALUE  FROM      YEAR
                                                  NORMAL
..................................................................
TEMPERATURE (F)
 YESTERDAY
  MAXIMUM         70    448 PM  91    1948  78     -8       76
  MINIMUM         53   1159 PM  44    1945  60     -7       60
  AVERAGE         62                        69     -7       68

PRECIPITATION (IN)
  YESTERDAY        0.01          2.40 1972   0.11  -0.10     0.20
  MONTH TO DATE    1.97                      2.81  -0.84     1.92
  SINCE JUN 1     10.32                      7.73   2.59    12.67
  SINCE JAN 1     22.75                     20.00   2.75    25.97

SNOWFALL (IN)
  YESTERDAY        0.0          MM      MM   0.0    0.0      0.0
  MONTH TO DATE    0.0                       0.0    0.0      0.0
  SINCE JUN 1      0.0                       0.0    0.0      0.0
  SINCE JUL 1      0.0                       0.0    0.0      0.0
  SNOW DEPTH       0

DEGREE DAYS
 HEATING
  YESTERDAY        3                         1      2        0
  MONTH TO DATE   12                         9      3       17
  SINCE JUN 1     60                        86    -26       79
  SINCE JUL 1     27                        20      7       48

 COOLING
  YESTERDAY        0                         5     -5        3
  MONTH TO DATE  168                       147     21      145
  SINCE JUN 1    408                       454    -46      354
  SINCE JAN 1    447                       483    -36      371
..................................................................


WIND (MPH)
  RESULTANT WIND SPEED   6   RESULTANT WIND DIRECTION  NW (320)
  HIGHEST WIND SPEED    15   HIGHEST WIND DIRECTION    NW (320)
  HIGHEST GUST SPEED    20   HIGHEST GUST DIRECTION    NW (330)
  AVERAGE WIND SPEED     6.4


SKY COVER
  AVERAGE SKY COVER 0.6


WEATHER CONDITIONS
 THE FOLLOWING WEATHER WAS RECORDED YESTERDAY.
  LIGHT RAIN
  FOG
  HAZE


RELATIVE HUMIDITY (PERCENT)
 HIGHEST    86           400 AM
 LOWEST     55           600 PM
 AVERAGE    71

..........................................................


THE MUSKEGON MI CLIMATE NORMALS FOR TODAY
                         NORMAL    RECORD    YEAR
 MAXIMUM TEMPERATURE (F)   78        91      1948
 MINIMUM TEMPERATURE (F)   59        40      1915


SUNRISE AND SUNSET
AUGUST 27 2015........SUNRISE   703 AM EDT   SUNSET   829 PM EDT
AUGUST 28 2015........SUNRISE   704 AM EDT   SUNSET   827 PM EDT


-  INDICATES NEGATIVE NUMBERS.
R  INDICATES RECORD WAS SET OR TIED.
MM INDICATES DATA IS MISSING.
T  INDICATES TRACE AMOUNT.




$$
