000
CDUS43 KGRR 170534
CLIMKG


CLIMATE REPORT
NATIONAL WEATHER SERVICE GRAND RAPIDS, MI
1234 AM EST WED DEC 17 2014


...................................

...THE MUSKEGON MI CLIMATE SUMMARY FOR DECEMBER 16 2014...

CLIMATE NORMAL PERIOD 1981 TO 2010
CLIMATE RECORD PERIOD 1896 TO 2014


WEATHER ITEM   OBSERVED TIME   RECORD YEAR NORMAL DEPARTURE LAST
                VALUE   (LST)  VALUE       VALUE  FROM      YEAR
                                                  NORMAL
..................................................................
TEMPERATURE (F)
 YESTERDAY
  MAXIMUM         46    127 AM  58    1984  35     11       23
  MINIMUM         33   1140 PM   2    1943  25      8        9
  AVERAGE         40                        30     10       16

PRECIPITATION (IN)
  YESTERDAY        0.07          0.60 1911   0.08  -0.01     0.04
  MONTH TO DATE    0.44                      1.45  -1.01     1.04
  SINCE DEC 1      0.44                      1.45  -1.01     1.04
  SINCE JAN 1     37.32                     32.39   4.93    42.10

SNOWFALL (IN)
  YESTERDAY        T            11.7  1963   1.1   -1.1      0.9
  MONTH TO DATE    1.1                      13.9  -12.8     14.9
  SINCE DEC 1      1.1                      13.9  -12.8     14.9
  SINCE JUL 1     25.6                      20.1    5.5     23.8
  SNOW DEPTH       0

DEGREE DAYS
 HEATING
  YESTERDAY       25                        35    -10       49
  MONTH TO DATE  496                       528    -32      623
  SINCE DEC 1    496                       528    -32      623
  SINCE JUL 1   1979                      1895     84     1894

 COOLING
  YESTERDAY        0                         0      0        0
  MONTH TO DATE    0                         0      0        0
  SINCE DEC 1      0                         0      0        0
  SINCE JAN 1    442                       566   -124      626
..................................................................


WIND (MPH)
  RESULTANT WIND SPEED   3   RESULTANT WIND DIRECTION   W (270)
  HIGHEST WIND SPEED    20   HIGHEST WIND DIRECTION    NW (310)
  HIGHEST GUST SPEED    27   HIGHEST GUST DIRECTION    NW (320)
  AVERAGE WIND SPEED     8.2


SKY COVER
  AVERAGE SKY COVER 1.0


WEATHER CONDITIONS
 THE FOLLOWING WEATHER WAS RECORDED YESTERDAY.
  LIGHT RAIN
  LIGHT SNOW
  FOG
  FOG W/VISIBILITY <= 1/4 MILE
  HAZE


RELATIVE HUMIDITY (PERCENT)
 HIGHEST    96           300 PM
 LOWEST     86          1200 AM
 AVERAGE    91

..........................................................


THE MUSKEGON MI CLIMATE NORMALS FOR TODAY
                         NORMAL    RECORD    YEAR
 MAXIMUM TEMPERATURE (F)   35        50      1939
 MINIMUM TEMPERATURE (F)   25         0      1973


SUNRISE AND SUNSET
DECEMBER 17 2014......SUNRISE   811 AM EST   SUNSET   511 PM EST
DECEMBER 18 2014......SUNRISE   812 AM EST   SUNSET   511 PM EST


-  INDICATES NEGATIVE NUMBERS.
R  INDICATES RECORD WAS SET OR TIED.
MM INDICATES DATA IS MISSING.
T  INDICATES TRACE AMOUNT.




$$
