000
CDUS43 KGRR 162129
CLIMKG


CLIMATE REPORT
NATIONAL WEATHER SERVICE GRAND RAPIDS, MI
527 PM EDT SAT SEP 16 2017


...................................

...THE MUSKEGON MI CLIMATE SUMMARY FOR SEPTEMBER 16 2017...
VALID TODAY AS OF 0500 PM LOCAL TIME.

CLIMATE NORMAL PERIOD 1981 TO 2010
CLIMATE RECORD PERIOD 1896 TO 2017


WEATHER ITEM   OBSERVED TIME   RECORD YEAR NORMAL DEPARTURE LAST
                VALUE   (LST)  VALUE       VALUE  FROM      YEAR
                                                  NORMAL
..................................................................
TEMPERATURE (F)
 TODAY
  MAXIMUM         84    324 PM  86    1967  71     13       83
                                      1927
  MINIMUM         60    649 AM  31    1929  53      7       55
  AVERAGE         72                        62     10       69

PRECIPITATION (IN)
  TODAY            0.00          1.40 1913   0.14  -0.14      T
  MONTH TO DATE    0.79                      2.02  -1.23     4.52
  SINCE SEP 1      0.79                      2.02  -1.23     4.52
  SINCE JAN 1     21.95                     22.60  -0.65    29.67

SNOWFALL (IN)
  TODAY            0.0          MM      MM   0.0    0.0      0.0
  MONTH TO DATE    0.0                       0.0    0.0      0.0
  SINCE SEP 1      0.0                       0.0    0.0      0.0
  SINCE JUL 1      0.0                       0.0    0.0      0.0
  SNOW DEPTH       0

DEGREE DAYS
 HEATING
  TODAY            0                         5     -5        0
  MONTH TO DATE   68                        46     22        4
  SINCE SEP 1     68                        46     22        4
  SINCE JUL 1     81                        76      5       13

 COOLING
  TODAY            7                         2      5        4
  MONTH TO DATE   14                        43    -29       72
  SINCE SEP 1     14                        43    -29       72
  SINCE JAN 1    508                       550    -42      736
..................................................................


WIND (MPH)
  RESULTANT WIND SPEED   8   RESULTANT WIND DIRECTION   S (170)
  HIGHEST WIND SPEED    15   HIGHEST WIND DIRECTION     S (190)
  HIGHEST GUST SPEED    18   HIGHEST GUST DIRECTION     S (190)
  AVERAGE WIND SPEED     8.8


SKY COVER
  AVERAGE SKY COVER 0.1


WEATHER CONDITIONS
 THE FOLLOWING WEATHER WAS RECORDED TODAY.
  NO SIGNIFICANT WEATHER WAS OBSERVED.


RELATIVE HUMIDITY (PERCENT)
 HIGHEST    90           400 AM
 LOWEST     47           400 PM
 AVERAGE    69

..........................................................


THE MUSKEGON MI CLIMATE NORMALS FOR TOMORROW
                         NORMAL    RECORD    YEAR
 MAXIMUM TEMPERATURE (F)   71        88      1955
 MINIMUM TEMPERATURE (F)   52        36      1990
                                             1959


SUNRISE AND SUNSET
SEPTEMBER 16 2017.....SUNRISE   726 AM EDT   SUNSET   753 PM EDT
SEPTEMBER 17 2017.....SUNRISE   727 AM EDT   SUNSET   751 PM EDT


-  INDICATES NEGATIVE NUMBERS.
R  INDICATES RECORD WAS SET OR TIED.
MM INDICATES DATA IS MISSING.
T  INDICATES TRACE AMOUNT.




$$

63
