000
CDUS43 KGRR 160518
CLIMKG


CLIMATE REPORT
NATIONAL WEATHER SERVICE GRAND RAPIDS, MI
1218 AM EST THU NOV 16 2017


...................................

...THE MUSKEGON MI CLIMATE SUMMARY FOR NOVEMBER 15 2017...

CLIMATE NORMAL PERIOD 1981 TO 2010
CLIMATE RECORD PERIOD 1896 TO 2017


WEATHER ITEM   OBSERVED TIME   RECORD YEAR NORMAL DEPARTURE LAST
                VALUE   (LST)  VALUE       VALUE  FROM      YEAR
                                                  NORMAL
..................................................................
TEMPERATURE (F)
 YESTERDAY
  MAXIMUM         48    511 PM  65    1930  47      1       54
  MINIMUM         39   1159 PM  10    1959  34      5       37
  AVERAGE         44                        40      4       46

PRECIPITATION (IN)
  YESTERDAY        1.30          1.59 1927   0.12   1.18     0.00
  MONTH TO DATE    1.77                      1.72   0.05     0.31
  SINCE SEP 1     11.84                      8.72   3.12    10.01
  SINCE JAN 1     33.00                     29.30   3.70    35.16

SNOWFALL (IN)
  YESTERDAY        0.0           3.0  1969   0.1   -0.1      0.0
  MONTH TO DATE    T                         1.5   -1.5      0.0
  SINCE SEP 1      T                         1.7   -1.7      0.0
  SINCE JUL 1      T                         1.7   -1.7      0.0
  SNOW DEPTH       0

DEGREE DAYS
 HEATING
  YESTERDAY       21                        25     -4       19
  MONTH TO DATE  384                       331     53      220
  SINCE SEP 1    770                       924   -154      563
  SINCE JUL 1    783                       954   -171      572

 COOLING
  YESTERDAY        0                         0      0        0
  MONTH TO DATE    0                         0      0        0
  SINCE SEP 1    121                        59     62      110
  SINCE JAN 1    615                       566     49      774
..................................................................


WIND (MPH)
  RESULTANT WIND SPEED   9   RESULTANT WIND DIRECTION   W (250)
  HIGHEST WIND SPEED    28   HIGHEST WIND DIRECTION     W (280)
  HIGHEST GUST SPEED    38   HIGHEST GUST DIRECTION     W (280)
  AVERAGE WIND SPEED    13.6


SKY COVER
  AVERAGE SKY COVER 0.8


WEATHER CONDITIONS
 THE FOLLOWING WEATHER WAS RECORDED YESTERDAY.
  HEAVY RAIN
  RAIN
  LIGHT RAIN
  FOG


RELATIVE HUMIDITY (PERCENT)
 HIGHEST    93           100 PM
 LOWEST     70           900 PM
 AVERAGE    82

..........................................................


THE MUSKEGON MI CLIMATE NORMALS FOR TODAY
                         NORMAL    RECORD    YEAR
 MAXIMUM TEMPERATURE (F)   46        70      1930
 MINIMUM TEMPERATURE (F)   34        14      1933


SUNRISE AND SUNSET
NOVEMBER 16 2017......SUNRISE   739 AM EST   SUNSET   520 PM EST
NOVEMBER 17 2017......SUNRISE   741 AM EST   SUNSET   519 PM EST


-  INDICATES NEGATIVE NUMBERS.
R  INDICATES RECORD WAS SET OR TIED.
MM INDICATES DATA IS MISSING.
T  INDICATES TRACE AMOUNT.




$$
