000
CDUS43 KGRR 120515
CLIMKG


CLIMATE REPORT
NATIONAL WEATHER SERVICE GRAND RAPIDS, MI
115 AM EDT SAT APR 12 2014


...................................

...THE MUSKEGON MI CLIMATE SUMMARY FOR APRIL 11 2014...

CLIMATE NORMAL PERIOD 1981 TO 2010
CLIMATE RECORD PERIOD 1895 TO 2014


WEATHER ITEM   OBSERVED TIME   RECORD YEAR NORMAL DEPARTURE LAST
                VALUE   (LST)  VALUE       VALUE  FROM      YEAR
                                                  NORMAL
..................................................................
TEMPERATURE (F)
 YESTERDAY
  MAXIMUM         60    255 PM  79    1945  54      6       39
  MINIMUM         29    627 AM  12    1973  36     -7       36
  AVERAGE         45                        45      0       38

PRECIPITATION (IN)
  YESTERDAY        0.00          2.66 2001   0.10  -0.10     0.90
  MONTH TO DATE    0.48                      1.05  -0.57     3.23
  SINCE MAR 1      2.15                      3.30  -1.15     4.48
  SINCE JAN 1      7.28                      7.16   0.12    13.92

SNOWFALL (IN)
  YESTERDAY        0.0           5.1  2007   0.1   -0.1      0.0
  MONTH TO DATE    T                         1.6   -1.6       T
  SINCE MAR 1      7.5                      10.6   -3.1      5.7
  SINCE JUL 1    131.1                      93.0   38.1     98.6
  SNOW DEPTH       0

DEGREE DAYS
 HEATING
  YESTERDAY       20                        20      0       27
  MONTH TO DATE  258                       244     14      289
  SINCE MAR 1   1446                      1174    272     1323
  SINCE JUL 1   6586                      5906    680     5745

 COOLING
  YESTERDAY        0                         0      0        0
  MONTH TO DATE    0                         0      0        0
  SINCE MAR 1      0                         0      0        0
  SINCE JAN 1      0                         0      0        0
..................................................................


WIND (MPH)
  RESULTANT WIND SPEED   4   RESULTANT WIND DIRECTION  SW (220)
  HIGHEST WIND SPEED    16   HIGHEST WIND DIRECTION    SW (220)
  HIGHEST GUST SPEED    20   HIGHEST GUST DIRECTION    SW (220)
  AVERAGE WIND SPEED     5.5


SKY COVER
  AVERAGE SKY COVER 0.3


WEATHER CONDITIONS
 THE FOLLOWING WEATHER WAS RECORDED YESTERDAY.
  NO SIGNIFICANT WEATHER WAS OBSERVED.


RELATIVE HUMIDITY (PERCENT)
 HIGHEST    85           600 AM
 LOWEST     17           300 PM
 AVERAGE    51

..........................................................


THE MUSKEGON MI CLIMATE NORMALS FOR TODAY
                         NORMAL    RECORD    YEAR
 MAXIMUM TEMPERATURE (F)   55        77      1941
 MINIMUM TEMPERATURE (F)   36        19      1975
                                             1923


SUNRISE AND SUNSET
APRIL 12 2014.........SUNRISE   708 AM EDT   SUNSET   824 PM EDT
APRIL 13 2014.........SUNRISE   706 AM EDT   SUNSET   825 PM EDT


-  INDICATES NEGATIVE NUMBERS.
R  INDICATES RECORD WAS SET OR TIED.
MM INDICATES DATA IS MISSING.
T  INDICATES TRACE AMOUNT.




$$
