000
CDUS43 KGRR 240523
CLIMKG


CLIMATE REPORT
NATIONAL WEATHER SERVICE GRAND RAPIDS, MI
122 AM EDT TUE MAY 24 2016


...................................

...THE MUSKEGON MI CLIMATE SUMMARY FOR MAY 23 2016...

CLIMATE NORMAL PERIOD 1981 TO 2010
CLIMATE RECORD PERIOD 1896 TO 2016


WEATHER ITEM   OBSERVED TIME   RECORD YEAR NORMAL DEPARTURE LAST
                VALUE   (LST)  VALUE       VALUE  FROM      YEAR
                                                  NORMAL
..................................................................
TEMPERATURE (F)
 YESTERDAY
  MAXIMUM         78    245 PM  87    1972  69      9       75
  MINIMUM         45    559 AM  29    1913  49     -4       37
  AVERAGE         62                        59      3       56

PRECIPITATION (IN)
  YESTERDAY        0.00          2.15 1955   0.11  -0.11     0.00
  MONTH TO DATE    2.02                      2.43  -0.41     2.28
  SINCE MAR 1      9.36                      7.59   1.77     8.13
  SINCE JAN 1     13.57                     11.45   2.12    11.42

SNOWFALL (IN)
  YESTERDAY        0.0           T    1955   0.0    0.0      0.0
                                      1952
  MONTH TO DATE    0.0                       0.0    0.0      0.0
  SINCE MAR 1      7.3                      11.3   -4.0      4.0
  SINCE JUL 1     61.8                      93.7  -31.9     92.1
  SNOW DEPTH       0

DEGREE DAYS
 HEATING
  YESTERDAY        3                         7     -4        9
  MONTH TO DATE  255                       229     26      184
  SINCE MAR 1   1599                      1715   -116     1726
  SINCE JUL 1   5619                      6447   -828     6851

 COOLING
  YESTERDAY        0                         1     -1        0
  MONTH TO DATE    0                        15    -15       22
  SINCE MAR 1      0                        19    -19       22
  SINCE JAN 1      0                        19    -19       22
..................................................................


WIND (MPH)
  RESULTANT WIND SPEED   4   RESULTANT WIND DIRECTION   S (200)
  HIGHEST WIND SPEED    13   HIGHEST WIND DIRECTION    SW (230)
  HIGHEST GUST SPEED    17   HIGHEST GUST DIRECTION     S (180)
  AVERAGE WIND SPEED     5.2


SKY COVER
  AVERAGE SKY COVER 0.2


WEATHER CONDITIONS
 THE FOLLOWING WEATHER WAS RECORDED YESTERDAY.
  FOG


RELATIVE HUMIDITY (PERCENT)
 HIGHEST    92           500 AM
 LOWEST     21           300 PM
 AVERAGE    57

..........................................................


THE MUSKEGON MI CLIMATE NORMALS FOR TODAY
                         NORMAL    RECORD    YEAR
 MAXIMUM TEMPERATURE (F)   69        89      2010
 MINIMUM TEMPERATURE (F)   49        32      1956


SUNRISE AND SUNSET
MAY 24 2016...........SUNRISE   613 AM EDT   SUNSET   911 PM EDT
MAY 25 2016...........SUNRISE   612 AM EDT   SUNSET   912 PM EDT


-  INDICATES NEGATIVE NUMBERS.
R  INDICATES RECORD WAS SET OR TIED.
MM INDICATES DATA IS MISSING.
T  INDICATES TRACE AMOUNT.




$$
