000
CDUS43 KGRR 012127
CLIMKG


CLIMATE REPORT
NATIONAL WEATHER SERVICE GRAND RAPIDS, MI
527 PM EDT WED JUL 1 2015


...................................

...THE MUSKEGON MI CLIMATE SUMMARY FOR JULY 1 2015...
VALID TODAY AS OF 0500 PM LOCAL TIME.

CLIMATE NORMAL PERIOD 1981 TO 2010
CLIMATE RECORD PERIOD 1896 TO 2015


WEATHER ITEM   OBSERVED TIME   RECORD YEAR NORMAL DEPARTURE LAST
                VALUE   (LST)  VALUE       VALUE  FROM      YEAR
                                                  NORMAL
..................................................................
TEMPERATURE (F)
 TODAY
  MAXIMUM         65    356 PM  93    1966  80    -15       76
                                      1963
  MINIMUM         53    637 AM  44    1982  61     -8       64
  AVERAGE         59                        70    -11       70

PRECIPITATION (IN)
  TODAY            0.00          1.45 1938   0.08  -0.08     0.13
  MONTH TO DATE    0.00                      0.08  -0.08     0.13
  SINCE JUN 1      3.30                      2.63   0.67     7.15
  SINCE JAN 1     15.73                     14.90   0.83    20.45

SNOWFALL (IN)
  TODAY            0.0          MM      MM   0.0    0.0      0.0
  MONTH TO DATE    0.0                       0.0    0.0      0.0
  SINCE JUN 1      0.0                       0.0    0.0      0.0
  SINCE JUL 1      0.0                       0.0    0.0      0.0
  SNOW DEPTH       0

DEGREE DAYS
 HEATING
  TODAY            6                         1      5        0
  MONTH TO DATE    6                         1      5        0
  SINCE JUN 1     39                        67    -28       31
  SINCE JUL 1      6                         1      5        0

 COOLING
  TODAY            0                         6     -6        5
  MONTH TO DATE    0                         6     -6        5
  SINCE JUN 1     63                       111    -48      140
  SINCE JAN 1    102                       140    -38      157
..................................................................


WIND (MPH)
  RESULTANT WIND SPEED   7   RESULTANT WIND DIRECTION  NW (320)
  HIGHEST WIND SPEED    16   HIGHEST WIND DIRECTION     W (290)
  HIGHEST GUST SPEED    21   HIGHEST GUST DIRECTION     W (290)
  AVERAGE WIND SPEED     9.0


SKY COVER
  AVERAGE SKY COVER 0.9


WEATHER CONDITIONS
 THE FOLLOWING WEATHER WAS RECORDED TODAY.
  NO SIGNIFICANT WEATHER WAS OBSERVED.


RELATIVE HUMIDITY (PERCENT)
 HIGHEST    89           300 AM
 LOWEST     63           400 PM
 AVERAGE    76

..........................................................


THE MUSKEGON MI CLIMATE NORMALS FOR TOMORROW
                         NORMAL    RECORD    YEAR
 MAXIMUM TEMPERATURE (F)   80        95      1966
                                             1949
                                             1921
 MINIMUM TEMPERATURE (F)   61        39      2001


SUNRISE AND SUNSET
JULY  1 2015..........SUNRISE   609 AM EDT   SUNSET   928 PM EDT
JULY  2 2015..........SUNRISE   609 AM EDT   SUNSET   928 PM EDT


-  INDICATES NEGATIVE NUMBERS.
R  INDICATES RECORD WAS SET OR TIED.
MM INDICATES DATA IS MISSING.
T  INDICATES TRACE AMOUNT.




$$
