000
CDUS43 KGRR 231440
CLIMKG


CLIMATE REPORT
NATIONAL WEATHER SERVICE GRAND RAPIDS, MI
940 AM EST THU FEB 23 2017


...................................

...THE MUSKEGON MI CLIMATE SUMMARY FOR FEBRUARY 23 2017...
VALID AS OF 0900 AM LOCAL TIME.

CLIMATE NORMAL PERIOD 1981 TO 2010
CLIMATE RECORD PERIOD 1896 TO 2017


WEATHER ITEM   OBSERVED TIME   RECORD YEAR NORMAL DEPARTURE LAST
                VALUE   (LST)  VALUE       VALUE  FROM      YEAR
                                                  NORMAL
..................................................................
TEMPERATURE (F)
 TODAY
  MAXIMUM         55   1243 AM  60    2000  35     20       46
  MINIMUM         38    725 AM  -9    1934  22     16       30
  AVERAGE         47                        29     18       38

PRECIPITATION (IN)
  TODAY            0.00          2.05 1921   0.07  -0.07     0.00
  MONTH TO DATE    0.29                      1.46  -1.17     1.51
  SINCE DEC 1      5.54                      6.04  -0.50     8.87
  SINCE JAN 1      3.32                      3.49  -0.17     3.97

SNOWFALL (IN)
  TODAY            0.0           7.0  1993   0.6   -0.6      0.0
  MONTH TO DATE    0.3                      16.6  -16.3      5.0
  SINCE DEC 1     38.1                      73.5  -35.4     47.1
  SINCE JUL 1     39.1                      79.7  -40.6     51.0
  SNOW DEPTH       0

DEGREE DAYS
 HEATING
  TODAY           18                        36    -18       27
  MONTH TO DATE  685                       883   -198      833
  SINCE DEC 1   2823                      3188   -365     2773
  SINCE JUL 1   3728                      4555   -827     3840

 COOLING
  TODAY            0                         0      0        0
  MONTH TO DATE    0                         0      0        0
  SINCE DEC 1      0                         0      0        0
  SINCE JAN 1      0                         0      0        0
..................................................................


WIND (MPH)
  RESULTANT WIND SPEED   9   RESULTANT WIND DIRECTION  SW (240)
  HIGHEST WIND SPEED    25   HIGHEST WIND DIRECTION     S (200)
  HIGHEST GUST SPEED    34   HIGHEST GUST DIRECTION     S (200)
  AVERAGE WIND SPEED    11.9


SKY COVER
  AVERAGE SKY COVER 0.3


WEATHER CONDITIONS
 THE FOLLOWING WEATHER WAS RECORDED TODAY.
  FOG


RELATIVE HUMIDITY (PERCENT)
 HIGHEST   100           800 AM
 LOWEST     86           500 AM
 AVERAGE    93

..........................................................


THE MUSKEGON MI CLIMATE NORMALS FOR TOMORROW
                         NORMAL    RECORD    YEAR
 MAXIMUM TEMPERATURE (F)   36        62      2002
 MINIMUM TEMPERATURE (F)   22        -3      1924


SUNRISE AND SUNSET
FEBRUARY 23 2017......SUNRISE   730 AM EST   SUNSET   627 PM EST
FEBRUARY 24 2017......SUNRISE   729 AM EST   SUNSET   628 PM EST


-  INDICATES NEGATIVE NUMBERS.
R  INDICATES RECORD WAS SET OR TIED.
MM INDICATES DATA IS MISSING.
T  INDICATES TRACE AMOUNT.




$$
