000
CDUS43 KGRR 252137
CLIMKG


CLIMATE REPORT
NATIONAL WEATHER SERVICE GRAND RAPIDS, MI
534 PM EDT THU SEP 25 2014


...................................

...THE MUSKEGON MI CLIMATE SUMMARY FOR SEPTEMBER 25 2014...
VALID TODAY AS OF 0500 PM LOCAL TIME.

CLIMATE NORMAL PERIOD 1981 TO 2010
CLIMATE RECORD PERIOD 1896 TO 2014


WEATHER ITEM   OBSERVED TIME   RECORD YEAR NORMAL DEPARTURE LAST
                VALUE   (LST)  VALUE       VALUE  FROM      YEAR
                                                  NORMAL
..................................................................
TEMPERATURE (F)
 TODAY
  MAXIMUM         77    233 PM  86    1920  67     10       73
  MINIMUM         50    416 AM  28    1947  49      1       47
  AVERAGE         64                        58      6       60

PRECIPITATION (IN)
  TODAY            0.00          1.35 1961   0.13  -0.13     0.00
  MONTH TO DATE    3.14                      3.26  -0.12     1.53
  SINCE SEP 1      3.14                      3.26  -0.12     1.53
  SINCE JAN 1     29.75                     23.84   5.91    32.78

SNOWFALL (IN)
  TODAY            0.0          MM      MM   0.0    0.0      0.0
  MONTH TO DATE    0.0                       0.0    0.0      0.0
  SINCE SEP 1      0.0                       0.0    0.0      0.0
  SINCE JUL 1      0.0                       0.0    0.0      0.0
  SNOW DEPTH       0

DEGREE DAYS
 HEATING
  TODAY            1                         7     -6        5
  MONTH TO DATE  137                       100     37       92
  SINCE SEP 1    137                       100     37       92
  SINCE JUL 1    186                       130     56      127

 COOLING
  TODAY            0                         1     -1        0
  MONTH TO DATE   46                        52     -6       75
  SINCE SEP 1     46                        52     -6       75
  SINCE JAN 1    442                       559   -117      614
..................................................................


WIND (MPH)
  RESULTANT WIND SPEED   2   RESULTANT WIND DIRECTION   E (110)
  HIGHEST WIND SPEED     9   HIGHEST WIND DIRECTION    SW (220)
  HIGHEST GUST SPEED    11   HIGHEST GUST DIRECTION     W (260)
  AVERAGE WIND SPEED     3.0


SKY COVER
  AVERAGE SKY COVER 0.5


WEATHER CONDITIONS
 THE FOLLOWING WEATHER WAS RECORDED TODAY.
  NO SIGNIFICANT WEATHER WAS OBSERVED.


RELATIVE HUMIDITY (PERCENT)
 HIGHEST    89           200 AM
 LOWEST     50           100 PM
 AVERAGE    70

..........................................................


THE MUSKEGON MI CLIMATE NORMALS FOR TOMORROW
                         NORMAL    RECORD    YEAR
 MAXIMUM TEMPERATURE (F)   67        86      1920
 MINIMUM TEMPERATURE (F)   49        28      1947


SUNRISE AND SUNSET
SEPTEMBER 25 2014.....SUNRISE   735 AM EDT   SUNSET   737 PM EDT
SEPTEMBER 26 2014.....SUNRISE   737 AM EDT   SUNSET   735 PM EDT


-  INDICATES NEGATIVE NUMBERS.
R  INDICATES RECORD WAS SET OR TIED.
MM INDICATES DATA IS MISSING.
T  INDICATES TRACE AMOUNT.




$$

63
