000
CDUS43 KGRR 140521
CLIMKG


CLIMATE REPORT
NATIONAL WEATHER SERVICE GRAND RAPIDS, MI
1221 AM EST TUE NOV 14 2017


...................................

...THE MUSKEGON MI CLIMATE SUMMARY FOR NOVEMBER 13 2017...

CLIMATE NORMAL PERIOD 1981 TO 2010
CLIMATE RECORD PERIOD 1896 TO 2017


WEATHER ITEM   OBSERVED TIME   RECORD YEAR NORMAL DEPARTURE LAST
                VALUE   (LST)  VALUE       VALUE  FROM      YEAR
                                                  NORMAL
..................................................................
TEMPERATURE (F)
 YESTERDAY
  MAXIMUM         44   1009 AM  67    1909  48     -4       53
  MINIMUM         31   1127 PM  11    1911  35     -4       47
  AVERAGE         38                        41     -3       50

PRECIPITATION (IN)
  YESTERDAY        0.00          1.98 1958   0.12  -0.12     0.00
  MONTH TO DATE    0.45                      1.48  -1.03     0.31
  SINCE SEP 1     10.52                      8.48   2.04    10.01
  SINCE JAN 1     31.68                     29.06   2.62    35.16

SNOWFALL (IN)
  YESTERDAY        0.0           6.3  2014   0.1   -0.1      0.0
  MONTH TO DATE    T                         1.2   -1.2      0.0
  SINCE SEP 1      T                         1.4   -1.4      0.0
  SINCE JUL 1      T                         1.4   -1.4      0.0
  SNOW DEPTH       0

DEGREE DAYS
 HEATING
  YESTERDAY       27                        24      3       15
  MONTH TO DATE  339                       282     57      186
  SINCE SEP 1    725                       875   -150      529
  SINCE JUL 1    738                       905   -167      538

 COOLING
  YESTERDAY        0                         0      0        0
  MONTH TO DATE    0                         0      0        0
  SINCE SEP 1    121                        59     62      110
  SINCE JAN 1    615                       566     49      774
..................................................................


WIND (MPH)
  RESULTANT WIND SPEED   3   RESULTANT WIND DIRECTION   W (280)
  HIGHEST WIND SPEED    17   HIGHEST WIND DIRECTION     W (280)
  HIGHEST GUST SPEED    21   HIGHEST GUST DIRECTION     W (280)
  AVERAGE WIND SPEED     4.1


SKY COVER
  AVERAGE SKY COVER 0.8


WEATHER CONDITIONS
 THE FOLLOWING WEATHER WAS RECORDED YESTERDAY.
  FOG
  HAZE


RELATIVE HUMIDITY (PERCENT)
 HIGHEST    85          1200 AM
 LOWEST     60           100 PM
 AVERAGE    73

..........................................................


THE MUSKEGON MI CLIMATE NORMALS FOR TODAY
                         NORMAL    RECORD    YEAR
 MAXIMUM TEMPERATURE (F)   47        64      1964
                                             1956
 MINIMUM TEMPERATURE (F)   35        15      1995
                                             1905


SUNRISE AND SUNSET
NOVEMBER 14 2017......SUNRISE   737 AM EST   SUNSET   522 PM EST
NOVEMBER 15 2017......SUNRISE   738 AM EST   SUNSET   521 PM EST


-  INDICATES NEGATIVE NUMBERS.
R  INDICATES RECORD WAS SET OR TIED.
MM INDICATES DATA IS MISSING.
T  INDICATES TRACE AMOUNT.




$$
