000
CDUS43 KGRR 020554
CLIMKG


CLIMATE REPORT
NATIONAL WEATHER SERVICE GRAND RAPIDS, MI
1253 AM EST FRI DEC 2 2016


...................................

...THE MUSKEGON MI CLIMATE SUMMARY FOR DECEMBER 1 2016...

CLIMATE NORMAL PERIOD 1981 TO 2010
CLIMATE RECORD PERIOD 1896 TO 2016


WEATHER ITEM   OBSERVED TIME   RECORD YEAR NORMAL DEPARTURE LAST
                VALUE   (LST)  VALUE       VALUE  FROM      YEAR
                                                  NORMAL
..................................................................
TEMPERATURE (F)
 YESTERDAY
  MAXIMUM         44    356 PM  60    1970  40      4       46
  MINIMUM         37    513 AM  10    1905  29      8       37
                                      1896
  AVERAGE         41                        34      7       42

PRECIPITATION (IN)
  YESTERDAY        0.09          0.71 1985   0.10  -0.01     0.45
  MONTH TO DATE    0.09                      0.10  -0.01     0.45
  SINCE DEC 1      0.09                      0.10  -0.01     0.45
  SINCE JAN 1     37.42                     31.04   6.38    31.94

SNOWFALL (IN)
  YESTERDAY        0.0           6.2  2006   0.6   -0.6      0.0
  MONTH TO DATE    0.0                       0.6   -0.6      0.0
  SINCE DEC 1      0.0                       0.6   -0.6      0.0
  SINCE JUL 1      1.0                       6.8   -5.8      3.9
  SNOW DEPTH       0

DEGREE DAYS
 HEATING
  YESTERDAY       24                        31     -7       23
  MONTH TO DATE   24                        31     -7       23
  SINCE DEC 1     24                        31     -7       23
  SINCE JUL 1    929                      1398   -469     1090

 COOLING
  YESTERDAY        0                         0      0        0
  MONTH TO DATE    0                         0      0        0
  SINCE DEC 1      0                         0      0        0
  SINCE JAN 1    774                       566    208      570
..................................................................


WIND (MPH)
  RESULTANT WIND SPEED  12   RESULTANT WIND DIRECTION   W (280)
  HIGHEST WIND SPEED    22   HIGHEST WIND DIRECTION     W (260)
  HIGHEST GUST SPEED    28   HIGHEST GUST DIRECTION     W (260)
  AVERAGE WIND SPEED    13.0


SKY COVER
  AVERAGE SKY COVER 1.0


WEATHER CONDITIONS
 THE FOLLOWING WEATHER WAS RECORDED YESTERDAY.
  RAIN
  LIGHT RAIN
  FOG


RELATIVE HUMIDITY (PERCENT)
 HIGHEST    85           600 AM
 LOWEST     65           400 PM
 AVERAGE    75

..........................................................


THE MUSKEGON MI CLIMATE NORMALS FOR TODAY
                         NORMAL    RECORD    YEAR
 MAXIMUM TEMPERATURE (F)   39        64      1982
 MINIMUM TEMPERATURE (F)   29        -2      1976


SUNRISE AND SUNSET
DECEMBER  2 2016......SUNRISE   759 AM EST   SUNSET   510 PM EST
DECEMBER  3 2016......SUNRISE   800 AM EST   SUNSET   510 PM EST


-  INDICATES NEGATIVE NUMBERS.
R  INDICATES RECORD WAS SET OR TIED.
MM INDICATES DATA IS MISSING.
T  INDICATES TRACE AMOUNT.




$$
