572
CDUS43 KGRR 132137
CLIMKG


CLIMATE REPORT
NATIONAL WEATHER SERVICE GRAND RAPIDS, MI
536 PM EDT WED MAY 13 2015


...................................

...THE MUSKEGON MI CLIMATE SUMMARY FOR MAY 13 2015...
VALID TODAY AS OF 0500 PM LOCAL TIME.

CLIMATE NORMAL PERIOD 1981 TO 2010
CLIMATE RECORD PERIOD 1896 TO 2015


WEATHER ITEM   OBSERVED TIME   RECORD YEAR NORMAL DEPARTURE LAST
                VALUE   (LST)  VALUE       VALUE  FROM      YEAR
                                                  NORMAL
..................................................................
TEMPERATURE (F)
 TODAY
  MAXIMUM         56   1241 PM  84    1982  66    -10       66
  MINIMUM         39    429 AM  25    1996  46     -7       48
  AVERAGE         48                        56     -8       57

PRECIPITATION (IN)
  TODAY            0.00          1.87 1978   0.11  -0.11     0.05
  MONTH TO DATE    1.93                      1.34   0.59     2.77
  SINCE MAR 1      7.78                      6.50   1.28     7.22
  SINCE JAN 1     11.07                     10.36   0.71    12.35

SNOWFALL (IN)
  TODAY            0.0           0.0    MM   0.0    0.0      0.0
  MONTH TO DATE    0.0                       0.0    0.0      0.0
  SINCE MAR 1      4.0                      11.3   -7.3      9.1
  SINCE JUL 1     92.1                      93.7   -1.6    132.7
  SNOW DEPTH       0

DEGREE DAYS
 HEATING
  TODAY           17                        10      7        8
  MONTH TO DATE   90                       147    -57      131
  SINCE MAR 1   1632                      1633     -1     1896
  SINCE JUL 1   6757                      6365    392     7036

 COOLING
  TODAY            0                         1     -1        0
  MONTH TO DATE   12                         5      7        7
  SINCE MAR 1     12                         9      3        7
  SINCE JAN 1     12                         9      3        7
..................................................................


WIND (MPH)
  RESULTANT WIND SPEED   8   RESULTANT WIND DIRECTION   N (340)
  HIGHEST WIND SPEED    16   HIGHEST WIND DIRECTION     N (340)
  HIGHEST GUST SPEED    23   HIGHEST GUST DIRECTION     W (260)
  AVERAGE WIND SPEED     9.1


SKY COVER
  AVERAGE SKY COVER 0.6


WEATHER CONDITIONS
 THE FOLLOWING WEATHER WAS RECORDED TODAY.
  NO SIGNIFICANT WEATHER WAS OBSERVED.


RELATIVE HUMIDITY (PERCENT)
 HIGHEST    79           500 AM
 LOWEST     50           400 PM
 AVERAGE    65

..........................................................


THE MUSKEGON MI CLIMATE NORMALS FOR TOMORROW
                         NORMAL    RECORD    YEAR
 MAXIMUM TEMPERATURE (F)   66        89      1982
 MINIMUM TEMPERATURE (F)   46        28      1936


SUNRISE AND SUNSET
MAY 13 2015...........SUNRISE   624 AM EDT   SUNSET   859 PM EDT
MAY 14 2015...........SUNRISE   623 AM EDT   SUNSET   901 PM EDT


-  INDICATES NEGATIVE NUMBERS.
R  INDICATES RECORD WAS SET OR TIED.
MM INDICATES DATA IS MISSING.
T  INDICATES TRACE AMOUNT.




$$

JAM
