000
CDUS43 KGRR 160540
CLIMKG


CLIMATE REPORT
NATIONAL WEATHER SERVICE GRAND RAPIDS, MI
1240 AM EST FRI FEB 16 2018


...................................

...THE MUSKEGON MI CLIMATE SUMMARY FOR FEBRUARY 15 2018...

CLIMATE NORMAL PERIOD 1981 TO 2010
CLIMATE RECORD PERIOD 1896 TO 2018


WEATHER ITEM   OBSERVED TIME   RECORD YEAR NORMAL DEPARTURE LAST
                VALUE   (LST)  VALUE       VALUE  FROM      YEAR
                                                  NORMAL
..................................................................
TEMPERATURE (F)
 YESTERDAY
  MAXIMUM         40    436 PM  56    1954  33      7       33
  MINIMUM         35   1159 PM -12    1901  21     14       26
  AVERAGE         38                        27     11       30

PRECIPITATION (IN)
  YESTERDAY        0.00          0.43 1992   0.06  -0.06      T
  MONTH TO DATE    1.39                      0.90   0.49     0.16
  SINCE DEC 1      7.08                      5.48   1.60     5.41
  SINCE JAN 1      4.31                      2.93   1.38     3.19

SNOWFALL (IN)
  YESTERDAY        0.0           5.2  1990   0.7   -0.7       T
  MONTH TO DATE   19.9                      11.3    8.6      0.3
  SINCE DEC 1     90.6                      68.2   22.4     40.7
  SINCE JUL 1     90.6                      74.4   16.2     41.7
  SNOW DEPTH       6

DEGREE DAYS
 HEATING
  YESTERDAY       27                        38    -11       35
  MONTH TO DATE  642                       586     56      518
  SINCE DEC 1   2998                      2891    107     2656
  SINCE JUL 1   4157                      4258   -101     3561

 COOLING
  YESTERDAY        0                         0      0        0
  MONTH TO DATE    0                         0      0        0
  SINCE DEC 1      0                         0      0        0
  SINCE JAN 1      0                         0      0        0
..................................................................


WIND (MPH)
  RESULTANT WIND SPEED   8   RESULTANT WIND DIRECTION  SW (230)
  HIGHEST WIND SPEED    21   HIGHEST WIND DIRECTION    SW (220)
  HIGHEST GUST SPEED    26   HIGHEST GUST DIRECTION    SW (220)
  AVERAGE WIND SPEED    10.5


SKY COVER
  AVERAGE SKY COVER 1.0


WEATHER CONDITIONS
 THE FOLLOWING WEATHER WAS RECORDED YESTERDAY.
  FOG
  FOG W/VISIBILITY <= 1/4 MILE
  HAZE


RELATIVE HUMIDITY (PERCENT)
 HIGHEST   100           900 AM
 LOWEST     76          1100 PM
 AVERAGE    88

..........................................................


THE MUSKEGON MI CLIMATE NORMALS FOR TODAY
                         NORMAL    RECORD    YEAR
 MAXIMUM TEMPERATURE (F)   33        51      1921
 MINIMUM TEMPERATURE (F)   21       -18      1904


SUNRISE AND SUNSET
FEBRUARY 16 2018......SUNRISE   741 AM EST   SUNSET   617 PM EST
FEBRUARY 17 2018......SUNRISE   740 AM EST   SUNSET   619 PM EST


-  INDICATES NEGATIVE NUMBERS.
R  INDICATES RECORD WAS SET OR TIED.
MM INDICATES DATA IS MISSING.
T  INDICATES TRACE AMOUNT.




$$
