000
CDUS43 KGRR 172233
CLIMKG


CLIMATE REPORT
NATIONAL WEATHER SERVICE GRAND RAPIDS, MI
532 PM EST MON NOV 17 2014


...................................

...THE MUSKEGON MI CLIMATE SUMMARY FOR NOVEMBER 17 2014...
VALID TODAY AS OF 0500 PM LOCAL TIME.

CLIMATE NORMAL PERIOD 1981 TO 2010
CLIMATE RECORD PERIOD 1896 TO 2014


WEATHER ITEM   OBSERVED TIME   RECORD YEAR NORMAL DEPARTURE LAST
                VALUE   (LST)  VALUE       VALUE  FROM      YEAR
                                                  NORMAL
..................................................................
TEMPERATURE (F)
 TODAY
  MAXIMUM         32   1257 AM  71    1958  46    -14       67
  MINIMUM         20    459 PM   9    1959  34    -14       46
  AVERAGE         26                        40    -14       57

PRECIPITATION (IN)
  TODAY            0.02          1.91 1952   0.11  -0.09     1.19
  MONTH TO DATE    1.57                      1.95  -0.38     2.94
  SINCE SEP 1      7.67                      8.95  -1.28     9.36
  SINCE JAN 1     34.28                     29.53   4.75    40.61

SNOWFALL (IN)
  TODAY            0.8           5.8  2008   0.2    0.6      0.0
  MONTH TO DATE   12.0                       1.9   10.1      0.1
  SINCE SEP 1     12.0                       2.1    9.9      0.1
  SINCE JUL 1     12.0                       2.1    9.9      0.1
  SNOW DEPTH       6

DEGREE DAYS
 HEATING
  TODAY           39                        25     14        8
  MONTH TO DATE  435                       381     54      339
  SINCE SEP 1   1007                       974     33      812
  SINCE JUL 1   1056                      1004     52      847

 COOLING
  TODAY            0                         0      0        0
  MONTH TO DATE    0                         0      0        0
  SINCE SEP 1     46                        59    -13       87
  SINCE JAN 1    442                       566   -124      626
..................................................................


WIND (MPH)
  RESULTANT WIND SPEED  13   RESULTANT WIND DIRECTION   W (270)
  HIGHEST WIND SPEED    24   HIGHEST WIND DIRECTION     W (270)
  HIGHEST GUST SPEED    34   HIGHEST GUST DIRECTION     W (260)
  AVERAGE WIND SPEED    13.5


SKY COVER
  AVERAGE SKY COVER 0.9


WEATHER CONDITIONS
 THE FOLLOWING WEATHER WAS RECORDED TODAY.
  HEAVY SNOW
  SNOW
  LIGHT SNOW
  HAZE
  BLOWING SNOW


RELATIVE HUMIDITY (PERCENT)
 HIGHEST    77           400 PM
 LOWEST     57           500 AM
 AVERAGE    67

..........................................................


THE MUSKEGON MI CLIMATE NORMALS FOR TOMORROW
                         NORMAL    RECORD    YEAR
 MAXIMUM TEMPERATURE (F)   45        71      1958
 MINIMUM TEMPERATURE (F)   33        15      1932


SUNRISE AND SUNSET
NOVEMBER 17 2014......SUNRISE   740 AM EST   SUNSET   519 PM EST
NOVEMBER 18 2014......SUNRISE   742 AM EST   SUNSET   518 PM EST


-  INDICATES NEGATIVE NUMBERS.
R  INDICATES RECORD WAS SET OR TIED.
MM INDICATES DATA IS MISSING.
T  INDICATES TRACE AMOUNT.




$$

JAM
