000
CDUS43 KGRR 140558
CLIMKG


CLIMATE REPORT
NATIONAL WEATHER SERVICE GRAND RAPIDS, MI
1257 AM EST WED FEB 14 2018


...................................

...THE MUSKEGON MI CLIMATE SUMMARY FOR FEBRUARY 13 2018...

CLIMATE NORMAL PERIOD 1981 TO 2010
CLIMATE RECORD PERIOD 1896 TO 2018


WEATHER ITEM   OBSERVED TIME   RECORD YEAR NORMAL DEPARTURE LAST
                VALUE   (LST)  VALUE       VALUE  FROM      YEAR
                                                  NORMAL
..................................................................
TEMPERATURE (F)
 YESTERDAY
  MAXIMUM         30    519 PM  51    1984  33     -3       41
  MINIMUM          3    724 AM -22    1899  21    -18       31
  AVERAGE         17                        27    -10       36

PRECIPITATION (IN)
  YESTERDAY        0.00          1.63 1938   0.07  -0.07     0.00
  MONTH TO DATE    1.39                      0.78   0.61     0.16
  SINCE DEC 1      7.08                      5.36   1.72     5.41
  SINCE JAN 1      4.31                      2.81   1.50     3.19

SNOWFALL (IN)
  YESTERDAY        0.0           4.0  1936   0.7   -0.7      0.0
                                      1917
  MONTH TO DATE   19.9                       9.9   10.0      0.3
  SINCE DEC 1     90.6                      66.8   23.8     40.7
  SINCE JUL 1     90.6                      73.0   17.6     41.7
  SNOW DEPTH      11

DEGREE DAYS
 HEATING
  YESTERDAY       48                        38     10       29
  MONTH TO DATE  586                       510     76      457
  SINCE DEC 1   2942                      2815    127     2595
  SINCE JUL 1   4101                      4182    -81     3500

 COOLING
  YESTERDAY        0                         0      0        0
  MONTH TO DATE    0                         0      0        0
  SINCE DEC 1      0                         0      0        0
  SINCE JAN 1      0                         0      0        0
..................................................................


WIND (MPH)
  RESULTANT WIND SPEED   6   RESULTANT WIND DIRECTION  SE (140)
  HIGHEST WIND SPEED    14   HIGHEST WIND DIRECTION     S (160)
  HIGHEST GUST SPEED    20   HIGHEST GUST DIRECTION     S (170)
  AVERAGE WIND SPEED     6.5


SKY COVER
  AVERAGE SKY COVER 0.6


WEATHER CONDITIONS
 THE FOLLOWING WEATHER WAS RECORDED YESTERDAY.
  NO SIGNIFICANT WEATHER WAS OBSERVED.


RELATIVE HUMIDITY (PERCENT)
 HIGHEST    80          1200 AM
 LOWEST     46           200 PM
 AVERAGE    63

..........................................................


THE MUSKEGON MI CLIMATE NORMALS FOR TODAY
                         NORMAL    RECORD    YEAR
 MAXIMUM TEMPERATURE (F)   33        56      1954
 MINIMUM TEMPERATURE (F)   21       -11      1902


SUNRISE AND SUNSET
FEBRUARY 14 2018......SUNRISE   744 AM EST   SUNSET   615 PM EST
FEBRUARY 15 2018......SUNRISE   743 AM EST   SUNSET   616 PM EST


-  INDICATES NEGATIVE NUMBERS.
R  INDICATES RECORD WAS SET OR TIED.
MM INDICATES DATA IS MISSING.
T  INDICATES TRACE AMOUNT.




$$
