000
CDUS43 KGRR 221443
CLIMKG


CLIMATE REPORT
NATIONAL WEATHER SERVICE GRAND RAPIDS, MI
942 AM EST SAT NOV 22 2014


...................................

...THE MUSKEGON MI CLIMATE SUMMARY FOR NOVEMBER 22 2014...
VALID AS OF 0900 AM LOCAL TIME.

CLIMATE NORMAL PERIOD 1981 TO 2010
CLIMATE RECORD PERIOD 1896 TO 2014


WEATHER ITEM   OBSERVED TIME   RECORD YEAR NORMAL DEPARTURE LAST
                VALUE   (LST)  VALUE       VALUE  FROM      YEAR
                                                  NORMAL
..................................................................
TEMPERATURE (F)
 TODAY
  MAXIMUM         40    859 AM  67    1934  44     -4       44
  MINIMUM         27   1216 AM  14    1971  32     -5       26
  AVERAGE         34                        38     -4       35

PRECIPITATION (IN)
  TODAY            0.23          1.20 1909   0.12   0.11      T
  MONTH TO DATE    2.11                      2.51  -0.40     3.06
  SINCE SEP 1      8.21                      9.51  -1.30     9.48
  SINCE JAN 1     34.82                     30.09   4.73    40.73

SNOWFALL (IN)
  TODAY            0.0           6.0  1909   0.3   -0.3       T
  MONTH TO DATE   19.7                       3.1   16.6      0.1
  SINCE SEP 1     19.7                       3.3   16.4      0.1
  SINCE JUL 1     19.7                       3.3   16.4      0.1
  SNOW DEPTH       4

DEGREE DAYS
 HEATING
  TODAY           31                        27      4       30
  MONTH TO DATE  633                       513    120      471
  SINCE SEP 1   1205                      1106     99      944
  SINCE JUL 1   1254                      1136    118      979

 COOLING
  TODAY            0                         0      0        0
  MONTH TO DATE    0                         0      0        0
  SINCE SEP 1     46                        59    -13       87
  SINCE JAN 1    442                       566   -124      626
..................................................................


WIND (MPH)
  HIGHEST WIND SPEED    24   HIGHEST WIND DIRECTION    SW (210)
  HIGHEST GUST SPEED    33   HIGHEST GUST DIRECTION    SW (210)



WEATHER CONDITIONS
 THE FOLLOWING WEATHER WAS RECORDED TODAY.
  RAIN
  LIGHT RAIN
  FOG


..........................................................




SUNRISE AND SUNSET
NOVEMBER 22 2014......SUNRISE   746 AM EST   SUNSET   515 PM EST
NOVEMBER 23 2014......SUNRISE   748 AM EST   SUNSET   515 PM EST


-  INDICATES NEGATIVE NUMBERS.
R  INDICATES RECORD WAS SET OR TIED.
MM INDICATES DATA IS MISSING.
T  INDICATES TRACE AMOUNT.




$$

CAS
