000
CDUS43 KGRR 180514
CLIMKG


CLIMATE REPORT
NATIONAL WEATHER SERVICE GRAND RAPIDS, MI
114 AM EDT THU SEP 18 2014


...................................

...THE MUSKEGON MI CLIMATE SUMMARY FOR SEPTEMBER 17 2014...

CLIMATE NORMAL PERIOD 1981 TO 2010
CLIMATE RECORD PERIOD 1896 TO 2014


WEATHER ITEM   OBSERVED TIME   RECORD YEAR NORMAL DEPARTURE LAST
                VALUE   (LST)  VALUE       VALUE  FROM      YEAR
                                                  NORMAL
..................................................................
TEMPERATURE (F)
 YESTERDAY
  MAXIMUM         67    214 PM  88    1955  71     -4       69
  MINIMUM         41    646 AM  36    1990  52    -11       40
                                      1959
  AVERAGE         54                        62     -8       55

PRECIPITATION (IN)
  YESTERDAY        0.00          1.60 1987   0.14  -0.14     0.00
  MONTH TO DATE    2.81                      2.16   0.65     0.92
  SINCE SEP 1      2.81                      2.16   0.65     0.92
  SINCE JAN 1     29.42                     22.74   6.68    32.17

SNOWFALL (IN)
  YESTERDAY        0.0          MM      MM   0.0    0.0      0.0
  MONTH TO DATE    0.0                       0.0    0.0      0.0
  SINCE SEP 1      0.0                       0.0    0.0      0.0
  SINCE JUL 1      0.0                       0.0    0.0      0.0
  SNOW DEPTH       0

DEGREE DAYS
 HEATING
  YESTERDAY       11                         5      6       10
  MONTH TO DATE   91                        51     40       47
  SINCE SEP 1     91                        51     40       47
  SINCE JUL 1    140                        81     59       82

 COOLING
  YESTERDAY        0                         1     -1        0
  MONTH TO DATE   44                        44      0       66
  SINCE SEP 1     44                        44      0       66
  SINCE JAN 1    440                       551   -111      605
..................................................................


WIND (MPH)
  RESULTANT WIND SPEED   3   RESULTANT WIND DIRECTION  SW (230)
  HIGHEST WIND SPEED    14   HIGHEST WIND DIRECTION     W (280)
  HIGHEST GUST SPEED    19   HIGHEST GUST DIRECTION    SW (240)
  AVERAGE WIND SPEED     5.4


SKY COVER
  AVERAGE SKY COVER 0.3


WEATHER CONDITIONS
 THE FOLLOWING WEATHER WAS RECORDED YESTERDAY.
  NO SIGNIFICANT WEATHER WAS OBSERVED.


RELATIVE HUMIDITY (PERCENT)
 HIGHEST    89           100 AM
 LOWEST     52          1200 PM
 AVERAGE    71

..........................................................


THE MUSKEGON MI CLIMATE NORMALS FOR TODAY
                         NORMAL    RECORD    YEAR
 MAXIMUM TEMPERATURE (F)   71        86      1906
 MINIMUM TEMPERATURE (F)   52        34      1995
                                             1973
                                             1959


SUNRISE AND SUNSET
SEPTEMBER 18 2014.....SUNRISE   728 AM EDT   SUNSET   750 PM EDT
SEPTEMBER 19 2014.....SUNRISE   729 AM EDT   SUNSET   748 PM EDT


-  INDICATES NEGATIVE NUMBERS.
R  INDICATES RECORD WAS SET OR TIED.
MM INDICATES DATA IS MISSING.
T  INDICATES TRACE AMOUNT.




$$
