000
CDUS43 KGRR 070527
CLIMKG


CLIMATE REPORT
NATIONAL WEATHER SERVICE GRAND RAPIDS, MI
1223 AM EST SUN FEB 7 2016


...................................

...THE MUSKEGON MI CLIMATE SUMMARY FOR FEBRUARY 6 2016...

CLIMATE NORMAL PERIOD 1981 TO 2010
CLIMATE RECORD PERIOD 1896 TO 2016


WEATHER ITEM   OBSERVED TIME   RECORD YEAR NORMAL DEPARTURE LAST
                VALUE   (LST)  VALUE       VALUE  FROM      YEAR
                                                  NORMAL
..................................................................
TEMPERATURE (F)
 YESTERDAY
  MAXIMUM         36   1159 PM  50    1946  31      5       30
  MINIMUM         22    300 AM -15    1899  20      2       21
  AVERAGE         29                        26      3       26

PRECIPITATION (IN)
  YESTERDAY        0.00          0.99 2008   0.06  -0.06     0.00
  MONTH TO DATE    1.30                      0.34   0.96     0.56
  SINCE DEC 1      8.66                      4.92   3.74     4.00
  SINCE JAN 1      3.76                      2.37   1.39     2.28

SNOWFALL (IN)
  YESTERDAY        0.0           8.8  2008   0.8   -0.8      0.0
                                      1962
  MONTH TO DATE    0.6                       4.9   -4.3      7.8
  SINCE DEC 1     42.7                      61.8  -19.1     41.7
  SINCE JUL 1     46.6                      68.0  -21.4     66.2
  SNOW DEPTH       2

DEGREE DAYS
 HEATING
  YESTERDAY       36                        39     -3       39
  MONTH TO DATE  204                       238    -34      271
  SINCE DEC 1   2144                      2543   -399     2545
  SINCE JUL 1   3211                      3910   -699     4028

 COOLING
  YESTERDAY        0                         0      0        0
  MONTH TO DATE    0                         0      0        0
  SINCE DEC 1      0                         0      0        0
  SINCE JAN 1      0                         0      0        0
..................................................................


WIND (MPH)
  RESULTANT WIND SPEED   8   RESULTANT WIND DIRECTION  SW (230)
  HIGHEST WIND SPEED    20   HIGHEST WIND DIRECTION    SW (240)
  HIGHEST GUST SPEED    23   HIGHEST GUST DIRECTION    SW (240)
  AVERAGE WIND SPEED     9.8


SKY COVER
  AVERAGE SKY COVER 0.9


WEATHER CONDITIONS
 THE FOLLOWING WEATHER WAS RECORDED YESTERDAY.
  FOG
  HAZE


RELATIVE HUMIDITY (PERCENT)
 HIGHEST    85          1100 PM
 LOWEST     56          1000 AM
 AVERAGE    71

..........................................................


THE MUSKEGON MI CLIMATE NORMALS FOR TODAY
                         NORMAL    RECORD    YEAR
 MAXIMUM TEMPERATURE (F)   31        49      1928
                                             1925
 MINIMUM TEMPERATURE (F)   20       -11      1905


SUNRISE AND SUNSET
FEBRUARY  7 2016......SUNRISE   754 AM EST   SUNSET   605 PM EST
FEBRUARY  8 2016......SUNRISE   753 AM EST   SUNSET   606 PM EST


-  INDICATES NEGATIVE NUMBERS.
R  INDICATES RECORD WAS SET OR TIED.
MM INDICATES DATA IS MISSING.
T  INDICATES TRACE AMOUNT.




$$
