000
CDUS43 KGRR 080530
CLIMKG


CLIMATE REPORT
NATIONAL WEATHER SERVICE GRAND RAPIDS, MI
130 AM EDT TUE APR 8 2014


...................................

...THE MUSKEGON MI CLIMATE SUMMARY FOR APRIL 7 2014...

CLIMATE NORMAL PERIOD 1981 TO 2010
CLIMATE RECORD PERIOD 1895 TO 2014


WEATHER ITEM   OBSERVED TIME   RECORD YEAR NORMAL DEPARTURE LAST
                VALUE   (LST)  VALUE       VALUE  FROM      YEAR
                                                  NORMAL
..................................................................
TEMPERATURE (F)
 YESTERDAY
  MAXIMUM         59    345 PM  77    2001  52      7       53
  MINIMUM         33    552 AM   1    1982  34     -1       33
  AVERAGE         46                        43      3       43

PRECIPITATION (IN)
  YESTERDAY        0.00          1.40 1909   0.10  -0.10     0.07
  MONTH TO DATE    0.48                      0.65  -0.17     0.11
  SINCE MAR 1      2.15                      2.90  -0.75     1.36
  SINCE JAN 1      7.28                      6.76   0.52    10.80

SNOWFALL (IN)
  YESTERDAY        0.0           5.3  1956   0.1   -0.1      0.0
  MONTH TO DATE    T                         1.1   -1.1       T
  SINCE MAR 1      7.5                      10.1   -2.6      5.7
  SINCE JUL 1    131.1                      92.5   38.6     98.6
  SNOW DEPTH       0

DEGREE DAYS
 HEATING
  YESTERDAY       19                        22     -3       22
  MONTH TO DATE  177                       161     16      195
  SINCE MAR 1   1365                      1091    274     1229
  SINCE JUL 1   6505                      5823    682     5651

 COOLING
  YESTERDAY        0                         0      0        0
  MONTH TO DATE    0                         0      0        0
  SINCE MAR 1      0                         0      0        0
  SINCE JAN 1      0                         0      0        0
..................................................................


WIND (MPH)
  RESULTANT WIND SPEED   3   RESULTANT WIND DIRECTION  NE (50)
  HIGHEST WIND SPEED    15   HIGHEST WIND DIRECTION     E (100)
  HIGHEST GUST SPEED    20   HIGHEST GUST DIRECTION    NE (60)
  AVERAGE WIND SPEED     5.7


SKY COVER
  AVERAGE SKY COVER 0.7


WEATHER CONDITIONS
 THE FOLLOWING WEATHER WAS RECORDED YESTERDAY.
  NO SIGNIFICANT WEATHER WAS OBSERVED.


RELATIVE HUMIDITY (PERCENT)
 HIGHEST    82           500 AM
 LOWEST     24           400 PM
 AVERAGE    53

..........................................................


THE MUSKEGON MI CLIMATE NORMALS FOR TODAY
                         NORMAL    RECORD    YEAR
 MAXIMUM TEMPERATURE (F)   53        78      1969
 MINIMUM TEMPERATURE (F)   35         4      1982


SUNRISE AND SUNSET
APRIL  8 2014.........SUNRISE   715 AM EDT   SUNSET   820 PM EDT
APRIL  9 2014.........SUNRISE   713 AM EDT   SUNSET   821 PM EDT


-  INDICATES NEGATIVE NUMBERS.
R  INDICATES RECORD WAS SET OR TIED.
MM INDICATES DATA IS MISSING.
T  INDICATES TRACE AMOUNT.




$$
