000
CDUS43 KGRR 230533
CLIMKG


CLIMATE REPORT
NATIONAL WEATHER SERVICE GRAND RAPIDS, MI
133 AM EDT THU JUL 23 2015


...................................

...THE MUSKEGON MI CLIMATE SUMMARY FOR JULY 22 2015...

CLIMATE NORMAL PERIOD 1981 TO 2010
CLIMATE RECORD PERIOD 1896 TO 2015


WEATHER ITEM   OBSERVED TIME   RECORD YEAR NORMAL DEPARTURE LAST
                VALUE   (LST)  VALUE       VALUE  FROM      YEAR
                                                  NORMAL
..................................................................
TEMPERATURE (F)
 YESTERDAY
  MAXIMUM         80   1117 AM  93    1901  81     -1       85
  MINIMUM         57    512 AM  46    1947  62     -5       67
  AVERAGE         69                        71     -2       76

PRECIPITATION (IN)
  YESTERDAY        0.00          1.39 2010   0.08  -0.08     1.21
  MONTH TO DATE    5.05                      1.60   3.45     3.70
  SINCE JUN 1      8.35                      4.15   4.20    10.72
  SINCE JAN 1     20.78                     16.42   4.36    24.02

SNOWFALL (IN)
  YESTERDAY        0.0          MM      MM   0.0    0.0      0.0
  MONTH TO DATE    0.0                       0.0    0.0      0.0
  SINCE JUN 1      0.0                       0.0    0.0      0.0
  SINCE JUL 1      0.0                       0.0    0.0      0.0
  SNOW DEPTH       0

DEGREE DAYS
 HEATING
  YESTERDAY        0                         0      0        0
  MONTH TO DATE   15                         4     11       15
  SINCE JUN 1     48                        70    -22       46
  SINCE JUL 1     15                         4     11       15

 COOLING
  YESTERDAY        4                         7     -3       11
  MONTH TO DATE   82                       145    -63       60
  SINCE JUN 1    145                       250   -105      195
  SINCE JAN 1    184                       279    -95      212
..................................................................


WIND (MPH)
  RESULTANT WIND SPEED   2   RESULTANT WIND DIRECTION  SW (240)
  HIGHEST WIND SPEED    10   HIGHEST WIND DIRECTION     W (260)
  HIGHEST GUST SPEED    13   HIGHEST GUST DIRECTION     W (270)
  AVERAGE WIND SPEED     3.2


SKY COVER
  AVERAGE SKY COVER 0.5


WEATHER CONDITIONS
 THE FOLLOWING WEATHER WAS RECORDED YESTERDAY.
  FOG


RELATIVE HUMIDITY (PERCENT)
 HIGHEST    93           500 AM
 LOWEST     36          1000 AM
 AVERAGE    65

..........................................................


THE MUSKEGON MI CLIMATE NORMALS FOR TODAY
                         NORMAL    RECORD    YEAR
 MAXIMUM TEMPERATURE (F)   81        94      1965
 MINIMUM TEMPERATURE (F)   62        42      1921


SUNRISE AND SUNSET
JULY 23 2015..........SUNRISE   626 AM EDT   SUNSET   916 PM EDT
JULY 24 2015..........SUNRISE   627 AM EDT   SUNSET   915 PM EDT


-  INDICATES NEGATIVE NUMBERS.
R  INDICATES RECORD WAS SET OR TIED.
MM INDICATES DATA IS MISSING.
T  INDICATES TRACE AMOUNT.




$$
