000
CDUS43 KGRR 010518
CLIMKG


CLIMATE REPORT
NATIONAL WEATHER SERVICE GRAND RAPIDS, MI
118 AM EDT WED JUL 1 2015


...................................

...THE MUSKEGON MI CLIMATE SUMMARY FOR JUNE 30 2015...

CLIMATE NORMAL PERIOD 1981 TO 2010
CLIMATE RECORD PERIOD 1896 TO 2015


WEATHER ITEM   OBSERVED TIME   RECORD YEAR NORMAL DEPARTURE LAST
                VALUE   (LST)  VALUE       VALUE  FROM      YEAR
                                                  NORMAL
..................................................................
TEMPERATURE (F)
 YESTERDAY
  MAXIMUM         72    512 PM  92    1964  80     -8       83
  MINIMUM         56   1159 PM  42    1900  60     -4       65
  AVERAGE         64                        70     -6       74

PRECIPITATION (IN)
  YESTERDAY        0.18          1.71 1918   0.08   0.10     0.33
  MONTH TO DATE    3.30                      2.55   0.75     7.02
  SINCE JUN 1      3.30                      2.55   0.75     7.02
  SINCE JAN 1     15.73                     14.82   0.91    20.32

SNOWFALL (IN)
  YESTERDAY        0.0          MM      MM   0.0    0.0      0.0
  MONTH TO DATE    0.0                       0.0    0.0      0.0
  SINCE JUN 1      0.0                       0.0    0.0      0.0
  SINCE JUL 1     92.1                      93.7   -1.6    132.7
  SNOW DEPTH       0

DEGREE DAYS
 HEATING
  YESTERDAY        1                         1      0        0
  MONTH TO DATE   33                        66    -33       31
  SINCE JUN 1     33                        66    -33       31
  SINCE JUL 1   6911                      6560    351     7195

 COOLING
  YESTERDAY        0                         6     -6        9
  MONTH TO DATE   63                       105    -42      135
  SINCE JUN 1     63                       105    -42      135
  SINCE JAN 1    102                       134    -32      152
..................................................................


WIND (MPH)
  RESULTANT WIND SPEED   5   RESULTANT WIND DIRECTION  NW (320)
  HIGHEST WIND SPEED    21   HIGHEST WIND DIRECTION     N (350)
  HIGHEST GUST SPEED    27   HIGHEST GUST DIRECTION     N (350)
  AVERAGE WIND SPEED     8.1


SKY COVER
  AVERAGE SKY COVER 0.7


WEATHER CONDITIONS
 THE FOLLOWING WEATHER WAS RECORDED YESTERDAY.
  LIGHT RAIN
  FOG
  FOG W/VISIBILITY <= 1/4 MILE
  HAZE


RELATIVE HUMIDITY (PERCENT)
 HIGHEST    93          1200 PM
 LOWEST     67           800 PM
 AVERAGE    80

..........................................................


THE MUSKEGON MI CLIMATE NORMALS FOR TODAY
                         NORMAL    RECORD    YEAR
 MAXIMUM TEMPERATURE (F)   80        93      1966
                                             1963
 MINIMUM TEMPERATURE (F)   61        44      1982


SUNRISE AND SUNSET
JULY  1 2015..........SUNRISE   609 AM EDT   SUNSET   928 PM EDT
JULY  2 2015..........SUNRISE   609 AM EDT   SUNSET   928 PM EDT


-  INDICATES NEGATIVE NUMBERS.
R  INDICATES RECORD WAS SET OR TIED.
MM INDICATES DATA IS MISSING.
T  INDICATES TRACE AMOUNT.




$$
