000
CDUS43 KGRR 180520
CLIMKG


CLIMATE REPORT
NATIONAL WEATHER SERVICE GRAND RAPIDS, MI
119 AM EDT TUE APR 18 2017


...................................

...THE MUSKEGON MI CLIMATE SUMMARY FOR APRIL 17 2017...

CLIMATE NORMAL PERIOD 1981 TO 2010
CLIMATE RECORD PERIOD 1896 TO 2017


WEATHER ITEM   OBSERVED TIME   RECORD YEAR NORMAL DEPARTURE LAST
                VALUE   (LST)  VALUE       VALUE  FROM      YEAR
                                                  NORMAL
..................................................................
TEMPERATURE (F)
 YESTERDAY
  MAXIMUM         63    403 PM  81    1977  57      6       78
  MINIMUM         36    639 AM  22    1948  38     -2       45
  AVERAGE         50                        47      3       62

PRECIPITATION (IN)
  YESTERDAY        0.00          1.05 1969   0.10  -0.10     0.00
  MONTH TO DATE    2.13                      1.65   0.48     1.08
  SINCE MAR 1      4.74                      3.90   0.84     6.02
  SINCE JAN 1     10.44                      7.76   2.68    10.23

SNOWFALL (IN)
  YESTERDAY        0.0           0.6  1956   0.1   -0.1      0.0
  MONTH TO DATE    0.0                       2.1   -2.1      2.4
  SINCE MAR 1      4.5                      11.1   -6.6      7.3
  SINCE JUL 1     49.0                      93.5  -44.5     61.8
  SNOW DEPTH       0

DEGREE DAYS
 HEATING
  YESTERDAY       15                        18     -3        3
  MONTH TO DATE  274                       357    -83      407
  SINCE MAR 1   1178                      1287   -109     1182
  SINCE JUL 1   5043                      6019   -976     5202

 COOLING
  YESTERDAY        0                         0      0        0
  MONTH TO DATE    0                         0      0        0
  SINCE MAR 1      0                         0      0        0
  SINCE JAN 1      0                         0      0        0
..................................................................


WIND (MPH)
  RESULTANT WIND SPEED   2   RESULTANT WIND DIRECTION   N (20)
  HIGHEST WIND SPEED    15   HIGHEST WIND DIRECTION    NE (60)
  HIGHEST GUST SPEED    20   HIGHEST GUST DIRECTION     N (10)
  AVERAGE WIND SPEED     5.6


SKY COVER
  AVERAGE SKY COVER 0.5


WEATHER CONDITIONS
 THE FOLLOWING WEATHER WAS RECORDED YESTERDAY.
  NO SIGNIFICANT WEATHER WAS OBSERVED.


RELATIVE HUMIDITY (PERCENT)
 HIGHEST    92           500 AM
 LOWEST     39          1000 AM
 AVERAGE    66

..........................................................


THE MUSKEGON MI CLIMATE NORMALS FOR TODAY
                         NORMAL    RECORD    YEAR
 MAXIMUM TEMPERATURE (F)   57        84      2002
 MINIMUM TEMPERATURE (F)   38        20      1907


SUNRISE AND SUNSET
APRIL 18 2017.........SUNRISE   658 AM EDT   SUNSET   832 PM EDT
APRIL 19 2017.........SUNRISE   656 AM EDT   SUNSET   833 PM EDT


-  INDICATES NEGATIVE NUMBERS.
R  INDICATES RECORD WAS SET OR TIED.
MM INDICATES DATA IS MISSING.
T  INDICATES TRACE AMOUNT.




$$
